(52,'3734c831-a5fb-4b9b-92f4-1bac86047316','database','default','{\"uuid\":\"3734c831-a5fb-4b9b-92f4-1bac86047316\",\"displayName\":\"App\\\\Notifications\\\\TextJuridiqueNotification\",\"job\":\"Illuminate\\\\Queue\\\\CallQueuedHandler@call\",\"maxTries\":null,\"maxExceptions\":null,\"failOnTimeout\":false,\"backoff\":null,\"timeout\":null,\"retryUntil\":null,\"data\":{\"commandName\":\"Illuminate\\\\Notifications\\\\SendQueuedNotifications\",\"command\":\"O:48:\\\"Illuminate\\\\Notifications\\\\SendQueuedNotifications\\\":3:{s:11:\\\"notifiables\\\";O:45:\\\"Illuminate\\\\Contracts\\\\Database\\\\ModelIdentifier\\\":5:{s:5:\\\"class\\\";s:21:\\\"App\\\\Models\\\\Abonnement\\\";s:2:\\\"id\\\";a:1:{i:0;i:1;}s:9:\\\"relations\\\";a:0:{}s:10:\\\"connection\\\";s:5:\\\"mysql\\\";s:15:\\\"collectionClass\\\";N;}s:12:\\\"notification\\\";O:43:\\\"App\\\\Notifications\\\\TextJuridiqueNotification\\\":3:{s:17:\\\"\\u0000*\\u0000texteJuridique\\\";O:45:\\\"Illuminate\\\\Contracts\\\\Database\\\\ModelIdentifier\\\":5:{s:5:\\\"class\\\";s:25:\\\"App\\\\Models\\\\TexteJuridique\\\";s:2:\\\"id\\\";i:79;s:9:\\\"relations\\\";a:2:{i:0;s:9:\\\"categorie\\\";i:1;s:21:\\\"categorie.abonnements\\\";}s:10:\\\"connection\\\";s:5:\\\"mysql\\\";s:15:\\\"collectionClass\\\";N;}s:51:\\\"\\u0000App\\\\Notifications\\\\TextJuridiqueNotification\\u0000action\\\";s:5:\\\"added\\\";s:2:\\\"id\\\";s:36:\\\"c66e3b84-ae9a-465e-ba80-80fc07d86434\\\";}s:8:\\\"channels\\\";a:1:{i:0;s:4:\\\"mail\\\";}}\"}}','Symfony\\Component\\Mailer\\Exception\\TransportException: Failed to authenticate on SMTP server with username \"smtp@mailtrap.io\" using the following authenticators: \"LOGIN\", \"PLAIN\". Authenticator \"LOGIN\" returned \"Expected response code \"235\" but got code \"535\", with message \"535 5.7.8 Authentication failed\".\". Authenticator \"PLAIN\" returned \"Expected response code \"235\" but got code \"535\", with message \"535 5.7.8 Authentication failed\".\". in /var/www/html/dev/Texte-juridique/vendor/symfony/mailer/Transport/Smtp/EsmtpTransport.php:247\nStack trace:\n#0 /var/www/html/dev/Texte-juridique/vendor/symfony/mailer/Transport/Smtp/EsmtpTransport.php(177): Symfony\\Component\\Mailer\\Transport\\Smtp\\EsmtpTransport->handleAuth()\n#1 /var/www/html/dev/Texte-juridique/vendor/symfony/mailer/Transport/Smtp/EsmtpTransport.php(134): Symfony\\Component\\Mailer\\Transport\\Smtp\\EsmtpTransport->doEhloCommand()\n#2 /var/www/html/dev/Texte-juridique/vendor/symfony/mailer/Transport/Smtp/SmtpTransport.php(255): Symfony\\Component\\Mailer\\Transport\\Smtp\\EsmtpTransport->executeCommand()\n#3 /var/www/html/dev/Texte-juridique/vendor/symfony/mailer/Transport/Smtp/SmtpTransport.php(281): Symfony\\Component\\Mailer\\Transport\\Smtp\\SmtpTransport->doHeloCommand()\n#4 /var/www/html/dev/Texte-juridique/vendor/symfony/mailer/Transport/Smtp/SmtpTransport.php(211): Symfony\\Component\\Mailer\\Transport\\Smtp\\SmtpTransport->start()\n#5 /var/www/html/dev/Texte-juridique/vendor/symfony/mailer/Transport/AbstractTransport.php(69): Symfony\\Component\\Mailer\\Transport\\Smtp\\SmtpTransport->doSend()\n#6 /var/www/html/dev/Texte-juridique/vendor/symfony/mailer/Transport/Smtp/SmtpTransport.php(138): Symfony\\Component\\Mailer\\Transport\\AbstractTransport->send()\n#7 /var/www/html/dev/Texte-juridique/vendor/laravel/framework/src/Illuminate/Mail/Mailer.php(585): Symfony\\Component\\Mailer\\Transport\\Smtp\\SmtpTransport->send()\n#8 /var/www/html/dev/Texte-juridique/vendor/laravel/framework/src/Illuminate/Mail/Mailer.php(332): Illuminate\\Mail\\Mailer->sendSymfonyMessage()\n#9 /var/www/html/dev/Texte-juridique/vendor/laravel/framework/src/Illuminate/Notifications/Channels/MailChannel.php(67): Illuminate\\Mail\\Mailer->send()\n#10 /var/www/html/dev/Texte-juridique/vendor/laravel/framework/src/Illuminate/Notifications/NotificationSender.php(148): Illuminate\\Notifications\\Channels\\MailChannel->send()\n#11 /var/www/html/dev/Texte-juridique/vendor/laravel/framework/src/Illuminate/Notifications/NotificationSender.php(106): Illuminate\\Notifications\\NotificationSender->sendToNotifiable()\n#12 /var/www/html/dev/Texte-juridique/vendor/laravel/framework/src/Illuminate/Support/Traits/Localizable.php(19): Illuminate\\Notifications\\NotificationSender->Illuminate\\Notifications\\{closure}()\n#13 /var/www/html/dev/Texte-juridique/vendor/laravel/framework/src/Illuminate/Notifications/NotificationSender.php(101): Illuminate\\Notifications\\NotificationSender->withLocale()\n#14 /var/www/html/dev/Texte-juridique/vendor/laravel/framework/src/Illuminate/Notifications/ChannelManager.php(54): Illuminate\\Notifications\\NotificationSender->sendNow()\n#15 /var/www/html/dev/Texte-juridique/vendor/laravel/framework/src/Illuminate/Notifications/SendQueuedNotifications.php(119): Illuminate\\Notifications\\ChannelManager->sendNow()\n#16 /var/www/html/dev/Texte-juridique/vendor/laravel/framework/src/Illuminate/Container/BoundMethod.php(36): Illuminate\\Notifications\\SendQueuedNotifications->handle()\n#17 /var/www/html/dev/Texte-juridique/vendor/laravel/framework/src/Illuminate/Container/Util.php(43): Illuminate\\Container\\BoundMethod::Illuminate\\Container\\{closure}()\n#18 /var/www/html/dev/Texte-juridique/vendor/laravel/framework/src/Illuminate/Container/BoundMethod.php(95): Illuminate\\Container\\Util::unwrapIfClosure()\n#19 /var/www/html/dev/Texte-juridique/vendor/laravel/framework/src/Illuminate/Container/BoundMethod.php(35): Illuminate\\Container\\BoundMethod::callBoundMethod()\n#20 /var/www/html/dev/Texte-juridique/vendor/laravel/framework/src/Illuminate/Container/Container.php(696): Illuminate\\Container\\BoundMethod::call()\n#21 /var/www/html/dev/Texte-juridique/vendor/laravel/framework/src/Illuminate/Bus/Dispatcher.php(126): Illuminate\\Container\\Container->call()\n#22 /var/www/html/dev/Texte-juridique/vendor/laravel/framework/src/Illuminate/Pipeline/Pipeline.php(170): Illuminate\\Bus\\Dispatcher->Illuminate\\Bus\\{closure}()\n#23 /var/www/html/dev/Texte-juridique/vendor/laravel/framework/src/Illuminate/Pipeline/Pipeline.php(127): Illuminate\\Pipeline\\Pipeline->Illuminate\\Pipeline\\{closure}()\n#24 /var/www/html/dev/Texte-juridique/vendor/laravel/framework/src/Illuminate/Bus/Dispatcher.php(130): Illuminate\\Pipeline\\Pipeline->then()\n#25 /var/www/html/dev/Texte-juridique/vendor/laravel/framework/src/Illuminate/Queue/CallQueuedHandler.php(126): Illuminate\\Bus\\Dispatcher->dispatchNow()\n#26 /var/www/html/dev/Texte-juridique/vendor/laravel/framework/src/Illuminate/Pipeline/Pipeline.php(170): Illuminate\\Queue\\CallQueuedHandler->Illuminate\\Queue\\{closure}()\n#27 /var/www/html/dev/Texte-juridique/vendor/laravel/framework/src/Illuminate/Pipeline/Pipeline.php(127): Illuminate\\Pipeline\\Pipeline->Illuminate\\Pipeline\\{closure}()\n#28 /var/www/html/dev/Texte-juridique/vendor/laravel/framework/src/Illuminate/Queue/CallQueuedHandler.php(121): Illuminate\\Pipeline\\Pipeline->then()\n#29 /var/www/html/dev/Texte-juridique/vendor/laravel/framework/src/Illuminate/Queue/CallQueuedHandler.php(69): Illuminate\\Queue\\CallQueuedHandler->dispatchThroughMiddleware()\n#30 /var/www/html/dev/Texte-juridique/vendor/laravel/framework/src/Illuminate/Queue/Jobs/Job.php(102): Illuminate\\Queue\\CallQueuedHandler->call()\n#31 /var/www/html/dev/Texte-juridique/vendor/laravel/framework/src/Illuminate/Queue/Worker.php(442): Illuminate\\Queue\\Jobs\\Job->fire()\n#32 /var/www/html/dev/Texte-juridique/vendor/laravel/framework/src/Illuminate/Queue/Worker.php(392): Illuminate\\Queue\\Worker->process()\n#33 /var/www/html/dev/Texte-juridique/vendor/laravel/framework/src/Illuminate/Queue/Worker.php(178): Illuminate\\Queue\\Worker->runJob()\n#34 /var/www/html/dev/Texte-juridique/vendor/laravel/framework/src/Illuminate/Queue/Console/WorkCommand.php(149): Illuminate\\Queue\\Worker->daemon()\n#35 /var/www/html/dev/Texte-juridique/vendor/laravel/framework/src/Illuminate/Queue/Console/WorkCommand.php(132): Illuminate\\Queue\\Console\\WorkCommand->runWorker()\n#36 /var/www/html/dev/Texte-juridique/vendor/laravel/framework/src/Illuminate/Container/BoundMethod.php(36): Illuminate\\Queue\\Console\\WorkCommand->handle()\n#37 /var/www/html/dev/Texte-juridique/vendor/laravel/framework/src/Illuminate/Container/Util.php(43): Illuminate\\Container\\BoundMethod::Illuminate\\Container\\{closure}()\n#38 /var/www/html/dev/Texte-juridique/vendor/laravel/framework/src/Illuminate/Container/BoundMethod.php(95): Illuminate\\Container\\Util::unwrapIfClosure()\n#39 /var/www/html/dev/Texte-juridique/vendor/laravel/framework/src/Illuminate/Container/BoundMethod.php(35): Illuminate\\Container\\BoundMethod::callBoundMethod()\n#40 /var/www/html/dev/Texte-juridique/vendor/laravel/framework/src/Illuminate/Container/Container.php(696): Illuminate\\Container\\BoundMethod::call()\n#41 /var/www/html/dev/Texte-juridique/vendor/laravel/framework/src/Illuminate/Console/Command.php(213): Illuminate\\Container\\Container->call()\n#42 /var/www/html/dev/Texte-juridique/vendor/symfony/console/Command/Command.php(279): Illuminate\\Console\\Command->execute()\n#43 /var/www/html/dev/Texte-juridique/vendor/laravel/framework/src/Illuminate/Console/Command.php(182): Symfony\\Component\\Console\\Command\\Command->run()\n#44 /var/www/html/dev/Texte-juridique/vendor/symfony/console/Application.php(1094): Illuminate\\Console\\Command->run()\n#45 /var/www/html/dev/Texte-juridique/vendor/symfony/console/Application.php(342): Symfony\\Component\\Console\\Application->doRunCommand()\n#46 /var/www/html/dev/Texte-juridique/vendor/symfony/console/Application.php(193): Symfony\\Component\\Console\\Application->doRun()\n#47 /var/www/html/dev/Texte-juridique/vendor/laravel/framework/src/Illuminate/Foundation/Console/Kernel.php(198): Symfony\\Component\\Console\\Application->run()\n#48 /var/www/html/dev/Texte-juridique/vendor/laravel/framework/src/Illuminate/Foundation/Application.php(1235): Illuminate\\Foundation\\Console\\Kernel->handle()\n#49 /var/www/html/dev/Texte-juridique/artisan(13): Illuminate\\Foundation\\Application->handleCommand()\n#50 {main}','2025-03-14 07:30:16'),(53,'f930ac6b-0da3-428f-9062-357ad22b9411','database','default','{\"uuid\":\"f930ac6b-0da3-428f-9062-357ad22b9411\",\"displayName\":\"App\\\\Notifications\\\\TextJuridiqueNotification\",\"job\":\"Illuminate\\\\Queue\\\\CallQueuedHandler@call\",\"maxTries\":null,\"maxExceptions\":null,\"failOnTimeout\":false,\"backoff\":null,\"timeout\":null,\"retryUntil\":null,\"data\":{\"commandName\":\"Illuminate\\\\Notifications\\\\SendQueuedNotifications\",\"command\":\"O:48:\\\"Illuminate\\\\Notifications\\\\SendQueuedNotifications\\\":3:{s:11:\\\"notifiables\\\";O:45:\\\"Illuminate\\\\Contracts\\\\Database\\\\ModelIdentifier\\\":5:{s:5:\\\"class\\\";s:21:\\\"App\\\\Models\\\\Abonnement\\\";s:2:\\\"id\\\";a:1:{i:0;i:1;}s:9:\\\"relations\\\";a:0:{}s:10:\\\"connection\\\";s:5:\\\"mysql\\\";s:15:\\\"collectionClass\\\";N;}s:12:\\\"notification\\\";O:43:\\\"App\\\\Notifications\\\\TextJuridiqueNotification\\\":3:{s:17:\\\"\\u0000*\\u0000texteJuridique\\\";O:45:\\\"Illuminate\\\\Contracts\\\\Database\\\\ModelIdentifier\\\":5:{s:5:\\\"class\\\";s:25:\\\"App\\\\Models\\\\TexteJuridique\\\";s:2:\\\"id\\\";i:80;s:9:\\\"relations\\\";a:2:{i:0;s:9:\\\"categorie\\\";i:1;s:21:\\\"categorie.abonnements\\\";}s:10:\\\"connection\\\";s:5:\\\"mysql\\\";s:15:\\\"collectionClass\\\";N;}s:51:\\\"\\u0000App\\\\Notifications\\\\TextJuridiqueNotification\\u0000action\\\";s:5:\\\"added\\\";s:2:\\\"id\\\";s:36:\\\"14cd2783-4024-433b-98b3-7244745bbd50\\\";}s:8:\\\"channels\\\";a:1:{i:0;s:4:\\\"mail\\\";}}\"}}','Symfony\\Component\\Mailer\\Exception\\TransportException: Failed to authenticate on SMTP server with username \"smtp@mailtrap.io\" using the following authenticators: \"LOGIN\", \"PLAIN\". Authenticator \"LOGIN\" returned \"Expected response code \"235\" but got code \"535\", with message \"535 5.7.8 Authentication failed\".\". Authenticator \"PLAIN\" returned \"Expected response code \"235\" but got code \"535\", with message \"535 5.7.8 Authentication failed\".\". in /var/www/html/dev/Texte-juridique/vendor/symfony/mailer/Transport/Smtp/EsmtpTransport.php:247\nStack trace:\n#0 /var/www/html/dev/Texte-juridique/vendor/symfony/mailer/Transport/Smtp/EsmtpTransport.php(177): Symfony\\Component\\Mailer\\Transport\\Smtp\\EsmtpTransport->handleAuth()\n#1 /var/www/html/dev/Texte-juridique/vendor/symfony/mailer/Transport/Smtp/EsmtpTransport.php(134): Symfony\\Component\\Mailer\\Transport\\Smtp\\EsmtpTransport->doEhloCommand()\n#2 /var/www/html/dev/Texte-juridique/vendor/symfony/mailer/Transport/Smtp/SmtpTransport.php(255): Symfony\\Component\\Mailer\\Transport\\Smtp\\EsmtpTransport->executeCommand()\n#3 /var/www/html/dev/Texte-juridique/vendor/symfony/mailer/Transport/Smtp/SmtpTransport.php(281): Symfony\\Component\\Mailer\\Transport\\Smtp\\SmtpTransport->doHeloCommand()\n#4 /var/www/html/dev/Texte-juridique/vendor/symfony/mailer/Transport/Smtp/SmtpTransport.php(211): Symfony\\Component\\Mailer\\Transport\\Smtp\\SmtpTransport->start()\n#5 /var/www/html/dev/Texte-juridique/vendor/symfony/mailer/Transport/AbstractTransport.php(69): Symfony\\Component\\Mailer\\Transport\\Smtp\\SmtpTransport->doSend()\n#6 /var/www/html/dev/Texte-juridique/vendor/symfony/mailer/Transport/Smtp/SmtpTransport.php(138): Symfony\\Component\\Mailer\\Transport\\AbstractTransport->send()\n#7 /var/www/html/dev/Texte-juridique/vendor/laravel/framework/src/Illuminate/Mail/Mailer.php(585): Symfony\\Component\\Mailer\\Transport\\Smtp\\SmtpTransport->send()\n#8 /var/www/html/dev/Texte-juridique/vendor/laravel/framework/src/Illuminate/Mail/Mailer.php(332): Illuminate\\Mail\\Mailer->sendSymfonyMessage()\n#9 /var/www/html/dev/Texte-juridique/vendor/laravel/framework/src/Illuminate/Notifications/Channels/MailChannel.php(67): Illuminate\\Mail\\Mailer->send()\n#10 /var/www/html/dev/Texte-juridique/vendor/laravel/framework/src/Illuminate/Notifications/NotificationSender.php(148): Illuminate\\Notifications\\Channels\\MailChannel->send()\n#11 /var/www/html/dev/Texte-juridique/vendor/laravel/framework/src/Illuminate/Notifications/NotificationSender.php(106): Illuminate\\Notifications\\NotificationSender->sendToNotifiable()\n#12 /var/www/html/dev/Texte-juridique/vendor/laravel/framework/src/Illuminate/Support/Traits/Localizable.php(19): Illuminate\\Notifications\\NotificationSender->Illuminate\\Notifications\\{closure}()\n#13 /var/www/html/dev/Texte-juridique/vendor/laravel/framework/src/Illuminate/Notifications/NotificationSender.php(101): Illuminate\\Notifications\\NotificationSender->withLocale()\n#14 /var/www/html/dev/Texte-juridique/vendor/laravel/framework/src/Illuminate/Notifications/ChannelManager.php(54): Illuminate\\Notifications\\NotificationSender->sendNow()\n#15 /var/www/html/dev/Texte-juridique/vendor/laravel/framework/src/Illuminate/Notifications/SendQueuedNotifications.php(119): Illuminate\\Notifications\\ChannelManager->sendNow()\n#16 /var/www/html/dev/Texte-juridique/vendor/laravel/framework/src/Illuminate/Container/BoundMethod.php(36): Illuminate\\Notifications\\SendQueuedNotifications->handle()\n#17 /var/www/html/dev/Texte-juridique/vendor/laravel/framework/src/Illuminate/Container/Util.php(43): Illuminate\\Container\\BoundMethod::Illuminate\\Container\\{closure}()\n#18 /var/www/html/dev/Texte-juridique/vendor/laravel/framework/src/Illuminate/Container/BoundMethod.php(95): Illuminate\\Container\\Util::unwrapIfClosure()\n#19 /var/www/html/dev/Texte-juridique/vendor/laravel/framework/src/Illuminate/Container/BoundMethod.php(35): Illuminate\\Container\\BoundMethod::callBoundMethod()\n#20 /var/www/html/dev/Texte-juridique/vendor/laravel/framework/src/Illuminate/Container/Container.php(696): Illuminate\\Container\\BoundMethod::call()\n#21 /var/www/html/dev/Texte-juridique/vendor/laravel/framework/src/Illuminate/Bus/Dispatcher.php(126): Illuminate\\Container\\Container->call()\n#22 /var/www/html/dev/Texte-juridique/vendor/laravel/framework/src/Illuminate/Pipeline/Pipeline.php(170): Illuminate\\Bus\\Dispatcher->Illuminate\\Bus\\{closure}()\n#23 /var/www/html/dev/Texte-juridique/vendor/laravel/framework/src/Illuminate/Pipeline/Pipeline.php(127): Illuminate\\Pipeline\\Pipeline->Illuminate\\Pipeline\\{closure}()\n#24 /var/www/html/dev/Texte-juridique/vendor/laravel/framework/src/Illuminate/Bus/Dispatcher.php(130): Illuminate\\Pipeline\\Pipeline->then()\n#25 /var/www/html/dev/Texte-juridique/vendor/laravel/framework/src/Illuminate/Queue/CallQueuedHandler.php(126): Illuminate\\Bus\\Dispatcher->dispatchNow()\n#26 /var/www/html/dev/Texte-juridique/vendor/laravel/framework/src/Illuminate/Pipeline/Pipeline.php(170): Illuminate\\Queue\\CallQueuedHandler->Illuminate\\Queue\\{closure}()\n#27 /var/www/html/dev/Texte-juridique/vendor/laravel/framework/src/Illuminate/Pipeline/Pipeline.php(127): Illuminate\\Pipeline\\Pipeline->Illuminate\\Pipeline\\{closure}()\n#28 /var/www/html/dev/Texte-juridique/vendor/laravel/framework/src/Illuminate/Queue/CallQueuedHandler.php(121): Illuminate\\Pipeline\\Pipeline->then()\n#29 /var/www/html/dev/Texte-juridique/vendor/laravel/framework/src/Illuminate/Queue/CallQueuedHandler.php(69): Illuminate\\Queue\\CallQueuedHandler->dispatchThroughMiddleware()\n#30 /var/www/html/dev/Texte-juridique/vendor/laravel/framework/src/Illuminate/Queue/Jobs/Job.php(102): Illuminate\\Queue\\CallQueuedHandler->call()\n#31 /var/www/html/dev/Texte-juridique/vendor/laravel/framework/src/Illuminate/Queue/Worker.php(442): Illuminate\\Queue\\Jobs\\Job->fire()\n#32 /var/www/html/dev/Texte-juridique/vendor/laravel/framework/src/Illuminate/Queue/Worker.php(392): Illuminate\\Queue\\Worker->process()\n#33 /var/www/html/dev/Texte-juridique/vendor/laravel/framework/src/Illuminate/Queue/Worker.php(178): Illuminate\\Queue\\Worker->runJob()\n#34 /var/www/html/dev/Texte-juridique/vendor/laravel/framework/src/Illuminate/Queue/Console/WorkCommand.php(149): Illuminate\\Queue\\Worker->daemon()\n#35 /var/www/html/dev/Texte-juridique/vendor/laravel/framework/src/Illuminate/Queue/Console/WorkCommand.php(132): Illuminate\\Queue\\Console\\WorkCommand->runWorker()\n#36 /var/www/html/dev/Texte-juridique/vendor/laravel/framework/src/Illuminate/Container/BoundMethod.php(36): Illuminate\\Queue\\Console\\WorkCommand->handle()\n#37 /var/www/html/dev/Texte-juridique/vendor/laravel/framework/src/Illuminate/Container/Util.php(43): Illuminate\\Container\\BoundMethod::Illuminate\\Container\\{closure}()\n#38 /var/www/html/dev/Texte-juridique/vendor/laravel/framework/src/Illuminate/Container/BoundMethod.php(95): Illuminate\\Container\\Util::unwrapIfClosure()\n#39 /var/www/html/dev/Texte-juridique/vendor/laravel/framework/src/Illuminate/Container/BoundMethod.php(35): Illuminate\\Container\\BoundMethod::callBoundMethod()\n#40 /var/www/html/dev/Texte-juridique/vendor/laravel/framework/src/Illuminate/Container/Container.php(696): Illuminate\\Container\\BoundMethod::call()\n#41 /var/www/html/dev/Texte-juridique/vendor/laravel/framework/src/Illuminate/Console/Command.php(213): Illuminate\\Container\\Container->call()\n#42 /var/www/html/dev/Texte-juridique/vendor/symfony/console/Command/Command.php(279): Illuminate\\Console\\Command->execute()\n#43 /var/www/html/dev/Texte-juridique/vendor/laravel/framework/src/Illuminate/Console/Command.php(182): Symfony\\Component\\Console\\Command\\Command->run()\n#44 /var/www/html/dev/Texte-juridique/vendor/symfony/console/Application.php(1094): Illuminate\\Console\\Command->run()\n#45 /var/www/html/dev/Texte-juridique/vendor/symfony/console/Application.php(342): Symfony\\Component\\Console\\Application->doRunCommand()\n#46 /var/www/html/dev/Texte-juridique/vendor/symfony/console/Application.php(193): Symfony\\Component\\Console\\Application->doRun()\n#47 /var/www/html/dev/Texte-juridique/vendor/laravel/framework/src/Illuminate/Foundation/Console/Kernel.php(198): Symfony\\Component\\Console\\Application->run()\n#48 /var/www/html/dev/Texte-juridique/vendor/laravel/framework/src/Illuminate/Foundation/Application.php(1235): Illuminate\\Foundation\\Console\\Kernel->handle()\n#49 /var/www/html/dev/Texte-juridique/artisan(13): Illuminate\\Foundation\\Application->handleCommand()\n#50 {main}','2025-03-14 07:37:11'),(54,'a3d49b39-81e8-4323-aaef-66ae35d9a4a0','database','default','{\"uuid\":\"a3d49b39-81e8-4323-aaef-66ae35d9a4a0\",\"displayName\":\"App\\\\Notifications\\\\TextJuridiqueNotification\",\"job\":\"Illuminate\\\\Queue\\\\CallQueuedHandler@call\",\"maxTries\":null,\"maxExceptions\":null,\"failOnTimeout\":false,\"backoff\":null,\"timeout\":null,\"retryUntil\":null,\"data\":{\"commandName\":\"Illuminate\\\\Notifications\\\\SendQueuedNotifications\",\"command\":\"O:48:\\\"Illuminate\\\\Notifications\\\\SendQueuedNotifications\\\":3:{s:11:\\\"notifiables\\\";O:45:\\\"Illuminate\\\\Contracts\\\\Database\\\\ModelIdentifier\\\":5:{s:5:\\\"class\\\";s:21:\\\"App\\\\Models\\\\Abonnement\\\";s:2:\\\"id\\\";a:1:{i:0;i:1;}s:9:\\\"relations\\\";a:0:{}s:10:\\\"connection\\\";s:5:\\\"mysql\\\";s:15:\\\"collectionClass\\\";N;}s:12:\\\"notification\\\";O:43:\\\"App\\\\Notifications\\\\TextJuridiqueNotification\\\":3:{s:17:\\\"\\u0000*\\u0000texteJuridique\\\";O:45:\\\"Illuminate\\\\Contracts\\\\Database\\\\ModelIdentifier\\\":5:{s:5:\\\"class\\\";s:25:\\\"App\\\\Models\\\\TexteJuridique\\\";s:2:\\\"id\\\";i:90;s:9:\\\"relations\\\";a:2:{i:0;s:9:\\\"categorie\\\";i:1;s:21:\\\"categorie.abonnements\\\";}s:10:\\\"connection\\\";s:5:\\\"mysql\\\";s:15:\\\"collectionClass\\\";N;}s:51:\\\"\\u0000App\\\\Notifications\\\\TextJuridiqueNotification\\u0000action\\\";s:5:\\\"added\\\";s:2:\\\"id\\\";s:36:\\\"69aaf77c-09a1-40e6-8101-58e08e0b48c4\\\";}s:8:\\\"channels\\\";a:1:{i:0;s:4:\\\"mail\\\";}}\"}}','Symfony\\Component\\Mailer\\Exception\\UnexpectedResponseException: Expected response code \"250\" but got code \"550\", with message \"550 5.7.1 Sending from domain example.com is not allowed\". in /var/www/html/dev/Texte-juridique/vendor/symfony/mailer/Transport/Smtp/SmtpTransport.php:342\nStack trace:\n#0 /var/www/html/dev/Texte-juridique/vendor/symfony/mailer/Transport/Smtp/SmtpTransport.php(198): Symfony\\Component\\Mailer\\Transport\\Smtp\\SmtpTransport->assertResponseCode()\n#1 /var/www/html/dev/Texte-juridique/vendor/symfony/mailer/Transport/Smtp/EsmtpTransport.php(134): Symfony\\Component\\Mailer\\Transport\\Smtp\\SmtpTransport->executeCommand()\n#2 /var/www/html/dev/Texte-juridique/vendor/symfony/mailer/Transport/Smtp/SmtpTransport.php(263): Symfony\\Component\\Mailer\\Transport\\Smtp\\EsmtpTransport->executeCommand()\n#3 /var/www/html/dev/Texte-juridique/vendor/symfony/mailer/Transport/Smtp/SmtpTransport.php(215): Symfony\\Component\\Mailer\\Transport\\Smtp\\SmtpTransport->doMailFromCommand()\n#4 /var/www/html/dev/Texte-juridique/vendor/symfony/mailer/Transport/AbstractTransport.php(69): Symfony\\Component\\Mailer\\Transport\\Smtp\\SmtpTransport->doSend()\n#5 /var/www/html/dev/Texte-juridique/vendor/symfony/mailer/Transport/Smtp/SmtpTransport.php(138): Symfony\\Component\\Mailer\\Transport\\AbstractTransport->send()\n#6 /var/www/html/dev/Texte-juridique/vendor/laravel/framework/src/Illuminate/Mail/Mailer.php(585): Symfony\\Component\\Mailer\\Transport\\Smtp\\SmtpTransport->send()\n#7 /var/www/html/dev/Texte-juridique/vendor/laravel/framework/src/Illuminate/Mail/Mailer.php(332): Illuminate\\Mail\\Mailer->sendSymfonyMessage()\n#8 /var/www/html/dev/Texte-juridique/vendor/laravel/framework/src/Illuminate/Notifications/Channels/MailChannel.php(67): Illuminate\\Mail\\Mailer->send()\n#9 /var/www/html/dev/Texte-juridique/vendor/laravel/framework/src/Illuminate/Notifications/NotificationSender.php(148): Illuminate\\Notifications\\Channels\\MailChannel->send()\n#10 /var/www/html/dev/Texte-juridique/vendor/laravel/framework/src/Illuminate/Notifications/NotificationSender.php(106): Illuminate\\Notifications\\NotificationSender->sendToNotifiable()\n#11 /var/www/html/dev/Texte-juridique/vendor/laravel/framework/src/Illuminate/Support/Traits/Localizable.php(19): Illuminate\\Notifications\\NotificationSender->Illuminate\\Notifications\\{closure}()\n#12 /var/www/html/dev/Texte-juridique/vendor/laravel/framework/src/Illuminate/Notifications/NotificationSender.php(101): Illuminate\\Notifications\\NotificationSender->withLocale()\n#13 /var/www/html/dev/Texte-juridique/vendor/laravel/framework/src/Illuminate/Notifications/ChannelManager.php(54): Illuminate\\Notifications\\NotificationSender->sendNow()\n#14 /var/www/html/dev/Texte-juridique/vendor/laravel/framework/src/Illuminate/Notifications/SendQueuedNotifications.php(119): Illuminate\\Notifications\\ChannelManager->sendNow()\n#15 /var/www/html/dev/Texte-juridique/vendor/laravel/framework/src/Illuminate/Container/BoundMethod.php(36): Illuminate\\Notifications\\SendQueuedNotifications->handle()\n#16 /var/www/html/dev/Texte-juridique/vendor/laravel/framework/src/Illuminate/Container/Util.php(43): Illuminate\\Container\\BoundMethod::Illuminate\\Container\\{closure}()\n#17 /var/www/html/dev/Texte-juridique/vendor/laravel/framework/src/Illuminate/Container/BoundMethod.php(95): Illuminate\\Container\\Util::unwrapIfClosure()\n#18 /var/www/html/dev/Texte-juridique/vendor/laravel/framework/src/Illuminate/Container/BoundMethod.php(35): Illuminate\\Container\\BoundMethod::callBoundMethod()\n#19 /var/www/html/dev/Texte-juridique/vendor/laravel/framework/src/Illuminate/Container/Container.php(696): Illuminate\\Container\\BoundMethod::call()\n#20 /var/www/html/dev/Texte-juridique/vendor/laravel/framework/src/Illuminate/Bus/Dispatcher.php(126): Illuminate\\Container\\Container->call()\n#21 /var/www/html/dev/Texte-juridique/vendor/laravel/framework/src/Illuminate/Pipeline/Pipeline.php(170): Illuminate\\Bus\\Dispatcher->Illuminate\\Bus\\{closure}()\n#22 /var/www/html/dev/Texte-juridique/vendor/laravel/framework/src/Illuminate/Pipeline/Pipeline.php(127): Illuminate\\Pipeline\\Pipeline->Illuminate\\Pipeline\\{closure}()\n#23 /var/www/html/dev/Texte-juridique/vendor/laravel/framework/src/Illuminate/Bus/Dispatcher.php(130): Illuminate\\Pipeline\\Pipeline->then()\n#24 /var/www/html/dev/Texte-juridique/vendor/laravel/framework/src/Illuminate/Queue/CallQueuedHandler.php(126): Illuminate\\Bus\\Dispatcher->dispatchNow()\n#25 /var/www/html/dev/Texte-juridique/vendor/laravel/framework/src/Illuminate/Pipeline/Pipeline.php(170): Illuminate\\Queue\\CallQueuedHandler->Illuminate\\Queue\\{closure}()\n#26 /var/www/html/dev/Texte-juridique/vendor/laravel/framework/src/Illuminate/Pipeline/Pipeline.php(127): Illuminate\\Pipeline\\Pipeline->Illuminate\\Pipeline\\{closure}()\n#27 /var/www/html/dev/Texte-juridique/vendor/laravel/framework/src/Illuminate/Queue/CallQueuedHandler.php(121): Illuminate\\Pipeline\\Pipeline->then()\n#28 /var/www/html/dev/Texte-juridique/vendor/laravel/framework/src/Illuminate/Queue/CallQueuedHandler.php(69): Illuminate\\Queue\\CallQueuedHandler->dispatchThroughMiddleware()\n#29 /var/www/html/dev/Texte-juridique/vendor/laravel/framework/src/Illuminate/Queue/Jobs/Job.php(102): Illuminate\\Queue\\CallQueuedHandler->call()\n#30 /var/www/html/dev/Texte-juridique/vendor/laravel/framework/src/Illuminate/Queue/Worker.php(442): Illuminate\\Queue\\Jobs\\Job->fire()\n#31 /var/www/html/dev/Texte-juridique/vendor/laravel/framework/src/Illuminate/Queue/Worker.php(392): Illuminate\\Queue\\Worker->process()\n#32 /var/www/html/dev/Texte-juridique/vendor/laravel/framework/src/Illuminate/Queue/Worker.php(178): Illuminate\\Queue\\Worker->runJob()\n#33 /var/www/html/dev/Texte-juridique/vendor/laravel/framework/src/Illuminate/Queue/Console/WorkCommand.php(149): Illuminate\\Queue\\Worker->daemon()\n#34 /var/www/html/dev/Texte-juridique/vendor/laravel/framework/src/Illuminate/Queue/Console/WorkCommand.php(132): Illuminate\\Queue\\Console\\WorkCommand->runWorker()\n#35 /var/www/html/dev/Texte-juridique/vendor/laravel/framework/src/Illuminate/Container/BoundMethod.php(36): Illuminate\\Queue\\Console\\WorkCommand->handle()\n#36 /var/www/html/dev/Texte-juridique/vendor/laravel/framework/src/Illuminate/Container/Util.php(43): Illuminate\\Container\\BoundMethod::Illuminate\\Container\\{closure}()\n#37 /var/www/html/dev/Texte-juridique/vendor/laravel/framework/src/Illuminate/Container/BoundMethod.php(95): Illuminate\\Container\\Util::unwrapIfClosure()\n#38 /var/www/html/dev/Texte-juridique/vendor/laravel/framework/src/Illuminate/Container/BoundMethod.php(35): Illuminate\\Container\\BoundMethod::callBoundMethod()\n#39 /var/www/html/dev/Texte-juridique/vendor/laravel/framework/src/Illuminate/Container/Container.php(696): Illuminate\\Container\\BoundMethod::call()\n#40 /var/www/html/dev/Texte-juridique/vendor/laravel/framework/src/Illuminate/Console/Command.php(213): Illuminate\\Container\\Container->call()\n#41 /var/www/html/dev/Texte-juridique/vendor/symfony/console/Command/Command.php(279): Illuminate\\Console\\Command->execute()\n#42 /var/www/html/dev/Texte-juridique/vendor/laravel/framework/src/Illuminate/Console/Command.php(182): Symfony\\Component\\Console\\Command\\Command->run()\n#43 /var/www/html/dev/Texte-juridique/vendor/symfony/console/Application.php(1094): Illuminate\\Console\\Command->run()\n#44 /var/www/html/dev/Texte-juridique/vendor/symfony/console/Application.php(342): Symfony\\Component\\Console\\Application->doRunCommand()\n#45 /var/www/html/dev/Texte-juridique/vendor/symfony/console/Application.php(193): Symfony\\Component\\Console\\Application->doRun()\n#46 /var/www/html/dev/Texte-juridique/vendor/laravel/framework/src/Illuminate/Foundation/Console/Kernel.php(198): Symfony\\Component\\Console\\Application->run()\n#47 /var/www/html/dev/Texte-juridique/vendor/laravel/framework/src/Illuminate/Foundation/Application.php(1235): Illuminate\\Foundation\\Console\\Kernel->handle()\n#48 /var/www/html/dev/Texte-juridique/artisan(13): Illuminate\\Foundation\\Application->handleCommand()\n#49 {main}','2025-03-14 12:04:52'),(55,'2a45a4ad-1605-41f4-b3a9-fb45a2d0720b','database','default','{\"uuid\":\"2a45a4ad-1605-41f4-b3a9-fb45a2d0720b\",\"displayName\":\"App\\\\Notifications\\\\TextJuridiqueNotification\",\"job\":\"Illuminate\\\\Queue\\\\CallQueuedHandler@call\",\"maxTries\":null,\"maxExceptions\":null,\"failOnTimeout\":false,\"backoff\":null,\"timeout\":null,\"retryUntil\":null,\"data\":{\"commandName\":\"Illuminate\\\\Notifications\\\\SendQueuedNotifications\",\"command\":\"O:48:\\\"Illuminate\\\\Notifications\\\\SendQueuedNotifications\\\":3:{s:11:\\\"notifiables\\\";O:45:\\\"Illuminate\\\\Contracts\\\\Database\\\\ModelIdentifier\\\":5:{s:5:\\\"class\\\";s:21:\\\"App\\\\Models\\\\Abonnement\\\";s:2:\\\"id\\\";a:1:{i:0;i:1;}s:9:\\\"relations\\\";a:0:{}s:10:\\\"connection\\\";s:5:\\\"mysql\\\";s:15:\\\"collectionClass\\\";N;}s:12:\\\"notification\\\";O:43:\\\"App\\\\Notifications\\\\TextJuridiqueNotification\\\":3:{s:17:\\\"\\u0000*\\u0000texteJuridique\\\";O:45:\\\"Illuminate\\\\Contracts\\\\Database\\\\ModelIdentifier\\\":5:{s:5:\\\"class\\\";s:25:\\\"App\\\\Models\\\\TexteJuridique\\\";s:2:\\\"id\\\";i:90;s:9:\\\"relations\\\";a:2:{i:0;s:9:\\\"categorie\\\";i:1;s:21:\\\"categorie.abonnements\\\";}s:10:\\\"connection\\\";s:5:\\\"mysql\\\";s:15:\\\"collectionClass\\\";N;}s:51:\\\"\\u0000App\\\\Notifications\\\\TextJuridiqueNotification\\u0000action\\\";s:7:\\\"updated\\\";s:2:\\\"id\\\";s:36:\\\"929435f6-0ca0-4456-8e9e-dcec21c30902\\\";}s:8:\\\"channels\\\";a:1:{i:0;s:4:\\\"mail\\\";}}\"}}','Symfony\\Component\\Mailer\\Exception\\UnexpectedResponseException: Expected response code \"250\" but got code \"550\", with message \"550 5.7.1 Sending from domain example.com is not allowed\". in /var/www/html/dev/Texte-juridique/vendor/symfony/mailer/Transport/Smtp/SmtpTransport.php:342\nStack trace:\n#0 /var/www/html/dev/Texte-juridique/vendor/symfony/mailer/Transport/Smtp/SmtpTransport.php(198): Symfony\\Component\\Mailer\\Transport\\Smtp\\SmtpTransport->assertResponseCode()\n#1 /var/www/html/dev/Texte-juridique/vendor/symfony/mailer/Transport/Smtp/EsmtpTransport.php(134): Symfony\\Component\\Mailer\\Transport\\Smtp\\SmtpTransport->executeCommand()\n#2 /var/www/html/dev/Texte-juridique/vendor/symfony/mailer/Transport/Smtp/SmtpTransport.php(263): Symfony\\Component\\Mailer\\Transport\\Smtp\\EsmtpTransport->executeCommand()\n#3 /var/www/html/dev/Texte-juridique/vendor/symfony/mailer/Transport/Smtp/SmtpTransport.php(215): Symfony\\Component\\Mailer\\Transport\\Smtp\\SmtpTransport->doMailFromCommand()\n#4 /var/www/html/dev/Texte-juridique/vendor/symfony/mailer/Transport/AbstractTransport.php(69): Symfony\\Component\\Mailer\\Transport\\Smtp\\SmtpTransport->doSend()\n#5 /var/www/html/dev/Texte-juridique/vendor/symfony/mailer/Transport/Smtp/SmtpTransport.php(138): Symfony\\Component\\Mailer\\Transport\\AbstractTransport->send()\n#6 /var/www/html/dev/Texte-juridique/vendor/laravel/framework/src/Illuminate/Mail/Mailer.php(585): Symfony\\Component\\Mailer\\Transport\\Smtp\\SmtpTransport->send()\n#7 /var/www/html/dev/Texte-juridique/vendor/laravel/framework/src/Illuminate/Mail/Mailer.php(332): Illuminate\\Mail\\Mailer->sendSymfonyMessage()\n#8 /var/www/html/dev/Texte-juridique/vendor/laravel/framework/src/Illuminate/Notifications/Channels/MailChannel.php(67): Illuminate\\Mail\\Mailer->send()\n#9 /var/www/html/dev/Texte-juridique/vendor/laravel/framework/src/Illuminate/Notifications/NotificationSender.php(148): Illuminate\\Notifications\\Channels\\MailChannel->send()\n#10 /var/www/html/dev/Texte-juridique/vendor/laravel/framework/src/Illuminate/Notifications/NotificationSender.php(106): Illuminate\\Notifications\\NotificationSender->sendToNotifiable()\n#11 /var/www/html/dev/Texte-juridique/vendor/laravel/framework/src/Illuminate/Support/Traits/Localizable.php(19): Illuminate\\Notifications\\NotificationSender->Illuminate\\Notifications\\{closure}()\n#12 /var/www/html/dev/Texte-juridique/vendor/laravel/framework/src/Illuminate/Notifications/NotificationSender.php(101): Illuminate\\Notifications\\NotificationSender->withLocale()\n#13 /var/www/html/dev/Texte-juridique/vendor/laravel/framework/src/Illuminate/Notifications/ChannelManager.php(54): Illuminate\\Notifications\\NotificationSender->sendNow()\n#14 /var/www/html/dev/Texte-juridique/vendor/laravel/framework/src/Illuminate/Notifications/SendQueuedNotifications.php(119): Illuminate\\Notifications\\ChannelManager->sendNow()\n#15 /var/www/html/dev/Texte-juridique/vendor/laravel/framework/src/Illuminate/Container/BoundMethod.php(36): Illuminate\\Notifications\\SendQueuedNotifications->handle()\n#16 /var/www/html/dev/Texte-juridique/vendor/laravel/framework/src/Illuminate/Container/Util.php(43): Illuminate\\Container\\BoundMethod::Illuminate\\Container\\{closure}()\n#17 /var/www/html/dev/Texte-juridique/vendor/laravel/framework/src/Illuminate/Container/BoundMethod.php(95): Illuminate\\Container\\Util::unwrapIfClosure()\n#18 /var/www/html/dev/Texte-juridique/vendor/laravel/framework/src/Illuminate/Container/BoundMethod.php(35): Illuminate\\Container\\BoundMethod::callBoundMethod()\n#19 /var/www/html/dev/Texte-juridique/vendor/laravel/framework/src/Illuminate/Container/Container.php(696): Illuminate\\Container\\BoundMethod::call()\n#20 /var/www/html/dev/Texte-juridique/vendor/laravel/framework/src/Illuminate/Bus/Dispatcher.php(126): Illuminate\\Container\\Container->call()\n#21 /var/www/html/dev/Texte-juridique/vendor/laravel/framework/src/Illuminate/Pipeline/Pipeline.php(170): Illuminate\\Bus\\Dispatcher->Illuminate\\Bus\\{closure}()\n#22 /var/www/html/dev/Texte-juridique/vendor/laravel/framework/src/Illuminate/Pipeline/Pipeline.php(127): Illuminate\\Pipeline\\Pipeline->Illuminate\\Pipeline\\{closure}()\n#23 /var/www/html/dev/Texte-juridique/vendor/laravel/framework/src/Illuminate/Bus/Dispatcher.php(130): Illuminate\\Pipeline\\Pipeline->then()\n#24 /var/www/html/dev/Texte-juridique/vendor/laravel/framework/src/Illuminate/Queue/CallQueuedHandler.php(126): Illuminate\\Bus\\Dispatcher->dispatchNow()\n#25 /var/www/html/dev/Texte-juridique/vendor/laravel/framework/src/Illuminate/Pipeline/Pipeline.php(170): Illuminate\\Queue\\CallQueuedHandler->Illuminate\\Queue\\{closure}()\n#26 /var/www/html/dev/Texte-juridique/vendor/laravel/framework/src/Illuminate/Pipeline/Pipeline.php(127): Illuminate\\Pipeline\\Pipeline->Illuminate\\Pipeline\\{closure}()\n#27 /var/www/html/dev/Texte-juridique/vendor/laravel/framework/src/Illuminate/Queue/CallQueuedHandler.php(121): Illuminate\\Pipeline\\Pipeline->then()\n#28 /var/www/html/dev/Texte-juridique/vendor/laravel/framework/src/Illuminate/Queue/CallQueuedHandler.php(69): Illuminate\\Queue\\CallQueuedHandler->dispatchThroughMiddleware()\n#29 /var/www/html/dev/Texte-juridique/vendor/laravel/framework/src/Illuminate/Queue/Jobs/Job.php(102): Illuminate\\Queue\\CallQueuedHandler->call()\n#30 /var/www/html/dev/Texte-juridique/vendor/laravel/framework/src/Illuminate/Queue/Worker.php(442): Illuminate\\Queue\\Jobs\\Job->fire()\n#31 /var/www/html/dev/Texte-juridique/vendor/laravel/framework/src/Illuminate/Queue/Worker.php(392): Illuminate\\Queue\\Worker->process()\n#32 /var/www/html/dev/Texte-juridique/vendor/laravel/framework/src/Illuminate/Queue/Worker.php(178): Illuminate\\Queue\\Worker->runJob()\n#33 /var/www/html/dev/Texte-juridique/vendor/laravel/framework/src/Illuminate/Queue/Console/WorkCommand.php(149): Illuminate\\Queue\\Worker->daemon()\n#34 /var/www/html/dev/Texte-juridique/vendor/laravel/framework/src/Illuminate/Queue/Console/WorkCommand.php(132): Illuminate\\Queue\\Console\\WorkCommand->runWorker()\n#35 /var/www/html/dev/Texte-juridique/vendor/laravel/framework/src/Illuminate/Container/BoundMethod.php(36): Illuminate\\Queue\\Console\\WorkCommand->handle()\n#36 /var/www/html/dev/Texte-juridique/vendor/laravel/framework/src/Illuminate/Container/Util.php(43): Illuminate\\Container\\BoundMethod::Illuminate\\Container\\{closure}()\n#37 /var/www/html/dev/Texte-juridique/vendor/laravel/framework/src/Illuminate/Container/BoundMethod.php(95): Illuminate\\Container\\Util::unwrapIfClosure()\n#38 /var/www/html/dev/Texte-juridique/vendor/laravel/framework/src/Illuminate/Container/BoundMethod.php(35): Illuminate\\Container\\BoundMethod::callBoundMethod()\n#39 /var/www/html/dev/Texte-juridique/vendor/laravel/framework/src/Illuminate/Container/Container.php(696): Illuminate\\Container\\BoundMethod::call()\n#40 /var/www/html/dev/Texte-juridique/vendor/laravel/framework/src/Illuminate/Console/Command.php(213): Illuminate\\Container\\Container->call()\n#41 /var/www/html/dev/Texte-juridique/vendor/symfony/console/Command/Command.php(279): Illuminate\\Console\\Command->execute()\n#42 /var/www/html/dev/Texte-juridique/vendor/laravel/framework/src/Illuminate/Console/Command.php(182): Symfony\\Component\\Console\\Command\\Command->run()\n#43 /var/www/html/dev/Texte-juridique/vendor/symfony/console/Application.php(1094): Illuminate\\Console\\Command->run()\n#44 /var/www/html/dev/Texte-juridique/vendor/symfony/console/Application.php(342): Symfony\\Component\\Console\\Application->doRunCommand()\n#45 /var/www/html/dev/Texte-juridique/vendor/symfony/console/Application.php(193): Symfony\\Component\\Console\\Application->doRun()\n#46 /var/www/html/dev/Texte-juridique/vendor/laravel/framework/src/Illuminate/Foundation/Console/Kernel.php(198): Symfony\\Component\\Console\\Application->run()\n#47 /var/www/html/dev/Texte-juridique/vendor/laravel/framework/src/Illuminate/Foundation/Application.php(1235): Illuminate\\Foundation\\Console\\Kernel->handle()\n#48 /var/www/html/dev/Texte-juridique/artisan(13): Illuminate\\Foundation\\Application->handleCommand()\n#49 {main}','2025-03-14 12:17:33');

--
-- Table structure for table `histories`
--

CREATE TABLE `histories` (
  `id` bigint unsigned NOT NULL AUTO_INCREMENT,
  `action` varchar(255) COLLATE utf8mb4_unicode_ci NOT NULL,
  `user_name` varchar(255) COLLATE utf8mb4_unicode_ci NOT NULL,
  `created_at` timestamp NULL DEFAULT NULL,
  `updated_at` timestamp NULL DEFAULT NULL,
  PRIMARY KEY (`id`)
) ENGINE=InnoDB AUTO_INCREMENT=370 DEFAULT CHARSET=utf8mb4 COLLATE=utf8mb4_unicode_ci;

--
-- Dumping data for table `histories`
--

INSERT INTO `histories` VALUES (1,'Texte juridique modifié: Acte uniforme portant organisation des procédures collectives d\'apurement du passif','admin','2025-03-11 11:52:49','2025-03-11 11:52:49'),(2,'Texte juridique supprimée: Acte uniforme portant organisation des procédures collectives d\'apurement du passif','admin','2025-03-12 14:29:09','2025-03-12 14:29:09'),(3,'Texte juridique supprimée: Acte uniforme portant organisation des procédures simplifiées de recouvrement et des voies d\'exécution','admin','2025-03-12 14:29:12','2025-03-12 14:29:12'),(4,'Texte juridique supprimée: Acte uniforme portant organisation et harmonisation des comptabilités','admin','2025-03-12 14:29:14','2025-03-12 14:29:14'),(5,'Texte juridique supprimée: Acte uniforme portant organisation et harmonisation des comptabilités','admin','2025-03-12 14:29:17','2025-03-12 14:29:17'),(6,'Texte juridique supprimée: Acte uniforme relatif au droit commercial général','admin','2025-03-12 14:29:20','2025-03-12 14:29:20'),(7,'Texte juridique supprimée: Acte uniforme relatif au droit comptable et à l\'information financière','admin','2025-03-12 14:29:23','2025-03-12 14:29:23'),(8,'Texte juridique supprimée: Acte uniforme relatif au droit de l\'arbitrage','admin','2025-03-12 14:29:26','2025-03-12 14:29:26'),(9,'Texte juridique supprimée: Acte uniforme relatif au droit des sociétés commerciales et du regroupement d\'intérêt économique','admin','2025-03-12 14:29:28','2025-03-12 14:29:28'),(10,'Texte juridique supprimée: Acte uniforme relatif au droit des sociétés coopératives','admin','2025-03-12 14:29:30','2025-03-12 14:29:30'),(11,'Texte juridique supprimée: Acte uniforme relatif aux contrats de transports de marchandises par route','admin','2025-03-12 14:29:33','2025-03-12 14:29:33'),(12,'Texte juridique supprimée: Acte uniforme révisé portant organisation des procédures collectives d\'apurement du passif','admin','2025-03-12 14:29:35','2025-03-12 14:29:35'),(13,'Texte juridique supprimée: Acte uniforme révisé portant organisation des sûretés','admin','2025-03-12 14:29:38','2025-03-12 14:29:38'),(14,'Texte juridique supprimée: Acte uniforme révisé portant sur le droit commercial général','admin','2025-03-12 14:29:40','2025-03-12 14:29:40'),(15,'Texte juridique supprimée: Acte uniforme révisé relatif au droit des sociétés commerciales et du regroupement d\'intérêt économique','admin','2025-03-12 14:29:47','2025-03-12 14:29:47'),(16,'Texte juridique supprimée: Arrêté n°000967/MCPME/MER/MBCP du 29/09/2022 fixant le montant et les modalités de perception des frais de dossier de demande d’Agrément PME','admin','2025-03-12 14:29:50','2025-03-12 14:29:50'),(17,'Texte juridique supprimée: Arrêté n°0271/PM du 03/05/2021 portant organisation des élections à la chambre de Commerce, d’Agriculture, d’Industrie et des Mines du Gabon','admin','2025-03-12 14:29:54','2025-03-12 14:29:54'),(18,'Texte juridique supprimée: Arrêté n°0275/MCPME fixant les modalités de délivrance de l’Agrément PME','admin','2025-03-12 14:29:57','2025-03-12 14:29:57'),(19,'Texte juridique supprimée: Décret 0227/PR/MMIT du 23/06/2014 portant création et organisation de l’Agence Gabonaise de Normalisation','admin','2025-03-12 14:30:00','2025-03-12 14:30:00'),(20,'Texte juridique supprimée: Décret n°0027/PR/MCPME du 3 avril 2023 portant attribution, organisation et fonctionnement du Comité Nationale de Suivi de la Sous-traitance','admin','2025-03-12 14:30:03','2025-03-12 14:30:03'),(21,'Texte juridique supprimée: Décret n°0035/PR/MTLC du 16/01/2024 portant approbation des statuts du Pôle National de Promotion de l’Emploi','admin','2025-03-12 14:30:06','2025-03-12 14:30:06'),(22,'Texte juridique supprimée: Décret n°0326/PR/MMIT du 02/07/2015 complétant certaines dispositions du décret n°0227/PR/MMIT portant création de l’Agence Gabonaise de Normalisation','admin','2025-03-12 14:30:09','2025-03-12 14:30:09'),(23,'Texte juridique supprimée: Décret n°0331/PR/MPMEAC du 28/02/2013 portant attribution et organisation du Ministère des Petites et Moyennes Entreprises, de l’Artisanat et du Commerce','admin','2025-03-12 14:30:11','2025-03-12 14:30:11'),(24,'Texte juridique supprimée: Décret n°0728/PR/MECIT du 20/06/2011 portant réorganisation de la Chambre de Commerce, d’Agriculture, d’Industrie, des Mines et d’Artisanat du Gabon','admin','2025-03-12 14:30:14','2025-03-12 14:30:14'),(25,'Texte juridique supprimée: Décret n°262/PR/MCPMEADS du 28 avril 2015 portant organisation de la direction générale des petites et moyennes entreprises','admin','2025-03-12 14:30:17','2025-03-12 14:30:17'),(26,'Texte juridique supprimée: Décret n°273/PR/MINTRHFP du 9 mars 1994 fixant l’organisation et le fonctionnement du Fonds d’aides à l’insertion et à la réinsertion professionnelle','admin','2025-03-12 14:30:20','2025-03-12 14:30:20'),(27,'Texte juridique supprimée: Décret n°592/PR/MPMEPMI du 9 mars 1994 fixant l’organisation et le fonctionnement du Label qualité-entreprise, de la petite et moyenne entreprise, de la petite et moyenne industrie gabonaise','admin','2025-03-12 14:30:24','2025-03-12 14:30:24'),(28,'Texte juridique supprimée: Loi n°001/2007 du 27 août 2007, instituant la Bourse de sous-traitance et de Partenariat','admin','2025-03-12 14:30:27','2025-03-12 14:30:27'),(29,'Texte juridique supprimée: Loi n°008/2018 du 08 février 2019 portant orientation de la politique nationale de promotion des Petites et Moyennes Entreprises','admin','2025-03-12 14:30:30','2025-03-12 14:30:30'),(30,'Texte juridique supprimée: Loi n°009/2018 du 08 février 2019 relative aux structures d’encadrement et d’accompagnement des Petites et Moyennes Entreprises','admin','2025-03-12 14:30:32','2025-03-12 14:30:32'),(31,'Texte juridique supprimée: Loi n°024/2021 du 29 novembre 2021 portant ratification de l’ordonnance n°003/PR/20212 portant réglementation de la sous-traitance en République Gabonaise','admin','2025-03-12 14:30:35','2025-03-12 14:30:35'),(32,'Texte juridique supprimée: Loi n°039/2018 du 28 décembre 2018 fixant le régime du mécénat et du parrainage en République Gabonaise','admin','2025-03-12 14:30:37','2025-03-12 14:30:37'),(33,'Texte juridique supprimée: Loi N°52/63 du 02/12/1963 modifiant la loi 75/59 du 23 décembre 1959 portant création et statut de la chambre de Commerce d’Agriculture, d’Industrie et des Mines de la République Gabonaise','admin','2025-03-12 14:30:39','2025-03-12 14:30:39'),(34,'Texte juridique supprimée: Loi sur la croissance et les possibilités économiques en Afrique','admin','2025-03-12 14:30:42','2025-03-12 14:30:42'),(35,'Texte juridique supprimée: Traité relatif à l\'harmonisation en Afrique d\'un droit des affaires','admin','2025-03-12 14:30:44','2025-03-12 14:30:44'),(36,'Texte juridique Crée: Arrêté N° 0271/PM du 03/05/2021 portant organisation des élections à la Chambre de Commerce, d\'Agriculture, d\'Industrie, des Mines et de l\'Artisanat du Gabon','admin','2025-03-12 14:35:26','2025-03-12 14:35:26'),(37,'Texte juridique Crée: Décret N° 01405/PR/MPMEA du 06/12/2011 portant attributions et organisation de la Direction Générale de l\'Artisanat','admin','2025-03-12 14:38:25','2025-03-12 14:38:25'),(38,'Texte juridique Crée: Loi n°009/2018 du 08 février 2019 relative structures d\'encadrement et d\'accompagnement Petites et Moyennes Entreprises.','admin','2025-03-12 15:02:49','2025-03-12 15:02:49'),(39,'Texte juridique modifié: Loi n°009/2018 du 08 février 2019 relative aux structures d\'encadrement et d\'accompagnement Petites et Moyennes Entreprises.','admin','2025-03-12 15:04:33','2025-03-12 15:04:33'),(40,'Texte juridique Crée: toto','admin','2025-03-12 16:12:33','2025-03-12 16:12:33'),(41,'Texte juridique Crée: yayay','admin','2025-03-12 16:26:07','2025-03-12 16:26:07'),(42,'Texte juridique supprimée: toto','admin','2025-03-12 20:45:23','2025-03-12 20:45:23'),(43,'Texte juridique supprimée: yayay','admin','2025-03-12 20:45:31','2025-03-12 20:45:31'),(44,'Texte juridique Crée: PME Local','admin','2025-03-12 23:11:19','2025-03-12 23:11:19'),(45,'Texte juridique supprimée: PME Local','admin','2025-03-12 23:12:04','2025-03-12 23:12:04'),(46,'Texte juridique Crée: Loi n°023/2008 du 1O décembre 2008 portant politique de développement agricole durable','admin','2025-03-13 06:33:53','2025-03-13 06:33:53'),(47,'Texte juridique Crée: Loi n°008/2018 du 08 février 2019 portant orientation de la politique nationale de la promotion des Petites et Moyennes Entreprises','admin','2025-03-13 21:00:10','2025-03-13 21:00:10'),(48,'Texte juridique Crée: Loi N° 52/63 du 02/12/1963 modifiant la loi 75/59 du 23 décembre 1959 portant création et statuts de la chambre du Commerce d’agriculture, d\'Industrie et des mines de la République Gabonais','admin','2025-03-13 21:04:07','2025-03-13 21:04:07'),(49,'Texte juridique modifié: Loi n°008/2018 du 08 février 2019 portant orientation de la politique nationale de la promotion des Petites et Moyennes Entreprises','admin','2025-03-13 21:13:22','2025-03-13 21:13:22'),(50,'Texte juridique modifié: Loi n°008/2018 du 08 février 2019 portant orientation de la politique nationale de la promotion des Petites et Moyennes Entreprises','admin','2025-03-13 21:14:01','2025-03-13 21:14:01'),(51,'Texte juridique Crée: Loi N° 021/2005 du 10/01/2006 portant loi d’orientation de la stratégie de développement économique et social en République gabonaise','admin','2025-03-13 21:20:15','2025-03-13 21:20:15'),(52,'Texte juridique Crée: Loi n°024/2021 du 29 novembre 2021 portant ratification de l\'ordonnance n°003/PR/2021 portant réglementation de la sous-traitance en République Gabonaise','admin','2025-03-13 21:22:47','2025-03-13 21:22:47'),(53,'Texte juridique Crée: Loi n°001/2007 du 27 août 2007, instituant la Bourse de sous-trairance et de Partenariat','admin','2025-03-13 21:26:55','2025-03-13 21:26:55'),(54,'Texte juridique modifié: Loi n°001/2007 du 27 août 2007, instituant la Bourse de sous-trairance et de Partenariat','admin','2025-03-13 21:27:51','2025-03-13 21:27:51'),(55,'Texte juridique Crée: Décret n°0331/PR/MPMEAC du 28 février 2013 portant attributions et organisation du Ministère des Petites et Moyennes Entreprises, de l\'Artisanat et du Commerce','admin','2025-03-13 21:37:52','2025-03-13 21:37:52'),(56,'Texte juridique Crée: Décret N° n°0326/PR/MMIT du 02/07/2015 Décret n°0326/PR/MMIT du 02 juillet 2015 complétant certaines dispositions du décret n°0227/PR/MMIT portant création de l\'Agence Gabonaise de Normalisation','admin','2025-03-13 21:41:08','2025-03-13 21:41:08'),(57,'Texte juridique Crée: Décret N° 0026/PR/MCPME du 02/04/2023 portant attributions, organisation et fonctionnement du Comité National de Suivi de la Sous-Traitance','admin','2025-03-13 21:44:53','2025-03-13 21:44:53'),(58,'Texte juridique Crée: Décret N° 0728/PR/MECIT du 20/06/2011 portant réorganisation de la Chambre de Commerce, d\'Agriculture, d\'Industrie, des Mines et d\'Artisanat du Gabon','admin','2025-03-13 21:46:35','2025-03-13 21:46:35'),(59,'Texte juridique Crée: Décret N° 0667/PR/MAEPDR du 09/07/2013 portant modification de certaines dispositions du décret n°0292/PR/MAEPDR du 18 février 2011 portant création et organisation de l\'Agence Gabonaise de Sécurité Alimentaire','admin','2025-03-13 21:48:02','2025-03-13 21:48:02'),(60,'Texte juridique Crée: Décret N° 00430/PR/MCPMEI du 24/12/2020 portant approbation des statuts de la Chambre Nationale des Métiers de l\'Artisanat du Gabon','admin','2025-03-13 22:00:24','2025-03-13 22:00:24'),(61,'Texte juridique Crée: Décret N° 0311/PR/MPIIHAT du 24/09/2014 portant création et organisation de l\'Agence Nationale de Promotion des Investissements du Gabon','admin','2025-03-13 22:02:38','2025-03-13 22:02:38'),(62,'Texte juridique Crée: Décret N° 0292/PR/MAEPDR du 18/02/2011 portant création et organisation de l\'Agence Gabonaise de Sécurité Alimentaire.','admin','2025-03-13 22:04:58','2025-03-13 22:04:58'),(63,'Texte juridique Crée: Décret N° 00290/PR/MTPEI du 17/11/2022 portant approbation des statuts du Fonds Autonome National d\'Entretien Routier, en abrégé FANER','admin','2025-03-13 22:10:40','2025-03-13 22:10:40'),(64,'Texte juridique Crée: PME Local','admin','2025-03-14 00:00:55','2025-03-14 00:00:55'),(65,'Texte juridique modifié: PME Local','admin','2025-03-14 00:01:19','2025-03-14 00:01:19'),(66,'Texte juridique supprimée: PME Local','admin','2025-03-14 00:01:28','2025-03-14 00:01:28'),(67,'Categorie supprimée: Régionaux et Internationaux','admin','2025-03-14 00:01:52','2025-03-14 00:01:52'),(68,'Texte juridique modifié: Loi n°009/2018 du 08 février 2019 relative aux structures d\'encadrement et d\'accompagnement Petites et Moyennes Entreprises.','admin','2025-03-14 00:42:19','2025-03-14 00:42:19'),(69,'Texte juridique modifié: Arrêté N° 0271/PM du 03/05/2021 portant organisation des élections à la Chambre de Commerce, d\'Agriculture, d\'Industrie, des Mines et de l\'Artisanat du Gabon','admin','2025-03-14 01:03:25','2025-03-14 01:03:25'),(70,'Texte juridique modifié: Arrêté N° 0271/PM du 03/05/2021 portant organisation des élections à la Chambre de Commerce, d\'Agriculture, d\'Industrie, des Mines et de l\'Artisanat du Gabon','admin','2025-03-14 01:20:28','2025-03-14 01:20:28'),(71,'Texte juridique modifié: Loi n°023/2008 du 1O décembre 2008 portant politique de développement agricole durable','admin','2025-03-14 05:12:19','2025-03-14 05:12:19'),(72,'Texte juridique modifié: Loi n°024/2021 du 29 novembre 2021 portant ratification de l\'ordonnance n°003/PR/2021 portant réglementation de la sous-traitance en République Gabonaise','admin','2025-03-14 05:16:38','2025-03-14 05:16:38'),(73,'Texte juridique modifié: Décret N° 00430/PR/MCPMEI du 24/12/2020 portant approbation des statuts de la Chambre Nationale des Métiers de l\'Artisanat du Gabon','admin','2025-03-14 05:29:03','2025-03-14 05:29:03'),(74,'Texte juridique Crée: Décret N° 273/MINTRHFP du 02/03/1994 relatif au fonctionnement du Fonds d \'aide à l\'insertion et à la réinsertion professionnelles','admin','2025-03-14 05:50:19','2025-03-14 05:50:19'),(75,'Texte juridique Crée: Décret N° 0242/PR/MCPME du 04/09/2022 portant nomenclature des Corps des Métiers de l\'Artisanat en République Gabonaise','admin','2025-03-14 05:52:50','2025-03-14 05:52:50'),(76,'Texte juridique Crée: Décret N° 0236/PR/MMIT du 02/04/2015 portant réorganisation de la Direction Générale du Tourisme et des Loisirs','admin','2025-03-14 05:54:57','2025-03-14 05:54:57'),(77,'Texte juridique Crée: Décret N° 0227/PR/MIMT du 23/06/2014 portant création et organisation de l\'Agence Gabonaise de Normalisation','admin','2025-03-14 05:56:33','2025-03-14 05:56:33'),(78,'Texte juridique Crée: Décret N° 0035/PR/MTLC du 16/01/2024 portant approbation des statuts du Pôle National de Promotion de l\'Emploi','admin','2025-03-14 05:57:51','2025-03-14 05:57:51'),(79,'Texte juridique Crée: Décrétas 262 portant réorganisation de la direction générale des PME','admin','2025-03-14 06:01:18','2025-03-14 06:01:18'),(80,'Texte juridique modifié: Décret 262 portant réorganisation de la direction générale des PME','admin','2025-03-14 06:02:08','2025-03-14 06:02:08'),(81,'Texte juridique Crée: Loi n°039/2018 du 28 décembre 2018 fixant le régime du mécénat el du parrainage en République Gabonaise','admin','2025-03-14 06:05:40','2025-03-14 06:05:40'),(82,'Texte juridique Crée: Décret N° 592/PR/MPMEPMI du 15/05/2001 portant création et organisation du Label Qualité-Entreprise de la Petite et Moyenne Entreprise, de la Petite et Moyenne Industrie gabonaise.','admin','2025-03-14 06:12:51','2025-03-14 06:12:51'),(83,'Texte juridique modifié: Décret N° 592/PR/MPMEPMI du 15/05/2001 portant création et organisation du Label Qualité-Entreprise de la Petite et Moyenne Entreprise, de la Petite et Moyenne Industrie gabonaise.','admin','2025-03-14 06:13:33','2025-03-14 06:13:33'),(84,'Texte juridique Crée: Arrêté n°0275/MCPME fixant les modalités de délivrance de l’Agrément PME','admin','2025-03-14 06:33:11','2025-03-14 06:33:11'),(85,'Texte juridique Crée: Arrêté N° 000967/MCPME/MER/MBCP du 29/09/2022 fixant le montant et les modalités de perception des frais de dossier de demande d\'Agrément PME','admin','2025-03-14 06:36:33','2025-03-14 06:36:33'),(86,'Texte juridique Crée: Décret 00027/PR/MEPPDD du 17 janvier 2018 portant Code des Marché Publics : Articles : 100, 119,187,188,189, 190, 191… ;','admin','2025-03-14 06:38:06','2025-03-14 06:38:06'),(87,'Texte juridique Crée: Décret N° 0053/PR/MEP du 21/11/2023 modifiant et complétant certaines dispositions du décret n°00027/PR/MEPPDD du 17 janvier 2018 portant Code des Marchés Publics','admin','2025-03-14 06:40:04','2025-03-14 06:40:04'),(88,'Texte juridique modifié: Décret N° 0053/PR/MEP du 21/11/2023 modifiant et complétant certaines dispositions du décret n°00027/PR/MEPPDD du 17 janvier 2018 portant Code des Marchés Publics','admin','2025-03-14 06:40:35','2025-03-14 06:40:35'),(89,'Texte juridique Crée: Arrêté 00006/MAEPDRISG/DGDR du 25/03/2013 fixant les modalités de délivrance de l’Agrément Technique d’Exploitation Agricole','admin','2025-03-14 06:53:45','2025-03-14 06:53:45'),(90,'Texte juridique Crée: Décret N° 00231/PR/MM du 02/08/2017 portant sur le régime de substance stratégique de l\'or','admin','2025-03-14 07:00:27','2025-03-14 07:00:27'),(91,'Texte juridique Crée: Loi n°002/2019 du 16 juillet 2019 portant réglementation du secteur des hydrocarbures en République Gabonaise (JO 2019‐27 ter)','admin','2025-03-14 07:03:23','2025-03-14 07:03:23'),(92,'Texte juridique Crée: Loi n°028/2016 du 06/02/2017 portant Code de Protection Sociale en République Gabonaise','admin','2025-03-14 07:05:20','2025-03-14 07:05:20'),(93,'Texte juridique Crée: Loi n°037/2018 du 10/06/2019 portant réglementation du secteur minier','admin','2025-03-14 07:09:44','2025-03-14 07:09:44'),(94,'Texte juridique Crée: Décret N° 0578/PR/MAEAMOPG du 26/11/2015 fixant les conditions sanitaires et d\'hygiène applicables aux établissements du secteur alimentaire et du secteur de l\'alimentation animale','admin','2025-03-14 07:13:10','2025-03-14 07:13:10'),(95,'Texte juridique Crée: Loi n°022/2008 du 10/12/2008 portant Code Agricole en République Gabonaise','admin','2025-03-14 07:16:08','2025-03-14 07:16:08'),(96,'Texte juridique Crée: Loi n°02/2013 du 06 février 2013 portant extension du régime fiscal et douanier incitatif en faveur des exploitants agricoles','admin','2025-03-14 07:18:01','2025-03-14 07:18:01'),(97,'Texte juridique modifié: Loi n°02/2013 du 06 février 2013 portant extension du régime fiscal et douanier incitatif en faveur des exploitants agricoles','admin','2025-03-14 07:20:06','2025-03-14 07:20:06'),(98,'Texte juridique Crée: Loi N° 015/2005 du 08/08/2005 portant code des pêches et de l’aquaculture en République gabonaise','admin','2025-03-14 07:22:41','2025-03-14 07:22:41'),(99,'Texte juridique Crée: Ordonnance N° 008/PR/2010 du 25/02/2010 portant modification et abrogation de certaines dispositions de la loi n°16/01 du 31 décembre 2001 portant Code Forestier en République Gabonaise','admin','2025-03-14 07:26:32','2025-03-14 07:26:32'),(100,'Texte juridique Crée: Loi n°027/2008 du 22 janvier 2009 portant Code Général des Impôts, mis à jour de la loi de finances pour 2019;','admin','2025-03-14 07:30:11','2025-03-14 07:30:11'),(101,'Texte juridique Crée: Loi N° 021/2005 du 10/01/2006 portant loi d’orientation de la stratégie de développement économique et social en République gabonaise','admin','2025-03-14 07:37:06','2025-03-14 07:37:06'),(102,'Categorie modifié de \'Administrations publiques\' à \'Textes des administrations publiques\'','admin','2025-03-14 08:11:19','2025-03-14 08:11:19'),(103,'Categorie modifié de \'PME\' à \'Textes de loi pour les PME\'','admin','2025-03-14 08:11:42','2025-03-14 08:11:42'),(104,'Categorie modifié de \'Textes des administrations publiques\' à \'Textes de loi des administrations publiques\'','admin','2025-03-14 08:11:53','2025-03-14 08:11:53'),(105,'Categorie Crée: Textes internationaux','admin','2025-03-14 08:12:27','2025-03-14 08:12:27'),(106,'Texte juridique Crée: Acte uniforme portant organisation et harmonisation des comptabilités des entreprises','admin','2025-03-14 08:14:17','2025-03-14 08:14:17'),(107,'Texte juridique Crée: Acte uniforme relatif au droit commercial général','admin','2025-03-14 08:15:38','2025-03-14 08:15:38'),(108,'Texte juridique Crée: Acte uniforme portant organisation et harmonisation des comptabilités des entreprises','admin','2025-03-14 08:20:00','2025-03-14 08:20:00'),(109,'Texte juridique Crée: Acte uniforme portant organisation des procédures collectives d\'apurement du passif','admin','2025-03-14 08:24:27','2025-03-14 08:24:27'),(110,'Texte juridique Crée: Acte uniforme relatif au droit de l\'arbitrage','admin','2025-03-14 08:31:46','2025-03-14 08:31:46'),(111,'Texte juridique Crée: Acte uniforme portant organisation des procédures simplifiées de recouvrement et des voies d\'exécution','admin','2025-03-14 08:32:42','2025-03-14 08:32:42'),(112,'Texte juridique Crée: Acte uniforme portant organisation des sûretés','admin','2025-03-14 08:33:34','2025-03-14 08:33:34'),(113,'Texte juridique Crée: Acte uniforme relatif au droit des sociétés commerciales et du groupement d\'intérêt économique','admin','2025-03-14 08:34:12','2025-03-14 08:34:12'),(114,'Texte juridique Crée: Acte uniforme relatif au droit de l\'arbitrage (2017)','admin','2025-03-14 08:45:06','2025-03-14 08:45:06'),(115,'Texte juridique modifié: Acte uniforme relatif au droit de l\'arbitrage (1999)','admin','2025-03-14 08:46:32','2025-03-14 08:46:32'),(116,'Texte juridique Crée: PME Local','admin','2025-03-14 12:04:48','2025-03-14 12:04:48'),(117,'Texte juridique modifié: PME Local','admin','2025-03-14 12:17:30','2025-03-14 12:17:30'),(118,'Texte juridique modifié: PME Local','admin','2025-03-14 12:22:30','2025-03-14 12:22:30'),(119,'Texte juridique Crée: yes we','admin','2025-03-14 12:25:44','2025-03-14 12:25:44'),(120,'Texte juridique supprimée: yes we','admin','2025-03-14 12:39:23','2025-03-14 12:39:23'),(121,'Texte juridique modifié: PME Local','admin','2025-03-14 12:39:41','2025-03-14 12:39:41'),(122,'Texte juridique modifié: Nouvelle PME Local','admin','2025-03-14 12:51:37','2025-03-14 12:51:37'),(123,'Texte juridique modifié: Nouvelle PME Local','admin','2025-03-14 12:53:08','2025-03-14 12:53:08'),(124,'Texte juridique modifié: Nouvelle PME','admin','2025-03-14 12:58:10','2025-03-14 12:58:10'),(125,'Texte juridique modifié: Nouvelle Local PME','admin','2025-03-14 13:03:38','2025-03-14 13:03:38'),(126,'Texte juridique supprimée: Nouvelle Local PME','admin','2025-03-14 13:59:22','2025-03-14 13:59:22'),(127,'Texte juridique Crée: YAYAYY','admin','2025-03-18 23:44:53','2025-03-18 23:44:53'),(128,'Texte juridique modifié: YAYAYY','admin','2025-03-19 00:52:58','2025-03-19 00:52:58'),(129,'Texte juridique supprimée: YAYAYY','admin','2025-03-19 00:53:02','2025-03-19 00:53:02'),(130,'Texte juridique Crée: vvvvvvvvvvvv','admin','2025-03-19 00:55:20','2025-03-19 00:55:20'),(131,'Texte juridique supprimée: vvvvvvvvvvvv','admin','2025-03-19 00:55:47','2025-03-19 00:55:47'),(132,'Texte juridique modifié: Loi N° 015/2005 du 08/08/2005 portant code des pêches et de l’aquaculture en République gabonaise','admin','2025-03-22 15:05:14','2025-03-22 15:05:14'),(133,'Type Crée: Pascal Célestre Dissivouloud','admin','2025-03-26 06:44:58','2025-03-26 06:44:58'),(134,'Type supprimée: Pascal Célestre Dissivouloud','admin','2025-03-26 06:45:03','2025-03-26 06:45:03'),(135,'Institution modifié de \'Fonds Gabonais d’Investissements Stratégiques (FGIS)\' à \'Fonds Gabonais d’Investissements Stratégiques (FGIS)\'','admin','2025-03-26 06:49:42','2025-03-26 06:49:42'),(136,'Institution modifié de \'Fonds Gabonais d’Investissements Stratégiques (FGIS)\' à \'Fonds Gabonais d’Investissements Stratégiques (FGIS)\'','admin','2025-03-28 10:32:55','2025-03-28 10:32:55'),(137,'Type modifié de \'Les structures d\'encadrement et d\'accompagnement\' à \'Les structures d\'encadrement et d\'accompagnement privées\'','admin','2025-03-28 10:39:06','2025-03-28 10:39:06'),(138,'Type Crée: Les structures d\'encadrement et d\'accompagnement publiques','admin','2025-03-28 10:40:04','2025-03-28 10:40:04'),(139,'Institution modifié de \'Espace PME (EPME)\' à \'Espace PME (EPME)\'','admin','2025-03-28 10:41:03','2025-03-28 10:41:03'),(140,'Institution modifié de \'La Maison de l’Auto-Emploi (MAE)\' à \'La Maison de l’Auto-Emploi (MAE)\'','admin','2025-03-28 10:41:21','2025-03-28 10:41:21'),(141,'Texte juridique Crée: test email','admin','2025-03-28 10:44:39','2025-03-28 10:44:39'),(142,'Texte juridique supprimée: test email','admin','2025-03-28 10:45:58','2025-03-28 10:45:58'),(143,'Institution modifié de \'Fonds Okoumé Capital\' à \'Fonds Okoumé Capital\'','admin','2025-03-28 10:53:59','2025-03-28 10:53:59'),(144,'Institution modifié de \'Société de Garantie du Gabon – SGG\' à \'Société de Garantie du Gabon – SGG\'','admin','2025-03-28 10:54:39','2025-03-28 10:54:39'),(145,'Type modifié de \'Les banques\' à \'Banques\'','admin','2025-03-28 10:54:57','2025-03-28 10:54:57'),(146,'Type modifié de \'Les établissements de microfinance et de mésofinance (EMF)\' à \'Etablissements de microfinance et de mésofinance (EMF)\'','admin','2025-03-28 10:55:24','2025-03-28 10:55:24'),(147,'Type modifié de \'Les structures d\'encadrement et d\'accompagnement privées\' à \'Structures d\'encadrement et d\'accompagnement privées\'','admin','2025-03-28 10:55:34','2025-03-28 10:55:34'),(148,'Type modifié de \'Les structures d\'encadrement et d\'accompagnement publiques\' à \'Structures d\'encadrement et d\'accompagnement publiques\'','admin','2025-03-28 10:55:44','2025-03-28 10:55:44'),(149,'Type modifié de \'Fonds d\'investissement et de garantie\' à \'Fonds d\'investissement\'','admin','2025-03-28 11:00:17','2025-03-28 11:00:17'),(150,'Type Crée: Fonds de garantie','admin','2025-03-28 11:00:56','2025-03-28 11:00:56'),(151,'Institution modifié de \'Société de Garantie du Gabon – SGG\' à \'Société de Garantie du Gabon – SGG\'','admin','2025-03-28 11:01:37','2025-03-28 11:01:37'),(152,'Type modifié de \'Etablissements de microfinance et de mésofinance (EMF)\' à \'Etablissements de microfinance (EMF)\'','admin','2025-03-28 11:02:56','2025-03-28 11:02:56'),(153,'Type Crée: Etablissement de microfinance et Mésofinance','admin','2025-03-28 11:06:18','2025-03-28 11:06:18'),(154,'Institution modifié de \'COFINA (mésofinance)\' à \'COFINA (mésofinance)\'','admin','2025-03-28 11:06:44','2025-03-28 11:06:44'),(155,'Type modifié de \'Structures d\'encadrement et d\'accompagnement publiques\' à \'Structure d\'encadrement et d\'accompagnement publique\'','admin','2025-03-28 11:13:48','2025-03-28 11:13:48'),(156,'Type modifié de \'Structures d\'encadrement et d\'accompagnement privées\' à \'Structure d\'encadrement et d\'accompagnement privée\'','admin','2025-03-28 11:13:59','2025-03-28 11:13:59'),(157,'Type modifié de \'Banques\' à \'Banque privée\'','admin','2025-03-28 11:14:37','2025-03-28 11:14:37'),(158,'Type modifié de \'Etablissements de microfinance (EMF)\' à \'Etablissement de microfinance (EMF)\'','admin','2025-03-28 11:15:02','2025-03-28 11:15:02'),(159,'Texte juridique Crée: Décret n°465/ PR/MTPN réglementant les activités des agences de voyages','admin','2025-03-31 11:10:21','2025-03-31 11:10:21'),(160,'Texte juridique modifié: Décret n°465/ PR/MTPN réglementant les activités des agences de voyages','admin','2025-03-31 11:10:43','2025-03-31 11:10:43'),(161,'Texte juridique modifié: Décret n°465/PR/MTPN du 18 mai 1976 réglementant les activités des agences de voyages','admin','2025-03-31 11:11:59','2025-03-31 11:11:59'),(162,'Texte juridique Crée: Ordonnance n°21/68 du 09/04/1968 portant modification de la réglementation forestière','admin','2025-03-31 11:19:18','2025-03-31 11:19:18'),(163,'Texte juridique Crée: Arrêté n°03221/MER/MBCP fixant le barème des frais pour la passation des marchés publics du 21 juillet 2021','admin','2025-03-31 11:24:26','2025-03-31 11:24:26'),(164,'Texte juridique modifié: Acte uniforme relatif au droit comptable et à l\'information financière','admin','2025-03-31 11:28:48','2025-03-31 11:28:48'),(165,'Texte juridique Crée: Acte uniforme relatif au droit de l\'arbitrage (1999)','admin','2025-03-31 11:36:38','2025-03-31 11:36:38'),(166,'Texte juridique modifié: Acte uniforme portant organisation des procédures collectives d\'apurement du passif (1998)','admin','2025-03-31 11:39:48','2025-03-31 11:39:48'),(167,'Texte juridique modifié: Acte uniforme portant organisation et harmonisation des comptabilités des entreprises (2000)','admin','2025-03-31 11:41:23','2025-03-31 11:41:23'),(168,'Texte juridique modifié: Acte uniforme relatif au droit commercial général (1997)','admin','2025-03-31 11:42:46','2025-03-31 11:42:46'),(169,'Texte juridique modifié: Acte uniforme relatif au droit comptable et à l\'information financière (2016)','admin','2025-03-31 11:43:22','2025-03-31 11:43:22'),(170,'Texte juridique modifié: Acte uniforme portant organisation des procédures simplifiées de recouvrement et des voies d\'exécution (1998)','admin','2025-03-31 11:44:15','2025-03-31 11:44:15'),(171,'Texte juridique modifié: Acte uniforme portant organisation des sûretés (1997)','admin','2025-03-31 11:44:40','2025-03-31 11:44:40'),(172,'Texte juridique modifié: Acte uniforme relatif au droit des sociétés commerciales et du groupement d\'intérêt économique (1997)','admin','2025-03-31 11:45:22','2025-03-31 11:45:22'),(173,'Texte juridique Crée: Acte uniforme portant organisation des procédures collectives d\'apurement du passif (2015)','admin','2025-03-31 11:53:11','2025-03-31 11:53:11'),(174,'Texte juridique Crée: Acte uniforme révisé portant sur le droit commercial général (2010)','admin','2025-03-31 11:56:18','2025-03-31 11:56:18'),(175,'Texte juridique Crée: Acte uniforme relatif aux contrats de transport de marchandises par route (2003)','admin','2025-03-31 11:59:23','2025-03-31 11:59:23'),(176,'Texte juridique Crée: Acte uniforme relatif à la médiation (2017)','admin','2025-03-31 12:01:41','2025-03-31 12:01:41'),(177,'Texte juridique Crée: Acte uniforme portant organisation des procédures simplifiées de recouvrement et des voies d\'exécution (2023)','admin','2025-03-31 12:04:56','2025-03-31 12:04:56'),(178,'Texte juridique Crée: Acte uniforme révisé portant organisation des sûretés (2010)','admin','2025-03-31 12:10:13','2025-03-31 12:10:13'),(179,'Texte juridique Crée: Acte uniforme révisé relatif au droit des sociétés commerciales et du groupement d\'intérêt économique (2014)','admin','2025-03-31 12:13:46','2025-03-31 12:13:46'),(180,'Texte juridique Crée: Acte uniforme relatif au droit des sociétés coopératives  (2010)','admin','2025-03-31 12:16:20','2025-03-31 12:16:20'),(181,'Texte juridique Crée: Traité relatif à l\'harmonisation du droit des affaires en Afrique (1993)','admin','2025-03-31 12:25:02','2025-03-31 12:25:02'),(182,'Texte juridique Crée: Traité portant révision du Traité relatif à l\'harmonisation du droit des affaires en Afrique (2008)','admin','2025-03-31 12:27:09','2025-03-31 12:27:09'),(183,'Texte juridique Crée: Règlement d\'arbitrage de la Cour Commune de Justice et d\'Arbitrage','admin','2025-03-31 12:35:34','2025-03-31 12:35:34'),(184,'Texte juridique modifié: Règlement d\'arbitrage de la Cour Commune de Justice et d\'Arbitrage (1999)','admin','2025-03-31 12:37:06','2025-03-31 12:37:06'),(185,'Texte juridique Crée: Règlement de procédure de la Cour Commune de Justice et d\'Arbitrage (1996)','admin','2025-03-31 12:37:53','2025-03-31 12:37:53'),(186,'Texte juridique Crée: Règlement n° 01/2014/CM/OHADA modifiant et complétant le règlement de procédure de la Cour Commune de Justice et d\'Arbitrage du 18 avril 1996 (2014)','admin','2025-03-31 12:45:00','2025-03-31 12:45:00'),(187,'Texte juridique Crée: Règlement d\'arbitrage de la Cour Commune de Justice et d\'Arbitrage (2017)','admin','2025-03-31 12:46:08','2025-03-31 12:46:08'),(188,'Type modifié de \'Etablissement de microfinance et Mésofinance\' à \'Etablissement de microfinance et Mésofinance\'','admin','2025-04-02 21:00:24','2025-04-02 21:00:24'),(189,'Institution modifié de \'Akewa Accélérateur\' à \'Akewa Accélérateur\'','admin','2025-04-04 09:25:47','2025-04-04 09:25:47'),(190,'Institution modifié de \'Société d’Incubation Numérique du Gabon (SING)\' à \'Société d’Incubation Numérique du Gabon (SING)\'','admin','2025-04-04 09:29:00','2025-04-04 09:29:00'),(191,'Texte juridique modifié: Règlement d\'arbitrage de la Cour Commune de Justice et d\'Arbitrage (2017)','admin','2025-04-11 14:14:04','2025-04-11 14:14:04'),(192,'Categorie modifié de \'Textes internationaux\' à \'Textes internationauxs\'','admin','2025-04-16 00:17:44','2025-04-16 00:17:44'),(193,'Categorie modifié de \'Textes internationauxs\' à \'Textes internationaux\'','admin','2025-04-16 00:17:51','2025-04-16 00:17:51'),(194,'Secteur Crée: traités internationaux (traités, accords et conventions)','admin','2025-04-16 00:47:42','2025-04-16 00:47:42'),(195,'Secteur Crée: lois organiques','admin','2025-04-16 00:48:02','2025-04-16 00:48:02'),(196,'Secteur Crée: lois','admin','2025-04-16 00:48:21','2025-04-16 00:48:21'),(197,'Secteur Crée: Décrets','admin','2025-04-16 00:48:42','2025-04-16 00:48:42'),(198,'Secteur Crée: Ordonnances','admin','2025-04-16 00:48:56','2025-04-16 00:48:56'),(199,'Secteur Crée: Arrêtés','admin','2025-04-16 00:49:07','2025-04-16 00:49:07'),(200,'Secteur Crée: circulaires','admin','2025-04-16 00:49:20','2025-04-16 00:49:20'),(201,'Secteur Crée: Directives','admin','2025-04-16 00:49:38','2025-04-16 00:49:38'),(202,'Secteur modifié de \'traités internationaux (traités, accords et conventions)\' à \'Traités internationaux (traités, accords et conventions)\'','admin','2025-04-16 00:49:47','2025-04-16 00:49:47'),(203,'Secteur modifié de \'lois organiques\' à \'Lois organiques\'','admin','2025-04-16 00:49:55','2025-04-16 00:49:55'),(204,'Secteur modifié de \'lois\' à \'Lois\'','admin','2025-04-16 00:50:16','2025-04-16 00:50:16'),(205,'Secteur modifié de \'circulaires\' à \'Circulaires\'','admin','2025-04-16 00:50:31','2025-04-16 00:50:31'),(206,'Texte juridique Crée: SLLS','admin','2025-04-16 01:17:58','2025-04-16 01:17:58'),(207,'Texte juridique supprimée: SLLS','admin','2025-04-16 01:18:09','2025-04-16 01:18:09'),(208,'Texte juridique Crée: SLLSx','admin','2025-04-16 01:40:26','2025-04-16 01:40:26'),(209,'Texte juridique Crée: SLLSxddd','admin','2025-04-16 01:40:49','2025-04-16 01:40:49'),(210,'Texte juridique Crée: Baba','admin','2025-04-16 01:41:45','2025-04-16 01:41:45'),(211,'Texte juridique supprimée: Baba','admin','2025-04-16 01:43:24','2025-04-16 01:43:24'),(212,'Texte juridique supprimée: SLLSx','admin','2025-04-16 01:43:29','2025-04-16 01:43:29'),(213,'Texte juridique modifié: SLLSxddd','admin','2025-04-16 02:00:15','2025-04-16 02:00:15'),(214,'Texte juridique supprimée: SLLSxddd','admin','2025-04-16 02:00:25','2025-04-16 02:00:25'),(215,'Texte juridique modifié: Règlement d\'arbitrage de la Cour Commune de Justice et d\'Arbitrage (2017)','admin','2025-04-16 02:00:47','2025-04-16 02:00:47'),(216,'Texte juridique modifié: Décret n°465/PR/MTPN du 18 mai 1976 réglementant les activités des agences de voyages','admin','2025-04-16 02:01:02','2025-04-16 02:01:02'),(217,'Texte juridique modifié: Ordonnance n°21/68 du 09/04/1968 portant modification de la réglementation forestière','admin','2025-04-16 02:01:15','2025-04-16 02:01:15'),(218,'Texte juridique modifié: Arrêté n°03221/MER/MBCP fixant le barème des frais pour la passation des marchés publics du 21 juillet 2021','admin','2025-04-16 02:01:27','2025-04-16 02:01:27'),(219,'Texte juridique modifié: Acte uniforme relatif au droit de l\'arbitrage (1999)','admin','2025-04-16 02:01:44','2025-04-16 02:01:44'),(220,'Texte juridique modifié: Acte uniforme portant organisation des procédures collectives d\'apurement du passif (2015)','admin','2025-04-16 02:02:00','2025-04-16 02:02:00'),(221,'Texte juridique modifié: Acte uniforme révisé portant sur le droit commercial général (2010)','admin','2025-04-16 02:02:21','2025-04-16 02:02:21'),(222,'Texte juridique modifié: Acte uniforme relatif aux contrats de transport de marchandises par route (2003)','admin','2025-04-16 02:02:46','2025-04-16 02:02:46'),(223,'Texte juridique modifié: Acte uniforme relatif à la médiation (2017)','admin','2025-04-16 02:02:58','2025-04-16 02:02:58'),(224,'Texte juridique modifié: Acte uniforme portant organisation des procédures simplifiées de recouvrement et des voies d\'exécution (2023)','admin','2025-04-16 02:03:17','2025-04-16 02:03:17'),(225,'Texte juridique modifié: Acte uniforme révisé relatif au droit des sociétés commerciales et du groupement d\'intérêt économique (2014)','admin','2025-04-16 02:03:44','2025-04-16 02:03:44'),(226,'Texte juridique modifié: Acte uniforme relatif au droit des sociétés coopératives  (2010)','admin','2025-04-16 02:03:59','2025-04-16 02:03:59'),(227,'Texte juridique modifié: Traité relatif à l\'harmonisation du droit des affaires en Afrique (1993)','admin','2025-04-16 02:04:11','2025-04-16 02:04:11'),(228,'Texte juridique modifié: Traité portant révision du Traité relatif à l\'harmonisation du droit des affaires en Afrique (2008)','admin','2025-04-16 02:04:25','2025-04-16 02:04:25'),(229,'Texte juridique modifié: Règlement d\'arbitrage de la Cour Commune de Justice et d\'Arbitrage (1999)','admin','2025-04-16 02:04:37','2025-04-16 02:04:37'),(230,'Texte juridique modifié: Règlement de procédure de la Cour Commune de Justice et d\'Arbitrage (1996)','admin','2025-04-16 02:05:02','2025-04-16 02:05:02'),(231,'Texte juridique modifié: Règlement n° 01/2014/CM/OHADA modifiant et complétant le règlement de procédure de la Cour Commune de Justice et d\'Arbitrage du 18 avril 1996 (2014)','admin','2025-04-16 02:05:35','2025-04-16 02:05:35'),(232,'Texte juridique modifié: Acte uniforme révisé portant organisation des sûretés (2010)','admin','2025-04-16 02:05:49','2025-04-16 02:05:49'),(233,'Texte juridique modifié: Décret N° 0578/PR/MAEAMOPG du 26/11/2015 fixant les conditions sanitaires et d\'hygiène applicables aux établissements du secteur alimentaire et du secteur de l\'alimentation animale','admin','2025-04-16 02:06:04','2025-04-16 02:06:04'),(234,'Texte juridique modifié: Loi n°022/2008 du 10/12/2008 portant Code Agricole en République Gabonaise','admin','2025-04-16 02:06:20','2025-04-16 02:06:20'),(235,'Texte juridique modifié: Loi n°02/2013 du 06 février 2013 portant extension du régime fiscal et douanier incitatif en faveur des exploitants agricoles','admin','2025-04-16 02:06:36','2025-04-16 02:06:36'),(236,'Texte juridique modifié: Loi N° 015/2005 du 08/08/2005 portant code des pêches et de l’aquaculture en République gabonaise','admin','2025-04-16 02:06:50','2025-04-16 02:06:50'),(237,'Texte juridique modifié: Ordonnance N° 008/PR/2010 du 25/02/2010 portant modification et abrogation de certaines dispositions de la loi n°16/01 du 31 décembre 2001 portant Code Forestier en République Gabonaise','admin','2025-04-16 02:07:15','2025-04-16 02:07:15'),(238,'Texte juridique modifié: Loi n°027/2008 du 22 janvier 2009 portant Code Général des Impôts, mis à jour de la loi de finances pour 2019;','admin','2025-04-16 02:07:38','2025-04-16 02:07:38'),(239,'Texte juridique modifié: Loi N° 021/2005 du 10/01/2006 portant loi d’orientation de la stratégie de développement économique et social en République gabonaise','admin','2025-04-16 02:07:53','2025-04-16 02:07:53'),(240,'Texte juridique modifié: Acte uniforme portant organisation et harmonisation des comptabilités des entreprises (2000)','admin','2025-04-16 02:08:08','2025-04-16 02:08:08'),(241,'Texte juridique modifié: Acte uniforme relatif au droit commercial général (1997)','admin','2025-04-16 02:08:26','2025-04-16 02:08:26'),(242,'Texte juridique modifié: Acte uniforme relatif au droit comptable et à l\'information financière (2016)','admin','2025-04-16 02:08:38','2025-04-16 02:08:38'),(243,'Texte juridique modifié: Acte uniforme portant organisation des procédures collectives d\'apurement du passif (1998)','admin','2025-04-16 02:08:52','2025-04-16 02:08:52'),(244,'Texte juridique modifié: Acte uniforme relatif au droit de l\'arbitrage (1999)','admin','2025-04-16 02:09:06','2025-04-16 02:09:06'),(245,'Texte juridique modifié: Acte uniforme portant organisation des procédures simplifiées de recouvrement et des voies d\'exécution (1998)','admin','2025-04-16 02:20:40','2025-04-16 02:20:40'),(246,'Texte juridique modifié: Acte uniforme portant organisation des sûretés (1997)','admin','2025-04-16 02:20:55','2025-04-16 02:20:55'),(247,'Texte juridique modifié: Acte uniforme relatif au droit des sociétés commerciales et du groupement d\'intérêt économique (1997)','admin','2025-04-16 02:21:11','2025-04-16 02:21:11'),(248,'Texte juridique modifié: Décret N° 0292/PR/MAEPDR du 18/02/2011 portant création et organisation de l\'Agence Gabonaise de Sécurité Alimentaire.','admin','2025-04-16 02:21:53','2025-04-16 02:21:53'),(249,'Texte juridique modifié: Décret N° 0311/PR/MPIIHAT du 24/09/2014 portant création et organisation de l\'Agence Nationale de Promotion des Investissements du Gabon','admin','2025-04-16 02:22:09','2025-04-16 02:22:09'),(250,'Texte juridique modifié: Décret N° 00430/PR/MCPMEI du 24/12/2020 portant approbation des statuts de la Chambre Nationale des Métiers de l\'Artisanat du Gabon','admin','2025-04-16 02:22:26','2025-04-16 02:22:26'),(251,'Texte juridique modifié: Décret N° 0667/PR/MAEPDR du 09/07/2013 portant modification de certaines dispositions du décret n°0292/PR/MAEPDR du 18 février 2011 portant création et organisation de l\'Agence Gabonaise de Sécurité Alimentaire','admin','2025-04-16 02:22:40','2025-04-16 02:22:40'),(252,'Texte juridique modifié: Décret N° 0728/PR/MECIT du 20/06/2011 portant réorganisation de la Chambre de Commerce, d\'Agriculture, d\'Industrie, des Mines et d\'Artisanat du Gabon','admin','2025-04-16 02:22:54','2025-04-16 02:22:54'),(253,'Texte juridique modifié: Décret N° 0026/PR/MCPME du 02/04/2023 portant attributions, organisation et fonctionnement du Comité National de Suivi de la Sous-Traitance','admin','2025-04-16 02:23:05','2025-04-16 02:23:05'),(254,'Texte juridique modifié: Décret N° n°0326/PR/MMIT du 02/07/2015 Décret n°0326/PR/MMIT du 02 juillet 2015 complétant certaines dispositions du décret n°0227/PR/MMIT portant création de l\'Agence Gabonaise de Normalisation','admin','2025-04-16 02:23:18','2025-04-16 02:23:18'),(255,'Texte juridique modifié: Règlement d\'arbitrage de la Cour Commune de Justice et d\'Arbitrage (2017)','admin','2025-04-16 02:23:28','2025-04-16 02:23:28'),(256,'Texte juridique modifié: Décret n°0331/PR/MPMEAC du 28 février 2013 portant attributions et organisation du Ministère des Petites et Moyennes Entreprises, de l\'Artisanat et du Commerce','admin','2025-04-16 02:23:42','2025-04-16 02:23:42'),(257,'Texte juridique modifié: Décret N° 01405/PR/MPMEA du 06/12/2011 portant attributions et organisation de la Direction Générale de l\'Artisanat','admin','2025-04-16 02:23:57','2025-04-16 02:23:57'),(258,'Texte juridique modifié: Loi n°009/2018 du 08 février 2019 relative aux structures d\'encadrement et d\'accompagnement Petites et Moyennes Entreprises.','admin','2025-04-16 02:24:11','2025-04-16 02:24:11'),(259,'Texte juridique modifié: Arrêté N° 0271/PM du 03/05/2021 portant organisation des élections à la Chambre de Commerce, d\'Agriculture, d\'Industrie, des Mines et de l\'Artisanat du Gabon','admin','2025-04-16 02:24:25','2025-04-16 02:24:25'),(260,'Texte juridique modifié: Loi n°001/2007 du 27 août 2007, instituant la Bourse de sous-trairance et de Partenariat','admin','2025-04-16 02:24:39','2025-04-16 02:24:39'),(261,'Texte juridique modifié: Loi n°024/2021 du 29 novembre 2021 portant ratification de l\'ordonnance n°003/PR/2021 portant réglementation de la sous-traitance en République Gabonaise','admin','2025-04-16 02:24:52','2025-04-16 02:24:52'),(262,'Texte juridique modifié: Loi N° 021/2005 du 10/01/2006 portant loi d’orientation de la stratégie de développement économique et social en République gabonaise','admin','2025-04-16 02:25:06','2025-04-16 02:25:06'),(263,'Texte juridique modifié: Loi N° 52/63 du 02/12/1963 modifiant la loi 75/59 du 23 décembre 1959 portant création et statuts de la chambre du Commerce d’agriculture, d\'Industrie et des mines de la République Gabonais','admin','2025-04-16 02:25:27','2025-04-16 02:25:27'),(264,'Texte juridique modifié: Loi n°008/2018 du 08 février 2019 portant orientation de la politique nationale de la promotion des Petites et Moyennes Entreprises','admin','2025-04-16 02:25:43','2025-04-16 02:25:43'),(265,'Texte juridique modifié: Décret N° 00231/PR/MM du 02/08/2017 portant sur le régime de substance stratégique de l\'or','admin','2025-04-16 02:26:01','2025-04-16 02:26:01'),(266,'Texte juridique modifié: Arrêté 00006/MAEPDRISG/DGDR du 25/03/2013 fixant les modalités de délivrance de l’Agrément Technique d’Exploitation Agricole','admin','2025-04-16 02:26:18','2025-04-16 02:26:18'),(267,'Texte juridique modifié: Décret N° 0053/PR/MEP du 21/11/2023 modifiant et complétant certaines dispositions du décret n°00027/PR/MEPPDD du 17 janvier 2018 portant Code des Marchés Publics','admin','2025-04-16 02:26:39','2025-04-16 02:26:39'),(268,'Texte juridique modifié: Loi n°002/2019 du 16 juillet 2019 portant réglementation du secteur des hydrocarbures en République Gabonaise (JO 2019‐27 ter)','admin','2025-04-16 02:26:54','2025-04-16 02:26:54'),(269,'Texte juridique modifié: Règlement d\'arbitrage de la Cour Commune de Justice et d\'Arbitrage (2017)','admin','2025-04-16 02:27:08','2025-04-16 02:27:08'),(270,'Texte juridique modifié: Arrêté N° 000967/MCPME/MER/MBCP du 29/09/2022 fixant le montant et les modalités de perception des frais de dossier de demande d\'Agrément PME','admin','2025-04-16 02:27:26','2025-04-16 02:27:26'),(271,'Texte juridique modifié: Décret 00027/PR/MEPPDD du 17 janvier 2018 portant Code des Marché Publics : Articles : 100, 119,187,188,189, 190, 191… ;','admin','2025-04-16 02:27:48','2025-04-16 02:27:48'),(272,'Texte juridique modifié: Décret N° 592/PR/MPMEPMI du 15/05/2001 portant création et organisation du Label Qualité-Entreprise de la Petite et Moyenne Entreprise, de la Petite et Moyenne Industrie gabonaise.','admin','2025-04-16 02:28:03','2025-04-16 02:28:03'),(273,'Texte juridique modifié: Loi n°039/2018 du 28 décembre 2018 fixant le régime du mécénat el du parrainage en République Gabonaise','admin','2025-04-16 02:28:19','2025-04-16 02:28:19'),(274,'Texte juridique modifié: Acte uniforme portant organisation des procédures collectives d\'apurement du passif (2015)','admin','2025-04-16 02:28:29','2025-04-16 02:28:29'),(275,'Texte juridique modifié: Décret N° 00290/PR/MTPEI du 17/11/2022 portant approbation des statuts du Fonds Autonome National d\'Entretien Routier, en abrégé FANER','admin','2025-04-16 02:28:45','2025-04-16 02:28:45'),(276,'Texte juridique modifié: Loi n°023/2008 du 1O décembre 2008 portant politique de développement agricole durable','admin','2025-04-16 02:29:04','2025-04-16 02:29:04'),(277,'Texte juridique modifié: Décret N° 0227/PR/MIMT du 23/06/2014 portant création et organisation de l\'Agence Gabonaise de Normalisation','admin','2025-04-16 02:29:20','2025-04-16 02:29:20'),(278,'Texte juridique modifié: Règlement d\'arbitrage de la Cour Commune de Justice et d\'Arbitrage (2017)','admin','2025-04-16 02:29:30','2025-04-16 02:29:30'),(279,'Texte juridique modifié: Décret N° 0236/PR/MMIT du 02/04/2015 portant réorganisation de la Direction Générale du Tourisme et des Loisirs','admin','2025-04-16 02:29:44','2025-04-16 02:29:44'),(280,'Texte juridique modifié: Décret N° 0035/PR/MTLC du 16/01/2024 portant approbation des statuts du Pôle National de Promotion de l\'Emploi','admin','2025-04-16 02:29:59','2025-04-16 02:29:59'),(281,'Texte juridique modifié: Décret N° 0242/PR/MCPME du 04/09/2022 portant nomenclature des Corps des Métiers de l\'Artisanat en République Gabonaise','admin','2025-04-16 02:30:16','2025-04-16 02:30:16'),(282,'Texte juridique modifié: Arrêté n°03221/MER/MBCP fixant le barème des frais pour la passation des marchés publics du 21 juillet 2021','admin','2025-04-16 02:30:30','2025-04-16 02:30:30'),(283,'Texte juridique modifié: Décret N° 273/MINTRHFP du 02/03/1994 relatif au fonctionnement du Fonds d \'aide à l\'insertion et à la réinsertion professionnelles','admin','2025-04-16 02:30:43','2025-04-16 02:30:43'),(284,'Texte juridique modifié: Loi n°028/2016 du 06/02/2017 portant Code de Protection Sociale en République Gabonaise','admin','2025-04-16 02:30:59','2025-04-16 02:30:59'),(285,'Texte juridique modifié: Acte uniforme relatif au droit de l\'arbitrage (2017)','admin','2025-04-16 02:31:14','2025-04-16 02:31:14'),(286,'Texte juridique modifié: Loi n°037/2018 du 10/06/2019 portant réglementation du secteur minier','admin','2025-04-16 02:31:29','2025-04-16 02:31:29'),(287,'Texte juridique modifié: Décret N° 01405/PR/MPMEA du 06/12/2011 portant attributions et organisation de la Direction Générale de l\'Artisanat','admin','2025-04-16 02:31:43','2025-04-16 02:31:43'),(288,'Texte juridique modifié: Décret n°465/PR/MTPN du 18 mai 1976 réglementant les activités des agences de voyages','admin','2025-04-16 02:54:17','2025-04-16 02:54:17'),(289,'Texte juridique modifié: Règlement d\'arbitrage de la Cour Commune de Justice et d\'Arbitrage (2017)','admin','2025-04-16 02:54:36','2025-04-16 02:54:36'),(290,'Texte juridique modifié: Arrêté n°03221/MER/MBCP fixant le barème des frais pour la passation des marchés publics du 21 juillet 2021','admin','2025-04-16 02:54:50','2025-04-16 02:54:50'),(291,'Texte juridique modifié: Ordonnance n°21/68 du 09/04/1968 portant modification de la réglementation forestière','admin','2025-04-16 02:55:09','2025-04-16 02:55:09'),(292,'Texte juridique modifié: Décret N° 0578/PR/MAEAMOPG du 26/11/2015 fixant les conditions sanitaires et d\'hygiène applicables aux établissements du secteur alimentaire et du secteur de l\'alimentation animale','admin','2025-04-16 02:55:48','2025-04-16 02:55:48'),(293,'Texte juridique modifié: Loi n°022/2008 du 10/12/2008 portant Code Agricole en République Gabonaise','admin','2025-04-16 02:56:06','2025-04-16 02:56:06'),(294,'Texte juridique modifié: Loi n°02/2013 du 06 février 2013 portant extension du régime fiscal et douanier incitatif en faveur des exploitants agricoles','admin','2025-04-16 02:56:23','2025-04-16 02:56:23'),(295,'Texte juridique modifié: Loi n°037/2018 du 10/06/2019 portant réglementation du secteur minier','admin','2025-04-16 02:57:25','2025-04-16 02:57:25'),(296,'Texte juridique modifié: Loi N° 015/2005 du 08/08/2005 portant code des pêches et de l’aquaculture en République gabonaise','admin','2025-04-16 02:58:17','2025-04-16 02:58:17'),(297,'Texte juridique modifié: Ordonnance N° 008/PR/2010 du 25/02/2010 portant modification et abrogation de certaines dispositions de la loi n°16/01 du 31 décembre 2001 portant Code Forestier en République Gabonaise','admin','2025-04-16 02:58:36','2025-04-16 02:58:36'),(298,'Texte juridique modifié: Règlement n° 01/2014/CM/OHADA modifiant et complétant le règlement de procédure de la Cour Commune de Justice et d\'Arbitrage du 18 avril 1996 (2014)','admin','2025-04-16 02:59:22','2025-04-16 02:59:22'),(299,'Texte juridique modifié: Loi n°027/2008 du 22 janvier 2009 portant Code Général des Impôts, mis à jour de la loi de finances pour 2019;','admin','2025-04-16 02:59:42','2025-04-16 02:59:42'),(300,'Texte juridique modifié: Loi N° 021/2005 du 10/01/2006 portant loi d’orientation de la stratégie de développement économique et social en République gabonaise','admin','2025-04-16 03:00:09','2025-04-16 03:00:09'),(301,'Texte juridique modifié: Loi n°028/2016 du 06/02/2017 portant Code de Protection Sociale en République Gabonaise','admin','2025-04-16 03:00:46','2025-04-16 03:00:46'),(302,'Texte juridique modifié: Décret N° 273/MINTRHFP du 02/03/1994 relatif au fonctionnement du Fonds d \'aide à l\'insertion et à la réinsertion professionnelles','admin','2025-04-16 03:01:03','2025-04-16 03:01:03'),(303,'Texte juridique modifié: Décret N° 0242/PR/MCPME du 04/09/2022 portant nomenclature des Corps des Métiers de l\'Artisanat en République Gabonaise','admin','2025-04-16 03:01:15','2025-04-16 03:01:15'),(304,'Texte juridique modifié: Décret N° 0236/PR/MMIT du 02/04/2015 portant réorganisation de la Direction Générale du Tourisme et des Loisirs','admin','2025-04-16 03:01:39','2025-04-16 03:01:39'),(305,'Secteur modifié de \'Traités internationaux (traités, accords et conventions)\' à \'Traités internationaux (traités, actes, accords et conventions)\'','admin','2025-04-16 10:03:34','2025-04-16 10:03:34'),(306,'Secteur modifié de \'Traités internationaux (traités, actes, accords et conventions)\' à \'Traités\'','admin','2025-04-16 10:05:04','2025-04-16 10:05:04'),(307,'Secteur Crée: Actes','admin','2025-04-16 10:05:19','2025-04-16 10:05:19'),(308,'Secteur Crée: Accord','admin','2025-04-16 10:05:32','2025-04-16 10:05:32'),(309,'Secteur Crée: Conventions','admin','2025-04-16 10:05:41','2025-04-16 10:05:41'),(310,'Secteur modifié de \'Accord\' à \'Accords\'','admin','2025-04-16 10:05:53','2025-04-16 10:05:53'),(311,'Secteur Crée: Règlements','admin','2025-04-16 10:07:02','2025-04-16 10:07:02'),(312,'Texte juridique modifié: Règlement d\'arbitrage de la Cour Commune de Justice et d\'Arbitrage (2017)','admin','2025-04-16 10:07:43','2025-04-16 10:07:43'),(313,'Texte juridique modifié: Acte uniforme portant organisation des procédures collectives d\'apurement du passif (2015)','admin','2025-04-16 10:07:52','2025-04-16 10:07:52'),(314,'Texte juridique modifié: Acte uniforme relatif au droit de l\'arbitrage (1999)','admin','2025-04-16 10:08:11','2025-04-16 10:08:11'),(315,'Texte juridique modifié: Acte uniforme révisé portant sur le droit commercial général (2010)','admin','2025-04-16 10:08:28','2025-04-16 10:08:28'),(316,'Texte juridique modifié: Acte uniforme relatif aux contrats de transport de marchandises par route (2003)','admin','2025-04-16 10:08:41','2025-04-16 10:08:41'),(317,'Texte juridique modifié: Acte uniforme relatif à la médiation (2017)','admin','2025-04-16 10:08:51','2025-04-16 10:08:51'),(318,'Texte juridique modifié: Acte uniforme portant organisation des procédures simplifiées de recouvrement et des voies d\'exécution (2023)','admin','2025-04-16 10:09:03','2025-04-16 10:09:03'),(319,'Texte juridique modifié: Acte uniforme révisé relatif au droit des sociétés commerciales et du groupement d\'intérêt économique (2014)','admin','2025-04-16 10:09:16','2025-04-16 10:09:16'),(320,'Texte juridique modifié: Acte uniforme relatif au droit des sociétés coopératives  (2010)','admin','2025-04-16 10:09:28','2025-04-16 10:09:28'),(321,'Texte juridique modifié: Traité relatif à l\'harmonisation du droit des affaires en Afrique (1993)','admin','2025-04-16 10:09:34','2025-04-16 10:09:34'),(322,'Texte juridique modifié: Règlement d\'arbitrage de la Cour Commune de Justice et d\'Arbitrage (1999)','admin','2025-04-16 10:09:46','2025-04-16 10:09:46'),(323,'Texte juridique modifié: Règlement de procédure de la Cour Commune de Justice et d\'Arbitrage (1996)','admin','2025-04-16 10:09:55','2025-04-16 10:09:55'),(324,'Texte juridique modifié: Règlement n° 01/2014/CM/OHADA modifiant et complétant le règlement de procédure de la Cour Commune de Justice et d\'Arbitrage du 18 avril 1996 (2014)','admin','2025-04-16 10:10:07','2025-04-16 10:10:07'),(325,'Texte juridique modifié: Traité relatif à l\'harmonisation du droit des affaires en Afrique (1993)','admin','2025-04-16 10:10:21','2025-04-16 10:10:21'),(326,'Texte juridique modifié: Acte uniforme révisé portant organisation des sûretés (2010)','admin','2025-04-16 10:10:42','2025-04-16 10:10:42'),(327,'Texte juridique modifié: Acte uniforme portant organisation et harmonisation des comptabilités des entreprises (2000)','admin','2025-04-16 10:10:56','2025-04-16 10:10:56'),(328,'Texte juridique modifié: Acte uniforme relatif au droit commercial général (1997)','admin','2025-04-16 10:11:10','2025-04-16 10:11:10'),(329,'Texte juridique modifié: Acte uniforme relatif au droit comptable et à l\'information financière (2016)','admin','2025-04-16 10:11:32','2025-04-16 10:11:32'),(330,'Texte juridique modifié: Acte uniforme portant organisation des procédures collectives d\'apurement du passif (1998)','admin','2025-04-16 10:11:49','2025-04-16 10:11:49'),(331,'Texte juridique modifié: Acte uniforme relatif au droit de l\'arbitrage (1999)','admin','2025-04-16 10:11:59','2025-04-16 10:11:59'),(332,'Texte juridique modifié: Acte uniforme portant organisation des procédures simplifiées de recouvrement et des voies d\'exécution (1998)','admin','2025-04-16 10:12:43','2025-04-16 10:12:43'),(333,'Texte juridique modifié: Acte uniforme portant organisation des sûretés (1997)','admin','2025-04-16 10:23:29','2025-04-16 10:23:29'),(334,'Texte juridique modifié: Acte uniforme relatif au droit des sociétés commerciales et du groupement d\'intérêt économique (1997)','admin','2025-04-16 10:23:40','2025-04-16 10:23:40'),(335,'Texte juridique modifié: Acte uniforme relatif au droit de l\'arbitrage (2017)','admin','2025-04-16 10:23:52','2025-04-16 10:23:52'),(336,'Texte juridique modifié: Décret N° 0227/PR/MIMT du 23/06/2014 portant création et organisation de l\'Agence Gabonaise de Normalisation','admin','2025-04-16 10:24:03','2025-04-16 10:24:03'),(337,'Texte juridique modifié: Décret N° 0035/PR/MTLC du 16/01/2024 portant approbation des statuts du Pôle National de Promotion de l\'Emploi','admin','2025-04-16 10:24:16','2025-04-16 10:24:16'),(338,'Texte juridique modifié: Loi n°039/2018 du 28 décembre 2018 fixant le régime du mécénat el du parrainage en République Gabonaise','admin','2025-04-16 10:35:22','2025-04-16 10:35:22'),(339,'Texte juridique modifié: Décret N° 592/PR/MPMEPMI du 15/05/2001 portant création et organisation du Label Qualité-Entreprise de la Petite et Moyenne Entreprise, de la Petite et Moyenne Industrie gabonaise.','admin','2025-04-16 10:35:31','2025-04-16 10:35:31'),(340,'Texte juridique modifié: Arrêté N° 000967/MCPME/MER/MBCP du 29/09/2022 fixant le montant et les modalités de perception des frais de dossier de demande d\'Agrément PME','admin','2025-04-16 10:35:42','2025-04-16 10:35:42'),(341,'Texte juridique modifié: Décret 00027/PR/MEPPDD du 17 janvier 2018 portant Code des Marché Publics : Articles : 100, 119,187,188,189, 190, 191… ;','admin','2025-04-16 10:35:50','2025-04-16 10:35:50'),(342,'Texte juridique modifié: Décret N° 0053/PR/MEP du 21/11/2023 modifiant et complétant certaines dispositions du décret n°00027/PR/MEPPDD du 17 janvier 2018 portant Code des Marchés Publics','admin','2025-04-16 10:36:12','2025-04-16 10:36:12'),(343,'Texte juridique modifié: Arrêté 00006/MAEPDRISG/DGDR du 25/03/2013 fixant les modalités de délivrance de l’Agrément Technique d’Exploitation Agricole','admin','2025-04-16 10:36:25','2025-04-16 10:36:25'),(344,'Texte juridique modifié: Décret N° 00231/PR/MM du 02/08/2017 portant sur le régime de substance stratégique de l\'or','admin','2025-04-16 10:36:32','2025-04-16 10:36:32'),(345,'Texte juridique modifié: Loi n°002/2019 du 16 juillet 2019 portant réglementation du secteur des hydrocarbures en République Gabonaise (JO 2019‐27 ter)','admin','2025-04-16 10:36:41','2025-04-16 10:36:41'),(346,'Texte juridique modifié: Décret N° 00290/PR/MTPEI du 17/11/2022 portant approbation des statuts du Fonds Autonome National d\'Entretien Routier, en abrégé FANER','admin','2025-04-16 10:37:15','2025-04-16 10:37:15'),(347,'Texte juridique modifié: Loi n°023/2008 du 1O décembre 2008 portant politique de développement agricole durable','admin','2025-04-16 10:37:22','2025-04-16 10:37:22'),(348,'Texte juridique modifié: Traité relatif à l\'harmonisation du droit des affaires en Afrique (1993)','admin','2025-04-16 10:37:36','2025-04-16 10:37:36'),(349,'Texte juridique modifié: Loi n°008/2018 du 08 février 2019 portant orientation de la politique nationale de la promotion des Petites et Moyennes Entreprises','admin','2025-04-16 10:37:47','2025-04-16 10:37:47'),(350,'Texte juridique modifié: Loi N° 52/63 du 02/12/1963 modifiant la loi 75/59 du 23 décembre 1959 portant création et statuts de la chambre du Commerce d’agriculture, d\'Industrie et des mines de la République Gabonais','admin','2025-04-16 10:37:59','2025-04-16 10:37:59'),(351,'Secteur supprimée: Lois organiques','admin','2025-04-16 10:38:21','2025-04-16 10:38:21'),(352,'Texte juridique modifié: Loi N° 021/2005 du 10/01/2006 portant loi d’orientation de la stratégie de développement économique et social en République gabonaise','admin','2025-04-16 10:38:39','2025-04-16 10:38:39'),(353,'Texte juridique modifié: Loi n°024/2021 du 29 novembre 2021 portant ratification de l\'ordonnance n°003/PR/2021 portant réglementation de la sous-traitance en République Gabonaise','admin','2025-04-16 10:38:46','2025-04-16 10:38:46'),(354,'Texte juridique modifié: Loi n°001/2007 du 27 août 2007, instituant la Bourse de sous-trairance et de Partenariat','admin','2025-04-16 10:38:55','2025-04-16 10:38:55'),(355,'Texte juridique modifié: Décret n°0331/PR/MPMEAC du 28 février 2013 portant attributions et organisation du Ministère des Petites et Moyennes Entreprises, de l\'Artisanat et du Commerce','admin','2025-04-16 10:39:04','2025-04-16 10:39:04'),(356,'Texte juridique modifié: Décret N° n°0326/PR/MMIT du 02/07/2015 Décret n°0326/PR/MMIT du 02 juillet 2015 complétant certaines dispositions du décret n°0227/PR/MMIT portant création de l\'Agence Gabonaise de Normalisation','admin','2025-04-16 10:39:15','2025-04-16 10:39:15'),(357,'Texte juridique modifié: Décret N° 0026/PR/MCPME du 02/04/2023 portant attributions, organisation et fonctionnement du Comité National de Suivi de la Sous-Traitance','admin','2025-04-16 10:39:23','2025-04-16 10:39:23'),(358,'Texte juridique modifié: Décret N° 0728/PR/MECIT du 20/06/2011 portant réorganisation de la Chambre de Commerce, d\'Agriculture, d\'Industrie, des Mines et d\'Artisanat du Gabon','admin','2025-04-16 10:39:31','2025-04-16 10:39:31'),(359,'Texte juridique modifié: Décret N° 0667/PR/MAEPDR du 09/07/2013 portant modification de certaines dispositions du décret n°0292/PR/MAEPDR du 18 février 2011 portant création et organisation de l\'Agence Gabonaise de Sécurité Alimentaire','admin','2025-04-16 10:39:39','2025-04-16 10:39:39'),(360,'Texte juridique modifié: Décret N° 00430/PR/MCPMEI du 24/12/2020 portant approbation des statuts de la Chambre Nationale des Métiers de l\'Artisanat du Gabon','admin','2025-04-16 10:39:47','2025-04-16 10:39:47'),(361,'Texte juridique modifié: Décret N° 0311/PR/MPIIHAT du 24/09/2014 portant création et organisation de l\'Agence Nationale de Promotion des Investissements du Gabon','admin','2025-04-16 10:39:55','2025-04-16 10:39:55'),(362,'Texte juridique modifié: Décret N° 0292/PR/MAEPDR du 18/02/2011 portant création et organisation de l\'Agence Gabonaise de Sécurité Alimentaire.','admin','2025-04-16 10:40:03','2025-04-16 10:40:03'),(363,'Texte juridique modifié: Arrêté N° 0271/PM du 03/05/2021 portant organisation des élections à la Chambre de Commerce, d\'Agriculture, d\'Industrie, des Mines et de l\'Artisanat du Gabon','admin','2025-04-16 10:40:13','2025-04-16 10:40:13'),(364,'Texte juridique modifié: Loi n°009/2018 du 08 février 2019 relative aux structures d\'encadrement et d\'accompagnement Petites et Moyennes Entreprises.','admin','2025-04-16 10:40:23','2025-04-16 10:40:23'),(365,'Texte juridique modifié: Décret N° 01405/PR/MPMEA du 06/12/2011 portant attributions et organisation de la Direction Générale de l\'Artisanat','admin','2025-04-16 10:40:36','2025-04-16 10:40:36'),(366,'Texte juridique modifié: Décret 262 portant réorganisation de la direction générale des PME','admin','2025-04-16 10:42:50','2025-04-16 10:42:50'),(367,'Texte juridique modifié: Arrêté n°0275/MCPME fixant les modalités de délivrance de l’Agrément PME','admin','2025-04-16 10:44:27','2025-04-16 10:44:27'),(368,'Institution Crée: Ordre National des Experts Comptables','admin','2025-04-18 09:38:35','2025-04-18 09:38:35'),(369,'Institution Crée: Chambre de Commerce du Gabon','admin','2025-04-18 09:41:12','2025-04-18 09:41:12');

--
-- Table structure for table `institution_financieres`
--

CREATE TABLE `institution_financieres` (
  `id` bigint unsigned NOT NULL AUTO_INCREMENT,
  `nom` varchar(255) COLLATE utf8mb4_unicode_ci NOT NULL,
  `telephone` varchar(255) COLLATE utf8mb4_unicode_ci DEFAULT NULL,
  `email` varchar(255) COLLATE utf8mb4_unicode_ci DEFAULT NULL,
  `adresse` varchar(255) COLLATE utf8mb4_unicode_ci DEFAULT NULL,
  `service_offerts` text COLLATE utf8mb4_unicode_ci,
  `access_modalities` text COLLATE utf8mb4_unicode_ci,
  `description` text COLLATE utf8mb4_unicode_ci,
  `region` varchar(255) COLLATE utf8mb4_unicode_ci DEFAULT NULL,
  `type_id` bigint unsigned NOT NULL,
  `created_at` timestamp NULL DEFAULT NULL,
  `updated_at` timestamp NULL DEFAULT NULL,
  `url` text COLLATE utf8mb4_unicode_ci,
  PRIMARY KEY (`id`),
  KEY `institution_financieres_type_id_foreign` (`type_id`),
  CONSTRAINT `institution_financieres_type_id_foreign` FOREIGN KEY (`type_id`) REFERENCES `types` (`id`) ON DELETE CASCADE
) ENGINE=InnoDB AUTO_INCREMENT=25 DEFAULT CHARSET=utf8mb4 COLLATE=utf8mb4_unicode_ci;

--
-- Dumping data for table `institution_financieres`
--

INSERT INTO `institution_financieres` VALUES (1,'Fonds Gabonais d’Investissements Stratégiques (FGIS)',NULL,NULL,NULL,NULL,NULL,NULL,NULL,1,NULL,'2025-03-28 10:32:55','https://ga.linkedin.com/company/fgis'),(2,'Fonds Okoumé Capital',NULL,NULL,NULL,NULL,NULL,NULL,NULL,1,NULL,'2025-03-28 10:53:59','https://www.facebook.com/OkoumeCapital/'),(3,'Société de Garantie du Gabon – SGG',NULL,NULL,NULL,NULL,NULL,NULL,NULL,7,NULL,'2025-03-28 11:01:37','https://www.facebook.com/SGGabon/'),(4,'Banque pour le Commerce et l’Entrepreneuriat du Gabon – BCEG',NULL,NULL,NULL,NULL,NULL,NULL,NULL,2,NULL,NULL,NULL),(5,'AFG BANK (ex BICIG)',NULL,NULL,NULL,NULL,NULL,NULL,NULL,2,NULL,NULL,NULL),(6,'UGB',NULL,NULL,NULL,NULL,NULL,NULL,NULL,2,NULL,NULL,NULL),(7,'ECOBANK',NULL,NULL,NULL,NULL,NULL,NULL,NULL,2,NULL,NULL,NULL),(8,'UBA',NULL,NULL,NULL,NULL,NULL,NULL,NULL,2,NULL,NULL,NULL),(9,'ORABANK',NULL,NULL,NULL,NULL,NULL,NULL,NULL,2,NULL,NULL,NULL),(10,'BGFI',NULL,NULL,NULL,NULL,NULL,NULL,NULL,2,NULL,NULL,NULL),(11,'FINAM (microfinance)',NULL,NULL,NULL,NULL,NULL,NULL,NULL,3,NULL,NULL,NULL),(12,'EDG (microfinance)',NULL,NULL,NULL,NULL,NULL,NULL,NULL,3,NULL,NULL,NULL),(13,'BAMBOO EMF (microfinance)',NULL,NULL,NULL,NULL,NULL,NULL,NULL,3,NULL,NULL,NULL),(14,'SODEC (microfinance)',NULL,NULL,NULL,NULL,NULL,NULL,NULL,3,NULL,NULL,NULL),(15,'COFINA (mésofinance)',NULL,NULL,NULL,NULL,NULL,NULL,NULL,8,NULL,'2025-03-28 11:06:44',NULL),(16,'Espace PME (EPME)',NULL,NULL,NULL,NULL,NULL,NULL,NULL,6,NULL,'2025-03-28 10:41:03',NULL),(17,'La Maison de l’Auto-Emploi (MAE)',NULL,NULL,NULL,NULL,NULL,NULL,NULL,6,NULL,'2025-03-28 10:41:21',NULL),(18,'Société d’Incubation Numérique du Gabon (SING)',NULL,NULL,'Centre-ville',NULL,NULL,NULL,NULL,4,NULL,'2025-04-04 09:29:00','https://www.sing.ga'),(19,'Ogooué Lab & Ecole 241',NULL,NULL,NULL,NULL,NULL,NULL,NULL,4,NULL,NULL,NULL),(20,'CyberSchool',NULL,NULL,NULL,NULL,NULL,NULL,NULL,4,NULL,NULL,NULL),(21,'Akewa Accélérateur','+24160148140','akewaccelerateur@gmail.com','Akanda',NULL,NULL,NULL,NULL,4,NULL,'2025-04-04 09:25:47','https://akewa.org'),(22,'Incubateur Multi-sectoriel de Libreville (IML)',NULL,NULL,NULL,NULL,NULL,NULL,NULL,4,NULL,NULL,NULL),(23,'Ordre National des Experts Comptables',NULL,NULL,NULL,NULL,NULL,NULL,NULL,4,'2025-04-18 09:38:35','2025-04-18 09:38:35','https://onecgabon.org'),(24,'Chambre de Commerce du Gabon',NULL,NULL,NULL,NULL,NULL,NULL,NULL,4,'2025-04-18 09:41:12','2025-04-18 09:41:12','https://www.linkedin.com/company/chambre-de-commerce-du-gabon/posts/?feedView=all');

--
-- Table structure for table `job_batches`
--

CREATE TABLE `job_batches` (
  `id` varchar(255) COLLATE utf8mb4_unicode_ci NOT NULL,
  `name` varchar(255) COLLATE utf8mb4_unicode_ci NOT NULL,
  `total_jobs` int NOT NULL,
  `pending_jobs` int NOT NULL,
  `failed_jobs` int NOT NULL,
  `failed_job_ids` longtext COLLATE utf8mb4_unicode_ci NOT NULL,
  `options` mediumtext COLLATE utf8mb4_unicode_ci,
  `cancelled_at` int DEFAULT NULL,
  `created_at` int NOT NULL,
  `finished_at` int DEFAULT NULL,
  PRIMARY KEY (`id`)
) ENGINE=InnoDB DEFAULT CHARSET=utf8mb4 COLLATE=utf8mb4_unicode_ci;

--
-- Dumping data for table `job_batches`
--


--
-- Table structure for table `jobs`
--

CREATE TABLE `jobs` (
  `id` bigint unsigned NOT NULL AUTO_INCREMENT,
  `queue` varchar(255) COLLATE utf8mb4_unicode_ci NOT NULL,
  `payload` longtext COLLATE utf8mb4_unicode_ci NOT NULL,
  `attempts` tinyint unsigned NOT NULL,
  `reserved_at` int unsigned DEFAULT NULL,
  `available_at` int unsigned NOT NULL,
  `created_at` int unsigned NOT NULL,
  PRIMARY KEY (`id`),
  KEY `jobs_queue_index` (`queue`)
) ENGINE=InnoDB AUTO_INCREMENT=944 DEFAULT CHARSET=utf8mb4 COLLATE=utf8mb4_unicode_ci;

--
-- Dumping data for table `jobs`
--


--
-- Table structure for table `migrations`
--

CREATE TABLE `migrations` (
  `id` int unsigned NOT NULL AUTO_INCREMENT,
  `migration` varchar(255) COLLATE utf8mb4_unicode_ci NOT NULL,
  `batch` int NOT NULL,
  PRIMARY KEY (`id`)
) ENGINE=InnoDB AUTO_INCREMENT=19 DEFAULT CHARSET=utf8mb4 COLLATE=utf8mb4_unicode_ci;

--
-- Dumping data for table `migrations`
--

INSERT INTO `migrations` VALUES (1,'0001_01_01_000000_create_users_table',1),(2,'0001_01_01_000001_create_cache_table',1),(3,'0001_01_01_000002_create_jobs_table',1),(4,'2025_02_10_153227_create_types_table',1),(5,'2025_02_11_000004_create_categories_table',1),(6,'2025_02_11_000005_create_texte_juridiques_table',1),(7,'2025_02_11_153208_create_institution_financieres_table',1),(8,'2025_02_11_153214_create_abonnements_table',1),(9,'2025_03_02_173750_create_histories_table',1),(10,'2025_03_04_135215_create_abonnement_categorie_table',1),(11,'2025_03_28_085242_add_new_column_to_institution_financieres_table',2),(12,'2025_04_03_212518_add_two_factor_code_to_users_table',3),(13,'2025_04_11_120200_add_address_and_phone_to_users_table',3),(14,'2025_04_15_211328_add_tel_ville_fonction_to_abonnements_table',4),(15,'2025_04_15_222004_add_parent_and_niveau_to_categories_table',5),(16,'2025_02_10_233247_create_secteurs_table',6),(17,'2025_04_15_235354_add_secteur_id_to_texte_juridiques_table',7),(18,'2025_04_16_002126_add_annee_publication_to_texte_juridiques_table',8);

--
-- Table structure for table `secteurs`
--

CREATE TABLE `secteurs` (
  `id` bigint unsigned NOT NULL AUTO_INCREMENT,
  `nom` varchar(255) COLLATE utf8mb4_unicode_ci NOT NULL,
  `created_at` timestamp NULL DEFAULT NULL,
  `updated_at` timestamp NULL DEFAULT NULL,
  PRIMARY KEY (`id`)
) ENGINE=InnoDB AUTO_INCREMENT=13 DEFAULT CHARSET=utf8mb4 COLLATE=utf8mb4_unicode_ci;

--
-- Dumping data for table `secteurs`
--

INSERT INTO `secteurs` VALUES (1,'Traités','2025-04-16 00:47:42','2025-04-16 10:05:04'),(3,'Lois','2025-04-16 00:48:21','2025-04-16 00:50:16'),(4,'Décrets','2025-04-16 00:48:42','2025-04-16 00:48:42'),(5,'Ordonnances','2025-04-16 00:48:56','2025-04-16 00:48:56'),(6,'Arrêtés','2025-04-16 00:49:07','2025-04-16 00:49:07'),(7,'Circulaires','2025-04-16 00:49:20','2025-04-16 00:50:31'),(8,'Directives','2025-04-16 00:49:38','2025-04-16 00:49:38'),(9,'Actes','2025-04-16 10:05:19','2025-04-16 10:05:19'),(10,'Accords','2025-04-16 10:05:32','2025-04-16 10:05:53'),(11,'Conventions','2025-04-16 10:05:41','2025-04-16 10:05:41'),(12,'Règlements','2025-04-16 10:07:02','2025-04-16 10:07:02');

--
-- Table structure for table `sessions`
--

CREATE TABLE `sessions` (
  `id` varchar(255) COLLATE utf8mb4_unicode_ci NOT NULL,
  `user_id` bigint unsigned DEFAULT NULL,
  `ip_address` varchar(45) COLLATE utf8mb4_unicode_ci DEFAULT NULL,
  `user_agent` text COLLATE utf8mb4_unicode_ci,
  `payload` longtext COLLATE utf8mb4_unicode_ci NOT NULL,
  `last_activity` int NOT NULL,
  PRIMARY KEY (`id`),
  KEY `sessions_user_id_index` (`user_id`),
  KEY `sessions_last_activity_index` (`last_activity`)
) ENGINE=InnoDB DEFAULT CHARSET=utf8mb4 COLLATE=utf8mb4_unicode_ci;

--
-- Dumping data for table `sessions`
--

INSERT INTO `sessions` VALUES ('99P0MXAnDSQibtLTmCrYuRbSDmhPVcsXOF0M3zXy',NULL,'66.249.83.37','Mozilla/5.0 (Linux; Android 7.0; SM-G930V Build/NRD90M) AppleWebKit/537.36 (KHTML, like Gecko) Chrome/59.0.3071.125 Mobile Safari/537.36 (compatible; Google-Read-Aloud; +https://support.google.com/webmasters/answer/1061943)','YTozOntzOjY6Il90b2tlbiI7czo0MDoiZmoyZTNDa1hDQVZyeW9KdFhNQjNOOWRuYTB1ZXdhU2ZOUFYyaGRrRyI7czo5OiJfcHJldmlvdXMiO2E6MTp7czozOiJ1cmwiO3M6MjE6Imh0dHBzOi8vZmVnLmRndHQuaW5mbyI7fXM6NjoiX2ZsYXNoIjthOjI6e3M6Mzoib2xkIjthOjA6e31zOjM6Im5ldyI7YTowOnt9fX0=',1748247605),('az4QIA9EsZJ2FQ6i5ZnGDDeNk06dtSPghhXg7UMh',NULL,'160.119.187.71','Mozilla/5.0 (X11; Linux x86_64) AppleWebKit/537.36 (KHTML, like Gecko) Chrome/136.0.0.0 Safari/537.36','YTozOntzOjY6Il90b2tlbiI7czo0MDoiMjMzT0tjTlV0OVNMcVFRdVZkOWN3dW9WS0JBbHRQZ2dmcnpWOHFjUSI7czo5OiJfcHJldmlvdXMiO2E6MTp7czozOiJ1cmwiO3M6MzI6Imh0dHBzOi8vZmVnLmRndHQuaW5mby9hcGkvdGV4dGVzIjt9czo2OiJfZmxhc2giO2E6Mjp7czozOiJvbGQiO2E6MDp7fXM6MzoibmV3IjthOjA6e319fQ==',1748361495),('c6CfNqkygjEzVKWQp1aEJBTCxPp1uD2ei88NYUOz',NULL,'154.0.186.180','Mozilla/5.0 (Macintosh; Intel Mac OS X 10_15_7) AppleWebKit/605.1.15 (KHTML, like Gecko) Version/18.3 Safari/605.1.15','YTozOntzOjY6Il90b2tlbiI7czo0MDoicWhueW5CNzU4V1daR2hyWmRHR0U3WW9ZdTVxMVhROGpkVXc5SkE0YiI7czo5OiJfcHJldmlvdXMiO2E6MTp7czozOiJ1cmwiO3M6MzE6Imh0dHBzOi8vZmVnLmRndHQuaW5mby9hcGkvdGV4dHMiO31zOjY6Il9mbGFzaCI7YToyOntzOjM6Im9sZCI7YTowOnt9czozOiJuZXciO2E6MDp7fX19',1747999227),('DApsXdVnIlojKuP935X8FZHhNpJ9fxRnz7p2kJ4V',NULL,'41.158.178.102','Mozilla/5.0 (Macintosh; Intel Mac OS X 10_15_7) AppleWebKit/605.1.15 (KHTML, like Gecko) Version/18.3 Safari/605.1.15','YTozOntzOjY6Il90b2tlbiI7czo0MDoiaHU4eFZzelhvZ0RxQWlXc3hMN3pnellNU25SbUhCQXRlcGRVMncycCI7czo5OiJfcHJldmlvdXMiO2E6MTp7czozOiJ1cmwiO3M6MjE6Imh0dHBzOi8vZmVnLmRndHQuaW5mbyI7fXM6NjoiX2ZsYXNoIjthOjI6e3M6Mzoib2xkIjthOjA6e31zOjM6Im5ldyI7YTowOnt9fX0=',1748461619),('e60hPxdlgc0JTVI8MP2K5YXlX4dlwqferddhzKcv',NULL,'102.142.27.152','Mozilla/5.0 (Windows NT 10.0; Win64; x64) AppleWebKit/537.36 (KHTML, like Gecko) Chrome/136.0.0.0 Safari/537.36','YTozOntzOjY6Il90b2tlbiI7czo0MDoiQ0EzOW5kT2hFZjBpQnMxWWRSVU45cnFJY1E1QWVxcUF3UG9Od0dnSyI7czo5OiJfcHJldmlvdXMiO2E6MTp7czozOiJ1cmwiO3M6MzI6Imh0dHBzOi8vZmVnLmRndHQuaW5mby9hcGkvdGV4dGVzIjt9czo2OiJfZmxhc2giO2E6Mjp7czozOiJvbGQiO2E6MDp7fXM6MzoibmV3IjthOjA6e319fQ==',1748080717),('FomB2dgNvxYjC8F7vwziNb3M6REOZgZ71HCRUHSn',NULL,'160.119.173.114','Mozilla/5.0 (Linux; Android 10; K) AppleWebKit/537.36 (KHTML, like Gecko) Chrome/136.0.0.0 Mobile Safari/537.36','YTozOntzOjY6Il90b2tlbiI7czo0MDoiVERYZ1F4eFJReFc3b3lBM3FtSVBPenlUN2JNV1pvRnBLNXdpRlU4eSI7czo5OiJfcHJldmlvdXMiO2E6MTp7czozOiJ1cmwiO3M6MzI6Imh0dHBzOi8vZmVnLmRndHQuaW5mby9hcGkvdGV4dGVzIjt9czo2OiJfZmxhc2giO2E6Mjp7czozOiJvbGQiO2E6MDp7fXM6MzoibmV3IjthOjA6e319fQ==',1748247599),('FuTkAWREABeaxv2InJwmurw4raOiy27TS4bciz8K',NULL,'74.125.208.36','Mozilla/5.0 (Linux; Android 7.0; SM-G930V Build/NRD90M) AppleWebKit/537.36 (KHTML, like Gecko) Chrome/59.0.3071.125 Mobile Safari/537.36 (compatible; Google-Read-Aloud; +https://support.google.com/webmasters/answer/1061943)','YTozOntzOjY6Il90b2tlbiI7czo0MDoiTUlHcTRSQW1iam5DZnBuNUFWeWJadGZ3TmFaZ3VUT250NkowYXNrYSI7czo5OiJfcHJldmlvdXMiO2E6MTp7czozOiJ1cmwiO3M6MjE6Imh0dHBzOi8vZmVnLmRndHQuaW5mbyI7fXM6NjoiX2ZsYXNoIjthOjI6e3M6Mzoib2xkIjthOjA6e31zOjM6Im5ldyI7YTowOnt9fX0=',1748247605),('HTWEhnVSUiI6QTb78m97xKatuxLWRttkmJeMKus5',NULL,'160.119.173.114','Mozilla/5.0 (Windows NT 10.0; Win64; x64) AppleWebKit/537.36 (KHTML, like Gecko) Chrome/136.0.0.0 Safari/537.36','YTozOntzOjY6Il90b2tlbiI7czo0MDoiYVZDcUZKd1FsTjBSTEtGS0JoTXF1cENmdkgyQVZhMEY1U1NDNFBwcSI7czo2OiJfZmxhc2giO2E6Mjp7czozOiJvbGQiO2E6MDp7fXM6MzoibmV3IjthOjA6e319czo5OiJfcHJldmlvdXMiO2E6MTp7czozOiJ1cmwiO3M6MzI6Imh0dHBzOi8vZmVnLmRndHQuaW5mby9hcGkvdGV4dGVzIjt9fQ==',1748337836),('iY2kkAAcWdMbi5p2hWnrmcCRspOxp91rD6CQD6kU',NULL,'74.125.208.38','Mozilla/5.0 (Linux; Android 7.0; SM-G930V Build/NRD90M) AppleWebKit/537.36 (KHTML, like Gecko) Chrome/59.0.3071.125 Mobile Safari/537.36 (compatible; Google-Read-Aloud; +https://support.google.com/webmasters/answer/1061943)','YTozOntzOjY6Il90b2tlbiI7czo0MDoiR0czYTgwdXBsTFNvN3p1YlFsVzliTTVoNlNoQU53eHhiM09Qc3NSOSI7czo5OiJfcHJldmlvdXMiO2E6MTp7czozOiJ1cmwiO3M6MzI6Imh0dHBzOi8vZmVnLmRndHQuaW5mby9hcGkvdGV4dGVzIjt9czo2OiJfZmxhc2giO2E6Mjp7czozOiJvbGQiO2E6MDp7fXM6MzoibmV3IjthOjA6e319fQ==',1748247605),('kkXzQzebjJ45V7jfyWCdXiP5xx7OJpKCSWCGheDF',NULL,'160.119.181.215','Mozilla/5.0 (X11; Linux x86_64) AppleWebKit/537.36 (KHTML, like Gecko) Chrome/136.0.0.0 Safari/537.36','YToyOntzOjY6Il90b2tlbiI7czo0MDoidW1sVEo4MnRWTVdVZG5qSFdEaFc3TzlhMHJtSENTUWFrWTNHaENmcyI7czo2OiJfZmxhc2giO2E6Mjp7czozOiJvbGQiO2E6MDp7fXM6MzoibmV3IjthOjA6e319fQ==',1748445465),('LZz5UnqiH8uSZHDWt64I2Ve4yOtVAXT85Ma0TEeW',NULL,'160.119.173.114','Mozilla/5.0 (Windows NT 10.0; Win64; x64) AppleWebKit/537.36 (KHTML, like Gecko) Chrome/136.0.0.0 Safari/537.36','YTozOntzOjY6Il90b2tlbiI7czo0MDoiRGNaZ2EyVmtNVTl2NEY1c01YVURQZm5kanVIUDlod3FkSHNIYVBqayI7czo2OiJfZmxhc2giO2E6Mjp7czozOiJvbGQiO2E6MDp7fXM6MzoibmV3IjthOjA6e319czo5OiJfcHJldmlvdXMiO2E6MTp7czozOiJ1cmwiO3M6MzI6Imh0dHBzOi8vZmVnLmRndHQuaW5mby9hcGkvdGV4dGVzIjt9fQ==',1748273458),('PiwTIuj8TFBxpmKyfuj88yT4gZlilimYuRT3rOzQ',NULL,'35.181.55.255','Mozilla/5.0 (Linux; Android 7.0; SM-G892A Build/NRD90M; wv) AppleWebKit/537.36 (KHTML, like Gecko) Version/4.0 Chrome/60.0.3112.107 Mobile Safari/537.36','YTozOntzOjY6Il90b2tlbiI7czo0MDoiRjFFWlRWdzNJSVdTc0lXZndhTHRCMFdjU05QVWxDNWtIZGZjZHBGNyI7czo5OiJfcHJldmlvdXMiO2E6MTp7czozOiJ1cmwiO3M6MjE6Imh0dHBzOi8vZmVnLmRndHQuaW5mbyI7fXM6NjoiX2ZsYXNoIjthOjI6e3M6Mzoib2xkIjthOjA6e31zOjM6Im5ldyI7YTowOnt9fX0=',1748429680),('pQvDNkKnZ58YIOPWljUb5nLvJnvthYaHIhXi9vnf',NULL,'176.147.232.225','Mozilla/5.0 (Windows NT 10.0; Win64; x64) AppleWebKit/537.36 (KHTML, like Gecko) Chrome/136.0.0.0 Safari/537.36 Edg/136.0.0.0','YTozOntzOjY6Il90b2tlbiI7czo0MDoibFc4dE5TVzJnY21XdVFpbmxsaUdOTjRmUGx1dU5Kck1hT0M4d0xjTiI7czo5OiJfcHJldmlvdXMiO2E6MTp7czozOiJ1cmwiO3M6MzE6Imh0dHBzOi8vZmVnLmRndHQuaW5mby9hcGkvdGV4dHMiO31zOjY6Il9mbGFzaCI7YToyOntzOjM6Im9sZCI7YTowOnt9czozOiJuZXciO2E6MDp7fX19',1748207561),('RLR3nHnrZn8dJ6LUMqiRZsovsGYWMzhWpB3XrJpP',NULL,'102.142.27.161','Mozilla/5.0 (Windows NT 10.0; Win64; x64) AppleWebKit/537.36 (KHTML, like Gecko) Chrome/136.0.0.0 Safari/537.36','YTozOntzOjY6Il90b2tlbiI7czo0MDoicmJRbmVZSHFYQjRXbWlYSmRScG1JMU9WbWRKb1hUb296c3Nrd0RjcyI7czo2OiJfZmxhc2giO2E6Mjp7czozOiJvbGQiO2E6MDp7fXM6MzoibmV3IjthOjA6e319czo5OiJfcHJldmlvdXMiO2E6MTp7czozOiJ1cmwiO3M6MzI6Imh0dHBzOi8vZmVnLmRndHQuaW5mby9hcGkvdGV4dGVzIjt9fQ==',1748202931),('skCWxPpiazy6dEJTz7OsfLYaRbB5y200zdYCdaEI',NULL,'160.119.189.101','Mozilla/5.0 (X11; Linux x86_64) AppleWebKit/537.36 (KHTML, like Gecko) Chrome/136.0.0.0 Safari/537.36','YTozOntzOjY6Il90b2tlbiI7czo0MDoiNUpLMWJyUUhBY2E3VFFndXBmc1VqRjRYRnVBbDBPYTZNVkhkTkdoTCI7czo5OiJfcHJldmlvdXMiO2E6MTp7czozOiJ1cmwiO3M6MzI6Imh0dHBzOi8vZmVnLmRndHQuaW5mby9hcGkvdGV4dGVzIjt9czo2OiJfZmxhc2giO2E6Mjp7czozOiJvbGQiO2E6MDp7fXM6MzoibmV3IjthOjA6e319fQ==',1748219030),('SkrmYyoGmIhZ2h26THOT1HJstgUqS9OALSTaGaig',NULL,'45.55.211.110','Mozilla/5.0 (X11; Linux x86_64) AppleWebKit/537.36 (KHTML, like Gecko) Chrome/135.0.0.0 Safari/537.36','YTozOntzOjY6Il90b2tlbiI7czo0MDoiYXZyOU90ZEZoU2JpVjNKM1dmYTNvMTBKclhGY2NubTJuRGFXaDZoMyI7czo5OiJfcHJldmlvdXMiO2E6MTp7czozOiJ1cmwiO3M6MjE6Imh0dHBzOi8vZmVnLmRndHQuaW5mbyI7fXM6NjoiX2ZsYXNoIjthOjI6e3M6Mzoib2xkIjthOjA6e31zOjM6Im5ldyI7YTowOnt9fX0=',1748310981),('vyY0dquLZ4R5yPuA23OqXjS5Xihlzaaqn2Y0c1cv',NULL,'160.119.173.114','Mozilla/5.0 (Windows NT 10.0; Win64; x64) AppleWebKit/537.36 (KHTML, like Gecko) Chrome/136.0.0.0 Safari/537.36','YTozOntzOjY6Il90b2tlbiI7czo0MDoib3l0WUE4dFRZdTl3bWdaVWZhT0NqVms0eVoxQUJOY3E3TDU5eVQyRiI7czo5OiJfcHJldmlvdXMiO2E6MTp7czozOiJ1cmwiO3M6MzI6Imh0dHBzOi8vZmVnLmRndHQuaW5mby9hcGkvdGV4dGVzIjt9czo2OiJfZmxhc2giO2E6Mjp7czozOiJvbGQiO2E6MDp7fXM6MzoibmV3IjthOjA6e319fQ==',1748001839);

--
-- Table structure for table `texte_juridiques`
--

CREATE TABLE `texte_juridiques` (
  `id` bigint unsigned NOT NULL AUTO_INCREMENT,
  `titre` varchar(255) COLLATE utf8mb4_unicode_ci NOT NULL,
  `description` text COLLATE utf8mb4_unicode_ci NOT NULL,
  `fichier_pdf` varchar(255) COLLATE utf8mb4_unicode_ci NOT NULL,
  `categorie_id` bigint unsigned NOT NULL,
  `date_creation` date NOT NULL DEFAULT '2025-03-11',
  `date_publication` date NOT NULL,
  `annee_publication` varchar(255) COLLATE utf8mb4_unicode_ci DEFAULT NULL,
  `created_at` timestamp NULL DEFAULT NULL,
  `updated_at` timestamp NULL DEFAULT NULL,
  `secteur_id` bigint unsigned DEFAULT NULL,
  PRIMARY KEY (`id`),
  KEY `texte_juridiques_categorie_id_foreign` (`categorie_id`),
  KEY `texte_juridiques_secteur_id_foreign` (`secteur_id`),
  CONSTRAINT `texte_juridiques_categorie_id_foreign` FOREIGN KEY (`categorie_id`) REFERENCES `categories` (`id`),
  CONSTRAINT `texte_juridiques_secteur_id_foreign` FOREIGN KEY (`secteur_id`) REFERENCES `secteurs` (`id`)
) ENGINE=InnoDB AUTO_INCREMENT=117 DEFAULT CHARSET=utf8mb4 COLLATE=utf8mb4_unicode_ci;

--
-- Dumping data for table `texte_juridiques`
--

INSERT INTO `texte_juridiques` VALUES (35,'Arrêté N° 0271/PM du 03/05/2021 portant organisation des élections à la Chambre de Commerce, d\'Agriculture, d\'Industrie, des Mines et de l\'Artisanat du Gabon','Le présent arrêté fixe les modalités d\'organisation des élections à la Chambre de Commerce, d\'Agriculture,\r\nd\'Industrie et des Mines et de l\'Artisanat du Gabon, ci-après désignée « Chambre de Commerce ».','ApSsEHoC8dOKGn8n9p58tG0wnB6IEqCB4EiEGTUS.pdf',1,'2025-03-12','2021-05-03','2021','2025-03-12 14:35:26','2025-04-16 10:40:13',6),(36,'Décret N° 01405/PR/MPMEA du 06/12/2011 portant attributions et organisation de la Direction Générale de l\'Artisanat','Le présent décret, pris en application des dispositions de la loi n°20/2005 du 3 janvier 2006 et des articles\r\n20 et 21 du décret n°001l00/PR/MPMEA du 15 septembre 2011 susvisés, porte attributions et organisation de la Direction\r\nGénérale de l\'Artisanat.','H1M69rdi8OO2mQUBSt00hWtwdruW4bJ6vELutgPp.pdf',1,'2025-03-12','2011-12-06','2011','2025-03-12 14:38:25','2025-04-16 10:40:36',4),(37,'Loi n°009/2018 du 08 février 2019 relative aux structures d\'encadrement et d\'accompagnement Petites et Moyennes Entreprises.','La présente loi prise en application de l\'article 47 de la Constitution, est relative aux structures d\'encadrement et d\'accompagnement des Petites et moyennes entreprises, en abrégée PME.','W67mzvffCMEqRy6Uh3M46JXdNvd8GDwRLOc1rVkL.pdf',2,'2025-03-12','2019-02-08','2019','2025-03-12 15:02:49','2025-04-16 10:40:23',3),(41,'Loi n°023/2008 du 1O décembre 2008 portant politique de développement agricole durable','La présente Joi, prise en application des dispositions des articles 47 de la Constitution et 21 a 33, I08 et 1 I 8 de Ia Ioi n°021/2005 du IO janvier 2006 portant Ioi d\'orientation de la stratégie de développement économique et social en République gabonaise, porte politique de développement agricole durable.','yyjH9v8hCRFsUOQAWWsTW7OBIv3CQmdy2CYchW8D.pdf',2,'2025-03-13','2008-12-10','2008','2025-03-13 06:33:53','2025-04-16 10:37:22',3),(42,'Loi n°008/2018 du 08 février 2019 portant orientation de la politique nationale de la promotion des Petites et Moyennes Entreprises','La présente loi prise en application de l\'article 47 de la Constitution porte orientation de la politique nationale de promotion des Petites et Moyennes Entreprises en abrégé, PME.','JcarFFsvxDB6N1wd98rDJoqiDxCjL7QwevJkO8Fn.pdf',2,'2025-03-13','2025-03-13','2019','2025-03-13 21:00:10','2025-04-16 10:37:47',3),(43,'Loi N° 52/63 du 02/12/1963 modifiant la loi 75/59 du 23 décembre 1959 portant création et statuts de la chambre du Commerce d’agriculture, d\'Industrie et des mines de la République Gabonais','Loi N° 52/63 du 02/12/1963 modifiant la loi 75/59 du 23 décembre 1959 portant création et statuts de la chambre du Commerce d’agriculture, d\'Industrie et des mines de la République Gabonais','1rMlHdrbjkus0AXwcRtuC9Nhv2oUzqNY86Fl4iR7.pdf',1,'2025-03-13','2025-03-13','1963','2025-03-13 21:04:07','2025-04-16 10:37:59',3),(44,'Loi N° 021/2005 du 10/01/2006 portant loi d’orientation de la stratégie de développement économique et social en République gabonaise','Loi N° 021/2005 du 10/01/2006 portant loi d’orientation de la stratégie de développement économique et social en République gabonaise.','SZxXGaUZpTb0xSzXbre4q8CjTQCa55TuYK7wCalx.pdf',1,'2025-03-13','2025-03-13','2006','2025-03-13 21:20:15','2025-04-16 10:38:39',3),(45,'Loi n°024/2021 du 29 novembre 2021 portant ratification de l\'ordonnance n°003/PR/2021 portant réglementation de la sous-traitance en République Gabonaise','Loi n°024/2021 du 29 novembre 2021 portant ratification de l\'ordonnance n°003/PR/2021 portant réglementation de la sous-traitance en République Gabonaise.','0tnimUllHRDBCHDKlRzkumy9SDvDxgi79s8xDV0x.pdf',2,'2025-03-13','2025-03-13','2021','2025-03-13 21:22:47','2025-04-16 10:38:46',3),(46,'Loi n°001/2007 du 27 août 2007, instituant la Bourse de sous-trairance et de Partenariat','Loi n°001/2007 du 27 août 2007, instituant la Bourse de sous-trairance et de Partenariat','OJJW04OI6l7NuSCdUIhnk82fpCqlTWFkVenXexrq.pdf',2,'2025-03-13','2025-03-13','2007','2025-03-13 21:26:55','2025-04-16 10:38:54',3),(47,'Décret n°0331/PR/MPMEAC du 28 février 2013 portant attributions et organisation du Ministère des Petites et Moyennes Entreprises, de l\'Artisanat et du Commerce','Décret n°0331/PR/MPMEAC du 28 février 2013 portant attributions et organisation du Ministère des Petites et Moyennes Entreprises, de l\'Artisanat et du Commerce.','EXtwgrkDIzjsdzFw6idCcIrS57ftXHv52BojUm8w.pdf',1,'2025-03-13','2025-03-13','2013','2025-03-13 21:37:52','2025-04-16 10:39:04',4),(48,'Décret N° n°0326/PR/MMIT du 02/07/2015 Décret n°0326/PR/MMIT du 02 juillet 2015 complétant certaines dispositions du décret n°0227/PR/MMIT portant création de l\'Agence Gabonaise de Normalisation','Décret N° n°0326/PR/MMIT du 02/07/2015 Décret n°0326/PR/MMIT du 02 juillet 2015 complétant certaines dispositions du décret n°0227/PR/MMIT portant création de l\'Agence Gabonaise de Normalisation.','ry2TmS3VmteTnkhnmoyWxqs9xvv8WEZb4tbe2lCV.pdf',1,'2025-03-13','2025-03-13','2015','2025-03-13 21:41:08','2025-04-16 10:39:15',4),(49,'Décret N° 0026/PR/MCPME du 02/04/2023 portant attributions, organisation et fonctionnement du Comité National de Suivi de la Sous-Traitance','Décret N° 0026/PR/MCPME du 02/04/2023 portant attributions, organisation et fonctionnement du Comité National de Suivi de la Sous-Traitance','O7FHzrJVzqgIOa1FJbgfZuUN2EQwPmUMQ7AgrjGT.pdf',1,'2025-03-13','2025-03-13','2023','2025-03-13 21:44:53','2025-04-16 10:39:23',4),(50,'Décret N° 0728/PR/MECIT du 20/06/2011 portant réorganisation de la Chambre de Commerce, d\'Agriculture, d\'Industrie, des Mines et d\'Artisanat du Gabon','Décret N° 0728/PR/MECIT du 20/06/2011 portant réorganisation de la Chambre de Commerce, d\'Agriculture, d\'Industrie, des Mines et d\'Artisanat du Gabon','5UNpB1prddHZg98dLxmUaej9bxdJp81xx4HSNxPy.pdf',1,'2025-03-13','2025-03-13','2011','2025-03-13 21:46:35','2025-04-16 10:39:31',4),(51,'Décret N° 0667/PR/MAEPDR du 09/07/2013 portant modification de certaines dispositions du décret n°0292/PR/MAEPDR du 18 février 2011 portant création et organisation de l\'Agence Gabonaise de Sécurité Alimentaire','Décret N° 0667/PR/MAEPDR du 09/07/2013 portant modification de certaines dispositions du décret n°0292/PR/MAEPDR du 18 février 2011 portant création et organisation de l\'Agence Gabonaise de Sécurité Alimentaire.','h4y4q8FendSCI23j1NPJR6kDxB2VhMfwcf2npltl.pdf',1,'2025-03-13','2025-03-13','2013','2025-03-13 21:48:02','2025-04-16 10:39:39',4),(52,'Décret N° 00430/PR/MCPMEI du 24/12/2020 portant approbation des statuts de la Chambre Nationale des Métiers de l\'Artisanat du Gabon','Décret N° 00430/PR/MCPMEI du 24/12/2020 portant approbation des statuts de la Chambre Nationale des Métiers de l\'Artisanat du Gabon','zJ9nfMRoJnG7pA8EGdY666fkEPBslzGN8nEyf1SB.pdf',1,'2025-03-13','2025-03-13','2020','2025-03-13 22:00:24','2025-04-16 10:39:47',4),(53,'Décret N° 0311/PR/MPIIHAT du 24/09/2014 portant création et organisation de l\'Agence Nationale de Promotion des Investissements du Gabon','Décret N° 0311/PR/MPIIHAT du 24/09/2014 portant création et organisation de l\'Agence Nationale de Promotion des Investissements du Gabon','Ne8PKMvGcYcIXppmBDcPXqDrp2i3oRQH6MQpiDCF.pdf',1,'2025-03-13','2025-03-13','2014','2025-03-13 22:02:38','2025-04-16 10:39:55',4),(54,'Décret N° 0292/PR/MAEPDR du 18/02/2011 portant création et organisation de l\'Agence Gabonaise de Sécurité Alimentaire.','Décret N° 0292/PR/MAEPDR du 18/02/2011 portant création et organisation de l\'Agence Gabonaise de Sécurité Alimentaire.','IOkGAa0Z4dENrv3wSoYo1BisGL9aoVUsNTHFZDwx.pdf',1,'2025-03-13','2025-03-13','2011','2025-03-13 22:04:58','2025-04-16 10:40:03',4),(55,'Décret N° 00290/PR/MTPEI du 17/11/2022 portant approbation des statuts du Fonds Autonome National d\'Entretien Routier, en abrégé FANER','Décret N° 00290/PR/MTPEI du 17/11/2022 portant approbation des statuts du Fonds Autonome National d\'Entretien Routier, en abrégé FANER','ZgejKHVLjFFsY7db2IwRIHSuyyPcNq3F3JCt611n.pdf',1,'2025-03-13','2025-03-13','2022','2025-03-13 22:10:40','2025-04-16 10:37:15',4),(57,'Décret N° 273/MINTRHFP du 02/03/1994 relatif au fonctionnement du Fonds d \'aide à l\'insertion et à la réinsertion professionnelles','Décret N° 273/MINTRHFP du 02/03/1994 relatif au fonctionnement du Fonds d\'aide à l\'insertion et à la réinsertion professionnelles','bL2gcJqBeriRirEDoon0svEYbfvQDKMK6i7KNugI.pdf',1,'2025-03-14','2025-03-14','1994','2025-03-14 05:50:19','2025-04-16 03:01:02',4),(58,'Décret N° 0242/PR/MCPME du 04/09/2022 portant nomenclature des Corps des Métiers de l\'Artisanat en République Gabonaise','Décret N° 0242/PR/MCPME du 04/09/2022 portant nomenclature des Corps des Métiers de l\'Artisanat en République Gabonaise','0gBNbN0QHx29bfXwOcfDwymuG4rDAVppuJhjEiDk.pdf',2,'2025-03-14','2025-03-14','2022','2025-03-14 05:52:50','2025-04-16 03:01:15',4),(59,'Décret N° 0236/PR/MMIT du 02/04/2015 portant réorganisation de la Direction Générale du Tourisme et des Loisirs','Décret N° 0236/PR/MMIT du 02/04/2015 portant réorganisation de la Direction Générale du Tourisme et des Loisirs','9iHHLYqGbvzMR8MXN71zYDRuMBNYebGG7KWlzQoG.pdf',1,'2025-03-14','2025-03-14','2015','2025-03-14 05:54:57','2025-04-16 03:01:39',4),(60,'Décret N° 0227/PR/MIMT du 23/06/2014 portant création et organisation de l\'Agence Gabonaise de Normalisation','Décret N° 0227/PR/MIMT du 23/06/2014 portant création et organisation de l\'Agence Gabonaise de Normalisation','LowM1xYgLMNw3AvVvuDmjUnYPdJlWQ5XiEsp6OfF.pdf',1,'2025-03-14','2025-03-14','2014','2025-03-14 05:56:33','2025-04-16 10:24:02',4),(61,'Décret N° 0035/PR/MTLC du 16/01/2024 portant approbation des statuts du Pôle National de Promotion de l\'Emploi','Décret N° 0035/PR/MTLC du 16/01/2024 portant approbation des statuts du Pôle National de Promotion de l\'Emploi','W6248feaNGe2bPt5CwzweJTLJdgWVMSFSIgxh1SH.pdf',1,'2025-03-14','2025-03-14','2024','2025-03-14 05:57:51','2025-04-16 10:24:16',4),(62,'Décret 262 portant réorganisation de la direction générale des PME','Décret 262 portant réorganisation de la direction générale des PME','dagJhv7qBv779yd5TdLtQfu44SFYrHHYieTTS9hh.pdf',1,'2025-03-14','2025-03-14','2005','2025-03-14 06:01:18','2025-04-16 10:42:50',4),(63,'Loi n°039/2018 du 28 décembre 2018 fixant le régime du mécénat el du parrainage en République Gabonaise','Loi n°039/2018 du 28 décembre 2018 fixant le régime du mécénat el du parrainage en République Gabonaise','RNRtGVrmv8CHAuOqmdTndvocLhnxS1a6Xal0wTa7.pdf',2,'2025-03-14','2025-03-14','2018','2025-03-14 06:05:40','2025-04-16 10:35:22',3),(64,'Décret N° 592/PR/MPMEPMI du 15/05/2001 portant création et organisation du Label Qualité-Entreprise de la Petite et Moyenne Entreprise, de la Petite et Moyenne Industrie gabonaise.','Décret N° 592/PR/MPMEPMI du 15/05/2001 portant création et organisation du Label Qualité-Entreprise de la Petite et Moyenne Entreprise, de la Petite et Moyenne Industrie gabonaise.','CwfRng8MUO9wYkho97sFSmHzc7ernOWGJlpVeqwT.pdf',2,'2025-03-14','2025-03-14','2001','2025-03-14 06:12:51','2025-04-16 10:35:31',4),(65,'Arrêté n°0275/MCPME fixant les modalités de délivrance de l’Agrément PME','Arrêté n°0275/MCPME fixant les modalités de délivrance de l’Agrément PME','GaWS4jAgdpMfzDMyAdhLcp3oQXC43HBYQFamWBFE.pdf',2,'2025-03-14','2025-03-14','2021','2025-03-14 06:33:11','2025-04-16 10:44:27',6),(66,'Arrêté N° 000967/MCPME/MER/MBCP du 29/09/2022 fixant le montant et les modalités de perception des frais de dossier de demande d\'Agrément PME','Arrêté N° 000967/MCPME/MER/MBCP du 29/09/2022 fixant le montant et les modalités de perception des frais de dossier de demande d\'Agrément PME','qjeKuYDiFVHlHjIgO8p3rJJOQrGmVwKwTqkTfy07.pdf',2,'2025-03-14','2025-03-14','2022','2025-03-14 06:36:33','2025-04-16 10:35:42',6),(67,'Décret 00027/PR/MEPPDD du 17 janvier 2018 portant Code des Marché Publics : Articles : 100, 119,187,188,189, 190, 191… ;','Décret 00027/PR/MEPPDD du 17 janvier 2018 portant Code des Marché Publics : Articles : 100, 119,187,188,189, 190, 191… ;','BsgRJ0uxTAy01YlWJ1oVUi9ztCIMMnwDGp3x0gPu.pdf',2,'2025-03-14','2025-03-14','2018','2025-03-14 06:38:06','2025-04-16 10:35:50',4),(68,'Décret N° 0053/PR/MEP du 21/11/2023 modifiant et complétant certaines dispositions du décret n°00027/PR/MEPPDD du 17 janvier 2018 portant Code des Marchés Publics','Décret N° 0053/PR/MEP du 21/11/2023 modifiant et complétant certaines dispositions du décret n°00027/PR/MEPPDD du 17 janvier 2018 portant Code des Marchés Publics','yniNksLHDD4e1UIWOtwgqKYsZDoY8h5IyAmDmZ2Q.pdf',2,'2025-03-14','2025-03-14','2023','2025-03-14 06:40:04','2025-04-16 10:36:12',4),(69,'Arrêté 00006/MAEPDRISG/DGDR du 25/03/2013 fixant les modalités de délivrance de l’Agrément Technique d’Exploitation Agricole','Arrêté 00006/MAEPDRISG/DGDR du 25/03/2013 fixant les modalités de délivrance de l’Agrément Technique d’Exploitation Agricole','JliO0vnKyofCjKTQ2rz69HMSnjLVSaTbsQPeOUhy.pdf',2,'2025-03-14','2025-03-14','2013','2025-03-14 06:53:45','2025-04-16 10:36:24',6),(70,'Décret N° 00231/PR/MM du 02/08/2017 portant sur le régime de substance stratégique de l\'or','Décret N°00231/PR/MM du 02/08/2017 portant sur le régime de substance stratégique de l\'or','L1LLRHQrzRl7dNCfXaijw3BZ7AiwdYcJWQmvP5hT.pdf',2,'2025-03-14','2025-03-14','2019','2025-03-14 07:00:27','2025-04-16 10:36:32',4),(71,'Loi n°002/2019 du 16 juillet 2019 portant réglementation du secteur des hydrocarbures en République Gabonaise (JO 2019‐27 ter)','Loi n°002/2019 du 16 juillet 2019 portant réglementation du secteur des hydrocarbures en République Gabonaise (JO 2019‐27 ter)','zYfZjLT58dLxB5IAqtLBkwvua0UvJ8rdzfrbjBsz.pdf',2,'2025-03-14','2025-03-14','2019','2025-03-14 07:03:23','2025-04-16 10:36:41',3),(72,'Loi n°028/2016 du 06/02/2017 portant Code de Protection Sociale en République Gabonaise','Loi n°028/2016 du 06/02/2017 portant Code de Protection Sociale en République Gabonaise','tCecYh4IWwM2eXyWXnOps2YwgX2dEcAvBgOvEpMx.pdf',2,'2025-03-14','2025-03-14','2017','2025-03-14 07:05:20','2025-04-16 03:00:46',3),(73,'Loi n°037/2018 du 10/06/2019 portant réglementation du secteur minier','Loi n°037/2018 du 10/06/2019 portant réglementation du secteur minier','eLC5nbTsUp6FtFPIWYO33U0VsnQpVx07JzxgE2T7.pdf',2,'2025-03-14','2025-03-14','2019','2025-03-14 07:09:44','2025-04-16 02:57:25',3),(74,'Décret N° 0578/PR/MAEAMOPG du 26/11/2015 fixant les conditions sanitaires et d\'hygiène applicables aux établissements du secteur alimentaire et du secteur de l\'alimentation animale','Décret N° 0578/PR/MAEAMOPG du 26/11/2015 fixant les conditions sanitaires et d\'hygiène applicables aux établissements du secteur alimentaire et du secteur de l\'alimentation animale','ii0HksQb71HmwGltc4LYJWRhiU55nakwjt2XuQ3c.pdf',2,'2025-03-14','2025-03-14','2015','2025-03-14 07:13:10','2025-04-16 02:55:48',4),(75,'Loi n°022/2008 du 10/12/2008 portant Code Agricole en République Gabonaise','Loi n°022/2008 du 10/12/2008 portant Code Agricole en République Gabonaise','wQo5DMtEZay6VRCZvXOhwXbo2tVZ94nqslAIK6kT.pdf',2,'2025-03-14','2025-03-14','2008','2025-03-14 07:16:08','2025-04-16 02:56:06',3),(76,'Loi n°02/2013 du 06 février 2013 portant extension du régime fiscal et douanier incitatif en faveur des exploitants agricoles','Loi n°02/2013 du 06 février 2013 portant extension du régime fiscal et douanier incitatif en faveur des exploitants agricoles','Y7ZL1OHDIKsaX154BKenhR8J8LvivsLO8ZC1eQWS.pdf',2,'2025-03-14','2025-03-14','2013','2025-03-14 07:18:01','2025-04-16 02:56:23',3),(77,'Loi N° 015/2005 du 08/08/2005 portant code des pêches et de l’aquaculture en République gabonaise','Loi N° 015/2005 du 08/08/2005 portant code des pêches et de l’aquaculture en République gabonaise','T5MAjmUqPclMo4a7NFKRD8pF91bHs5cxwL7jyb5k.pdf',2,'2025-03-14','2025-03-14','2005','2025-03-14 07:22:41','2025-04-16 02:58:17',3),(78,'Ordonnance N° 008/PR/2010 du 25/02/2010 portant modification et abrogation de certaines dispositions de la loi n°16/01 du 31 décembre 2001 portant Code Forestier en République Gabonaise','Ordonnance N° 008/PR/2010 du 25/02/2010 portant modification et abrogation de certaines dispositions de la loi n°16/01 du 31 décembre 2001 portant Code Forestier en République Gabonaise','UXY0jZn5xf3keBX38ri6aAzBB29avsyUU3fZKv8a.pdf',2,'2025-03-14','2025-03-14','2010','2025-03-14 07:26:32','2025-04-16 02:58:36',5),(79,'Loi n°027/2008 du 22 janvier 2009 portant Code Général des Impôts, mis à jour de la loi de finances pour 2019;','Loi n°027/2008 du 22 janvier 2009 portant Code Général des Impôts, mis à jour de la loi de finances pour 2019;','lijKzSbkJuJBjKlXBIX3sfGBBT4JT22GpjC3WnnR.pdf',2,'2025-03-14','2025-03-14','2019','2025-03-14 07:30:10','2025-04-16 02:59:42',3),(80,'Loi N° 021/2005 du 10/01/2006 portant loi d’orientation de la stratégie de développement économique et social en République gabonaise','Loi N°021/2005 du 10/01/2006 portant loi d’orientation de la stratégie de développement économique et social en République gabonaise','ny7YsK2MXoKy5a1Iu4iDYDIIoNF0zCHrqDBvill2.pdf',2,'2025-03-14','2025-03-14','2006','2025-03-14 07:37:06','2025-04-16 03:00:01',3),(81,'Acte uniforme portant organisation et harmonisation des comptabilités des entreprises (2000)','Acte uniforme portant organisation et harmonisation des comptabilités des entreprises','Z2Em9OolFCr5ARNokyBI0G6mYgONZqxZusJO9wYY.pdf',4,'2025-03-14','2025-03-14','2000','2025-03-14 08:14:17','2025-04-16 10:10:56',9),(82,'Acte uniforme relatif au droit commercial général (1997)','Acte uniforme relatif au droit commercial général','6QLUQ9KmmNuRjd43fKn9XprrX24yOJabNZWD8cWV.pdf',4,'2025-03-14','2025-03-14','1997','2025-03-14 08:15:38','2025-04-16 10:11:10',9),(83,'Acte uniforme relatif au droit comptable et à l\'information financière (2016)','Acte uniforme relatif au droit comptable et à l\'information financière','vmonT5qwzrx21HRnxsNfKXYXeszgCvj8GJukoksX.pdf',4,'2025-03-14','2025-03-14','2016','2025-03-14 08:20:00','2025-04-16 10:11:32',9),(84,'Acte uniforme portant organisation des procédures collectives d\'apurement du passif (1998)','Acte uniforme portant organisation des procédures collectives d\'apurement du passif','wPddSQwHC5ig6QOU2lXHTijc4lfAl9x3f9dBEO4K.pdf',4,'2025-03-14','2025-03-14','1998','2025-03-14 08:24:27','2025-04-16 10:11:49',9),(85,'Acte uniforme relatif au droit de l\'arbitrage (1999)','Acte uniforme relatif au droit de l\'arbitrage','Pd0y9FB1lj3hIZ6q6bRZP2YypDRumu1tqcwzJLkx.pdf',4,'2025-03-14','2025-03-14','1999','2025-03-14 08:31:46','2025-04-16 10:11:59',9),(86,'Acte uniforme portant organisation des procédures simplifiées de recouvrement et des voies d\'exécution (1998)','Acte uniforme portant organisation des procédures simplifiées de recouvrement et des voies d\'exécution','pMNRec20BGmlDDANHkLpNR5Xmdmyf8gxqOa3fdDb.pdf',4,'2025-03-14','2025-03-14','1998','2025-03-14 08:32:42','2025-04-16 10:12:43',9),(87,'Acte uniforme portant organisation des sûretés (1997)','Acte uniforme portant organisation des sûretés','iCsBdt6umfb4wisxwXyfjOuQUaxNER3lwJsqmZXB.pdf',4,'2025-03-14','2025-03-14','1997','2025-03-14 08:33:34','2025-04-16 10:23:29',9),(88,'Acte uniforme relatif au droit des sociétés commerciales et du groupement d\'intérêt économique (1997)','Acte uniforme relatif au droit des sociétés commerciales et du groupement d\'intérêt économique','xGaYgOc6KGCbeLnYU7wvRF3ge9gmEnDHsXWbBewr.pdf',4,'2025-03-14','2025-03-14','1997','2025-03-14 08:34:12','2025-04-16 10:23:40',9),(89,'Acte uniforme relatif au droit de l\'arbitrage (2017)','Acte uniforme relatif au droit de l\'arbitrage (2017)','XjdCGK2GZsmsQbuIgJePT4XKb0xXlXuDnuM864s5.pdf',4,'2025-03-14','2025-03-14','2017','2025-03-14 08:45:06','2025-04-16 10:23:52',9),(95,'Décret n°465/PR/MTPN du 18 mai 1976 réglementant les activités des agences de voyages','Décret n°465/PR/MTPN du 18 mai 1976 réglementant les activités des agences de voyages','Pdcvi4URhWTzh23vk7l5NOd3AnwQMrKlUSWV9PtW.pdf',2,'2025-03-31','2025-03-31','1976','2025-03-31 11:10:21','2025-04-16 02:54:17',4),(96,'Ordonnance n°21/68 du 09/04/1968 portant modification de la réglementation forestière','Ordonnance n°21/68 du 09/04/1968 portant modification de la réglementation forestière','OnH8juxOxorTlUWU1RFcfuM1AFOVEsTazJ6vyixD.pdf',2,'2025-03-31','2025-03-31','1968','2025-03-31 11:19:18','2025-04-16 02:55:09',5),(97,'Arrêté n°03221/MER/MBCP fixant le barème des frais pour la passation des marchés publics du 21 juillet 2021','Arrêté n°03221/MER/MBCP fixant le barème des frais pour la passation des marchés publics du 21 juillet 2021','IPDrLY4qP5ipSbrhKZ5nUGNPDuNgSukAzgrRO5kF.pdf',2,'2025-03-31','2025-03-31','2021','2025-03-31 11:24:26','2025-04-16 02:54:50',6),(98,'Acte uniforme relatif au droit de l\'arbitrage (1999)','Acte uniforme relatif au droit de l\'arbitrage (1999)','j741k6JX5zAw3cvcZBnoMjVxUML9VHG2qXAcd8r0.pdf',4,'2025-03-31','2025-03-31','1999','2025-03-31 11:36:38','2025-04-16 10:08:11',9),(99,'Acte uniforme portant organisation des procédures collectives d\'apurement du passif (2015)','Acte uniforme portant organisation des procédures collectives d\'apurement du passif (2015)','TkLHIId8G9J0epq7bccD63dxOqHjCnkqohgMTcuQ.pdf',4,'2025-03-31','2025-03-31','2015','2025-03-31 11:53:11','2025-04-16 10:07:52',9),(100,'Acte uniforme révisé portant sur le droit commercial général (2010)','Acte uniforme révisé portant sur le droit commercial général','gcuP9xN2UANyq76tHdRa3Sd2oG13bsIP44yq7Sl2.pdf',4,'2025-03-31','2025-03-31','2010','2025-03-31 11:56:18','2025-04-16 10:08:28',9),(101,'Acte uniforme relatif aux contrats de transport de marchandises par route (2003)','Acte uniforme relatif aux contrats de transport de marchandises par route','7Iap1E21wVh504VbzZt8YAYi5O3srZw3ICRRzzUE.pdf',4,'2025-03-31','2025-03-31','2003','2025-03-31 11:59:23','2025-04-16 10:08:41',9),(102,'Acte uniforme relatif à la médiation (2017)','Acte uniforme relatif à la médiation','qtiqOlHxJclPQY9UBYj89GAIVb7PVdZAZdyhoYPJ.pdf',4,'2025-03-31','2025-03-31','2017','2025-03-31 12:01:41','2025-04-16 10:08:51',9),(103,'Acte uniforme portant organisation des procédures simplifiées de recouvrement et des voies d\'exécution (2023)','Acte uniforme portant organisation des procédures simplifiées de recouvrement et des voies d\'exécution','WqV6Tdl1cVigf0dVHhWM5puIuziLByWrbWu0MTcH.pdf',4,'2025-03-31','2025-03-31','2023','2025-03-31 12:04:56','2025-04-16 10:09:01',9),(104,'Acte uniforme révisé portant organisation des sûretés (2010)','Acte uniforme révisé portant organisation des sûretés','tXxaMld9V00PNTQwWpWEXAn86LCP0BdYcG7O6Cez.pdf',4,'2025-03-31','2025-03-31','2010','2025-03-31 12:10:13','2025-04-16 10:10:42',9),(105,'Acte uniforme révisé relatif au droit des sociétés commerciales et du groupement d\'intérêt économique (2014)','Acte uniforme révisé relatif au droit des sociétés commerciales et du groupement d\'intérêt économique','8buFE7QbhY1rcW88K0VRls3aoVGMJQc5bDSmZyvM.pdf',4,'2025-03-31','2025-03-31','2014','2025-03-31 12:13:46','2025-04-16 10:09:16',9),(106,'Acte uniforme relatif au droit des sociétés coopératives  (2010)','Acte uniforme relatif au droit des sociétés coopératives','kXxi4cuuEaggwqIS82GgcJ0V03YBZNW3s70qragb.pdf',4,'2025-03-31','2025-03-31','2010','2025-03-31 12:16:20','2025-04-16 10:09:28',9),(107,'Traité relatif à l\'harmonisation du droit des affaires en Afrique (1993)','Traité relatif à l\'harmonisation du droit des affaires en Afrique','MGYhlxDfk6m6TVPGGphgZEZ9eviB5iR79TonYhGB.pdf',4,'2025-03-31','2025-03-31','1993','2025-03-31 12:25:02','2025-04-16 02:04:11',1),(108,'Traité portant révision du Traité relatif à l\'harmonisation du droit des affaires en Afrique (2008)','Traité portant révision du Traité relatif à l\'harmonisation du droit des affaires en Afrique','sYhlrhkMm1N9HmmznGtm4C5o6CFPSy5t8XdyZQ4N.pdf',4,'2025-03-31','2025-03-31','2008','2025-03-31 12:27:09','2025-04-16 02:04:25',1),(109,'Règlement d\'arbitrage de la Cour Commune de Justice et d\'Arbitrage (1999)','Règlement d\'arbitrage de la Cour Commune de Justice et d\'Arbitrage','bwKBUaHo3h56BqlUpQe0NBKzPUrFaRTZqFlAsjlS.pdf',4,'2025-03-31','2025-03-31','1999','2025-03-31 12:35:33','2025-04-16 10:09:46',12),(110,'Règlement de procédure de la Cour Commune de Justice et d\'Arbitrage (1996)','Règlement de procédure de la Cour Commune de Justice et d\'Arbitrage','MQGG5mtFilkkF1jFEhBaKy5u6tntH60kewdOlwU4.pdf',4,'2025-03-31','2025-03-31','1996','2025-03-31 12:37:53','2025-04-16 10:09:55',12),(111,'Règlement n° 01/2014/CM/OHADA modifiant et complétant le règlement de procédure de la Cour Commune de Justice et d\'Arbitrage du 18 avril 1996 (2014)','Règlement n° 01/2014/CM/OHADA modifiant et complétant le règlement de procédure de la Cour Commune de Justice et d\'Arbitrage du 18 avril 1996','WBPUwOmwa7QGzwMA5YuXEQ9XgiIZIJM7dsP5U7PM.pdf',4,'2025-03-31','2025-03-31','2014','2025-03-31 12:45:00','2025-04-16 10:10:07',12),(112,'Règlement d\'arbitrage de la Cour Commune de Justice et d\'Arbitrage (2017)','Règlement d\'arbitrage de la Cour Commune de Justice et d\'Arbitrage','Zw67EfiATamLW6j8lQnFRDIrHsLEQv6aLlMauxux.pdf',4,'2025-03-31','2025-03-31','2017','2025-03-31 12:46:08','2025-04-16 10:07:43',12);

--
-- Table structure for table `types`
--

CREATE TABLE `types` (
  `id` bigint unsigned NOT NULL AUTO_INCREMENT,
  `nom` varchar(255) COLLATE utf8mb4_unicode_ci NOT NULL,
  `description` varchar(255) COLLATE utf8mb4_unicode_ci NOT NULL,
  `created_at` timestamp NULL DEFAULT NULL,
  `updated_at` timestamp NULL DEFAULT NULL,
  PRIMARY KEY (`id`)
) ENGINE=InnoDB AUTO_INCREMENT=9 DEFAULT CHARSET=utf8mb4 COLLATE=utf8mb4_unicode_ci;

--
-- Dumping data for table `types`
--

INSERT INTO `types` VALUES (1,'Fonds d\'investissement','Fonds destinés à soutenir les investissements et garantir des financements.',NULL,'2025-03-28 11:00:17'),(2,'Banque privée','Institutions financières offrant divers services bancaires.',NULL,'2025-03-28 11:14:37'),(3,'Etablissement de microfinance (EMF)','Organismes spécialisés dans le financement des petites et moyennes entreprises.',NULL,'2025-03-28 11:15:01'),(4,'Structure d\'encadrement et d\'accompagnement privée','Institutions apportant un soutien et un accompagnement aux entrepreneurs.',NULL,'2025-03-28 11:13:59'),(6,'Structure d\'encadrement et d\'accompagnement publique','Institutions apportant un soutien et un accompagnement aux entrepreneurs.','2025-03-28 10:40:04','2025-03-28 11:13:48'),(7,'Fonds de garantie','Fonds destinés à soutenir les investissements et garantir des financements.','2025-03-28 11:00:56','2025-03-28 11:00:56'),(8,'Etablissement de microfinance et Mésofinance','Organismes spécialisés dans le financement des petites et moyennes entreprises.','2025-03-28 11:06:18','2025-03-28 11:06:18');


