-- https://www.phpmyadmin.net/
--
-- Hôte : localhost:3306
-- Généré le : jeu. 05 déc. 2024 à 14:19
-- Version du serveur : 8.0.30
-- Version de PHP : 8.1.10

START TRANSACTION;



--
-- Base de données : `jobbo`
--

-- --------------------------------------------------------

--
-- Structure de la table `abonnements`
--

CREATE TABLE `abonnements` (
  `id` bigint UNSIGNED NOT NULL,
  `code` varchar(255) COLLATE utf8mb4_unicode_ci DEFAULT NULL,
  `libelle` varchar(255) COLLATE utf8mb4_unicode_ci DEFAULT NULL,
  `forfait_id` int DEFAULT NULL,
  `paiement_id` int DEFAULT NULL,
  `mode_id` varchar(255) COLLATE utf8mb4_unicode_ci DEFAULT NULL,
  `date_debut` date DEFAULT NULL,
  `date_alerte` date DEFAULT NULL,
  `date_fin` date DEFAULT NULL,
  `user_id` varchar(255) COLLATE utf8mb4_unicode_ci DEFAULT NULL,
  `active` int NOT NULL DEFAULT '0',
  `created_at` timestamp NULL DEFAULT NULL,
  `updated_at` timestamp NULL DEFAULT NULL
) ENGINE=InnoDB DEFAULT CHARSET=utf8mb4 COLLATE=utf8mb4_unicode_ci;

-- --------------------------------------------------------

--
-- Structure de la table `adresses`
--

CREATE TABLE `adresses` (
  `id` bigint UNSIGNED NOT NULL,
  `code` varchar(255) COLLATE utf8mb4_unicode_ci DEFAULT NULL,
  `email` varchar(255) COLLATE utf8mb4_unicode_ci DEFAULT NULL,
  `phone` varchar(255) COLLATE utf8mb4_unicode_ci DEFAULT NULL,
  `pays_id` int DEFAULT NULL,
  `province_id` int DEFAULT NULL,
  `ville_id` int DEFAULT NULL,
  `latitude` double DEFAULT NULL,
  `longitude` double DEFAULT NULL,
  `user_id` int DEFAULT NULL,
  `active` int NOT NULL DEFAULT '0',
  `created_at` timestamp NULL DEFAULT NULL,
  `updated_at` timestamp NULL DEFAULT NULL
) ENGINE=InnoDB DEFAULT CHARSET=utf8mb4 COLLATE=utf8mb4_unicode_ci;

-- --------------------------------------------------------

--
-- Structure de la table `alertes`
--

CREATE TABLE `alertes` (
  `id` bigint UNSIGNED NOT NULL,
  `code` varchar(255) COLLATE utf8mb4_unicode_ci DEFAULT NULL,
  `libelle` varchar(255) COLLATE utf8mb4_unicode_ci DEFAULT NULL,
  `description` mediumtext COLLATE utf8mb4_unicode_ci,
  `icone` varchar(255) COLLATE utf8mb4_unicode_ci NOT NULL DEFAULT 'icones/icone.png',
  `user_id` int DEFAULT NULL,
  `active` int NOT NULL DEFAULT '0',
  `created_at` timestamp NULL DEFAULT NULL,
  `updated_at` timestamp NULL DEFAULT NULL
) ENGINE=InnoDB DEFAULT CHARSET=utf8mb4 COLLATE=utf8mb4_unicode_ci;

-- --------------------------------------------------------

--
-- Structure de la table `articles`
--

CREATE TABLE `articles` (
  `id` bigint UNSIGNED NOT NULL,
  `theme_id` int DEFAULT NULL,
  `code` varchar(255) COLLATE utf8mb4_unicode_ci DEFAULT NULL,
  `libelle` varchar(255) COLLATE utf8mb4_unicode_ci DEFAULT NULL,
  `description` mediumtext COLLATE utf8mb4_unicode_ci,
  `image` varchar(255) COLLATE utf8mb4_unicode_ci NOT NULL DEFAULT 'articles/article.png',
  `user_id` int DEFAULT NULL,
  `active` int NOT NULL DEFAULT '0',
  `created_at` timestamp NULL DEFAULT NULL,
  `updated_at` timestamp NULL DEFAULT NULL
) ENGINE=InnoDB DEFAULT CHARSET=utf8mb4 COLLATE=utf8mb4_unicode_ci;

--
-- Déchargement des données de la table `articles`
--

INSERT INTO `articles` (`id`, `theme_id`, `code`, `libelle`, `description`, `image`, `user_id`, `active`, `created_at`, `updated_at`) VALUES
(1, 1, 'A1', 'Les tendances du développement web en 2023', '<p>D&eacute;couvrez les tendances actuelles du d&eacute;veloppement web, y compris l\'utilisation de l\'intelligence artificielle, les applications web progressives (<strong>PWA</strong>) et les nouvelles <strong>technologies</strong> de frameworks</p>', 'articles/z3V19ivzNimfy5MMKLHT3PjAX1N3GwWb7hXUMrhb.jpg', 1, 0, '2024-07-27 13:47:22', '2024-07-27 14:24:16'),
(2, 1, 'A2', 'Comment choisir le bon framework pour votre projet web', '<p>Apprenez &agrave; choisir le framework web qui convient le mieux &agrave; votre projet en fonction de vos besoins sp&eacute;cifiques, de vos comp&eacute;tences et de votre budget.</p>', 'articles/OyXacQNMCCOEClLvuA0uuYZ2YuBJRFz9BUOEbqF7.jpg', 1, 0, '2024-07-27 13:51:06', '2024-07-27 14:26:36'),
(3, 2, 'A3', 'Les stratégies de marketing digital les plus efficaces en 2023', '<p>D&eacute;couvrez les strat&eacute;gies de marketing digital les plus efficaces en 2023, y compris le marketing de contenu, le marketing par email et les publicit&eacute;s sur les r&eacute;seaux sociaux.</p>', 'articles/BIB3x6CO19EKAuhahyywdZH0G2M04HUOdTellaYL.jpg', 1, 1, '2024-07-27 13:51:44', '2024-07-27 13:51:44'),
(4, 4, 'A4', 'Les tendances technologiques à surveiller en 2023', '<p>D&eacute;couvrez les tendances technologiques &agrave; surveiller en 2023, y compris l\'intelligence artificielle, la blockchain et la r&eacute;alit&eacute; augment&eacute;e.</p>', 'articles/Cxhkre2kxotAHGUkdhtBT9E4WYTw4d99ev4N6uZO.jpg', 1, 1, '2024-07-27 14:10:46', '2024-07-27 15:19:49'),
(5, 3, 'A5', 'Les bienfaits de la méditation pour la santé mentale', '<p>D&eacute;couvrez les bienfaits de la m&eacute;ditation pour la sant&eacute; mentale, y compris la r&eacute;duction du stress, l\'am&eacute;lioration de la concentration et la promotion du bien-&ecirc;tre g&eacute;n&eacute;ral.</p>', 'articles/IlCEVqx0ebfx0dQ99BmsVIkvmeaySGRqlEJvnoPJ.jpg', 1, 1, '2024-07-27 14:12:00', '2024-07-27 15:20:37'),
(6, 3, 'A6', 'Comment intégrer le sport dans votre routine quotidienne', '<p>Apprenez &agrave; int&eacute;grer l\'exercice physique dans votre routine quotidienne pour am&eacute;liorer votre sant&eacute; physique et mentale. Faire le sport est un besoin vital pour vous, donc prenez cela au serieux !</p>', 'articles/fiDPRoc12eSWHJ0XGXJaa6OGLWgcVQHstKkMcGFT.jpg', 1, 1, '2024-07-27 14:40:01', '2024-07-27 15:25:44'),
(7, 5, 'A7', 'Les destinations de voyage les plus populaires en 2023', '<p>D&eacute;couvrez les destinations de voyage les plus populaires en 2023, y compris les plages paradisiaques, les villes historiques et les parcs nationaux.</p>', 'articles/hMPax2XtroqA4IJw6GqxUDe3ad2WMp4MUNdCXAqI.jpg', 1, 1, '2024-07-27 15:30:59', '2024-07-27 15:30:59');

-- --------------------------------------------------------

--
-- Structure de la table `cart_items`
--

CREATE TABLE `cart_items` (
  `id` bigint UNSIGNED NOT NULL,
  `cart_id` bigint UNSIGNED NOT NULL,
  `product_id` bigint UNSIGNED NOT NULL,
  `quantity` int NOT NULL DEFAULT '1',
  `created_at` timestamp NULL DEFAULT NULL,
  `updated_at` timestamp NULL DEFAULT NULL
) ENGINE=InnoDB DEFAULT CHARSET=utf8mb4 COLLATE=utf8mb4_unicode_ci;

--
-- Déchargement des données de la table `cart_items`
--

INSERT INTO `cart_items` (`id`, `cart_id`, `product_id`, `quantity`, `created_at`, `updated_at`) VALUES
(21, 3, 1, 3, '2024-09-04 16:26:09', '2024-09-04 16:27:25'),
(22, 4, 1, 1, '2024-09-04 16:26:09', '2024-09-04 16:26:09'),
(26, 5, 4, 3, '2024-09-09 09:39:09', '2024-09-09 09:39:17'),
(42, 12, 1, 1, '2024-09-15 15:30:19', '2024-09-15 15:30:19'),
(43, 13, 1, 2, '2024-09-15 20:46:36', '2024-09-15 20:46:44'),
(44, 15, 1, 2, '2024-10-15 11:21:07', '2024-10-15 11:21:15'),
(45, 16, 1, 1, '2024-10-21 07:37:09', '2024-10-21 07:37:09'),
(46, 9, 3, 1, '2024-11-29 10:29:27', '2024-11-29 10:29:27');

-- --------------------------------------------------------

--
-- Structure de la table `categories`
--

CREATE TABLE `categories` (
  `id` bigint UNSIGNED NOT NULL,
  `code` varchar(255) COLLATE utf8mb4_unicode_ci DEFAULT NULL,
  `libelle` varchar(255) COLLATE utf8mb4_unicode_ci DEFAULT NULL,
  `description` text COLLATE utf8mb4_unicode_ci,
  `user_id` int DEFAULT NULL,
  `active` int NOT NULL DEFAULT '0',
  `created_at` timestamp NULL DEFAULT NULL,
  `updated_at` timestamp NULL DEFAULT NULL
) ENGINE=InnoDB DEFAULT CHARSET=utf8mb4 COLLATE=utf8mb4_unicode_ci;

--
-- Déchargement des données de la table `categories`
--

INSERT INTO `categories` (`id`, `code`, `libelle`, `description`, `user_id`, `active`, `created_at`, `updated_at`) VALUES
(1, '2024-0377', 'Modes & Accessoires', '<ul>\r\n<li><strong>V&ecirc;tements pour Femmes</strong> : D&eacute;couvrez notre collection de v&ecirc;tements pour femmes, des robes &eacute;l&eacute;gantes aux tenues d&eacute;contract&eacute;es, con&ccedil;ues pour toutes les occasions. Trouvez votre style parfait parmi nos derni&egrave;res tendances.</li>\r\n<li><strong>V&ecirc;tements pour Hommes</strong> : Une s&eacute;lection chic et moderne pour hommes, comprenant chemises, pantalons, vestes et plus encore, id&eacute;ale pour un look professionnel ou d&eacute;contract&eacute;.</li>\r\n<li><strong>Accessoires de Mode</strong> : Compl&eacute;tez votre tenue avec nos accessoires, notamment des sacs &agrave; main, ceintures, bijoux et lunettes de soleil. Parfaits pour ajouter une touche finale &agrave; votre look</li>\r\n</ul>', 1, 1, '2024-08-28 11:45:10', '2024-08-28 12:33:53'),
(2, '2024-0395', 'Électronique & Gadgets', '<ul>\r\n<li><strong>Smartphones &amp; Tablettes</strong> : D&eacute;couvrez les derniers smartphones et tablettes avec des fonctionnalit&eacute;s avanc&eacute;es pour rester connect&eacute;, productif et diverti o&ugrave; que vous soyez.</li>\r\n<li><strong>Accessoires Tech</strong> : Chargeurs rapides, coques de protection, &eacute;couteurs sans fil, et autres gadgets essentiels pour am&eacute;liorer votre exp&eacute;rience technologique.</li>\r\n<li><strong>Gaming &amp; Consoles</strong> : Plongez dans le monde du jeu vid&eacute;o avec notre s&eacute;lection de consoles, jeux et accessoires pour une exp&eacute;rience de jeu immersive.</li>\r\n</ul>', 1, 1, '2024-08-28 11:45:43', '2024-08-28 11:45:43'),
(3, '2024-1394', 'Beauté & Soins', '<ul>\r\n<li><strong>Soins de la Peau</strong> : Une gamme compl&egrave;te de soins pour le visage et le corps, des hydratants aux masques, pour une peau &eacute;clatante et saine.</li>\r\n<li><strong>Maquillage</strong> : Explorez notre collection de maquillage, des fonds de teint aux rouges &agrave; l&egrave;vres, pour cr&eacute;er le look qui vous correspond, du naturel au plus sophistiqu&eacute;.</li>\r\n<li><strong>Parfums</strong> : Des parfums pour hommes et femmes, des classiques intemporels aux nouveaut&eacute;s tendances, pour exprimer votre personnalit&eacute; &agrave; travers un sillage unique.</li>\r\n</ul>', 1, 1, '2024-08-28 11:49:18', '2024-08-28 11:49:18'),
(4, '2024-0494', 'Maison & Décoration', '<ul>\r\n<li><strong>D&eacute;coration Int&eacute;rieure</strong> : Ajoutez du charme &agrave; votre maison avec notre s&eacute;lection de d&eacute;corations murales, coussins, vases, et autres accessoires qui refl&egrave;tent votre style.</li>\r\n<li><strong>Meubles</strong> : Des meubles &eacute;l&eacute;gants et fonctionnels pour chaque pi&egrave;ce de la maison, du salon &agrave; la chambre &agrave; coucher, con&ccedil;us pour le confort et l\'esth&eacute;tique.</li>\r\n<li><strong>Cuisine &amp; Art de la Table</strong> : Tout ce dont vous avez besoin pour votre cuisine, y compris des ustensiles, vaisselle, verrerie et appareils &eacute;lectrom&eacute;nagers pour cuisiner avec style.</li>\r\n</ul>', 1, 1, '2024-08-28 11:49:41', '2024-08-28 11:49:41'),
(5, '2024-0398', 'Sport & Loisirs', '<ul>\r\n<li><strong>V&ecirc;tements de Sport</strong> : Des tenues confortables et performantes pour toutes vos activit&eacute;s sportives, du jogging au yoga, avec des designs &agrave; la fois pratiques et tendance.</li>\r\n<li><strong>&Eacute;quipements de Fitness</strong> : Poids, tapis de yoga, appareils de musculation et autres &eacute;quipements pour vous aider &agrave; rester en forme &agrave; la maison ou en salle de sport.</li>\r\n<li><strong>Loisirs Ext&eacute;rieurs</strong> : Tout pour vos aventures en plein air, du mat&eacute;riel de camping aux v&eacute;los, pour profiter pleinement de la nature.</li>\r\n</ul>', 1, 1, '2024-08-28 11:50:07', '2024-08-28 11:50:07'),
(6, '2024-9394', 'Enfants & Jouets', '<ul>\r\n<li><strong>V&ecirc;tements pour Enfants</strong> : Des v&ecirc;tements mignons et durables pour b&eacute;b&eacute;s, enfants et adolescents, adapt&eacute;s &agrave; chaque &eacute;tape de leur croissance.</li>\r\n<li><strong>Jouets &amp; Jeux</strong> : Une s&eacute;lection de jouets &eacute;ducatifs, jeux de soci&eacute;t&eacute; et peluches pour stimuler l\'imagination et le d&eacute;veloppement des enfants.</li>\r\n<li><strong>Pu&eacute;riculture</strong> : Tout pour les nouveaux parents, des poussettes aux si&egrave;ges auto, en passant par les accessoires essentiels pour le confort et la s&eacute;curit&eacute; de b&eacute;b&eacute;.</li>\r\n</ul>', 1, 1, '2024-08-28 11:50:29', '2024-08-28 11:50:29'),
(7, '2024-0354', 'Alimentation & Gourmandises', '<ul>\r\n<li><strong>&Eacute;picerie Fine</strong> : Une collection de produits alimentaires gourmets, des huiles d\'olive aux &eacute;pices rares, pour sublimer vos repas.</li>\r\n<li><strong>Chocolats &amp; Confiseries</strong> : Un paradis pour les amateurs de sucreries, avec une vari&eacute;t&eacute; de chocolats artisanaux, bonbons et friandises pour les petites faims sucr&eacute;es.</li>\r\n<li><strong>Boissons</strong> : Une s&eacute;lection de vins, bi&egrave;res artisanales, caf&eacute;s et th&eacute;s pour accompagner chaque moment de la journ&eacute;e.</li>\r\n</ul>', 1, 1, '2024-08-28 11:50:54', '2024-08-28 11:50:54');

-- --------------------------------------------------------

--
-- Structure de la table `commentaires`
--

CREATE TABLE `commentaires` (
  `id` bigint UNSIGNED NOT NULL,
  `article_id` int DEFAULT NULL,
  `code` varchar(255) COLLATE utf8mb4_unicode_ci DEFAULT NULL,
  `nom_complet` varchar(255) COLLATE utf8mb4_unicode_ci DEFAULT NULL,
  `email` varchar(255) COLLATE utf8mb4_unicode_ci DEFAULT NULL,
  `phone` varchar(255) COLLATE utf8mb4_unicode_ci DEFAULT NULL,
  `message` mediumtext COLLATE utf8mb4_unicode_ci,
  `user_id` int DEFAULT NULL,
  `active` int NOT NULL DEFAULT '0',
  `created_at` timestamp NULL DEFAULT NULL,
  `updated_at` timestamp NULL DEFAULT NULL
) ENGINE=InnoDB DEFAULT CHARSET=utf8mb4 COLLATE=utf8mb4_unicode_ci;

--
-- Déchargement des données de la table `commentaires`
--

INSERT INTO `commentaires` (`id`, `article_id`, `code`, `nom_complet`, `email`, `phone`, `message`, `user_id`, `active`, `created_at`, `updated_at`) VALUES
(1, 1, '1722117052', 'Yannick ABOH', 'yannickabohthierry@gmail.com', '06682353', '<p>je suis content de ce poste !</p>', 1, 1, '2024-07-27 20:51:18', '2024-07-27 20:59:18'),
(2, 1, '1722117410', 'Arsène HAND', 'arsenehand07@gmail.com', '06682353', '<p>Pas bon contenu !&nbsp;</p>\r\n<p>Vous pouvez faire mieux que cela svp !</p>', 1, 1, '2024-07-27 20:57:22', '2024-07-27 20:57:22'),
(3, 6, '1728645083', 'ABOH Yannick', 'yannickabohthierry@gmail.com', '00241 66 68 23 53', 'J\'aime vos articles. Bravo !!!', 1, 1, '2024-10-11 10:11:39', '2024-10-11 10:11:39');

-- --------------------------------------------------------

--
-- Structure de la table `competences`
--

CREATE TABLE `competences` (
  `id` bigint UNSIGNED NOT NULL,
  `code` varchar(255) COLLATE utf8mb4_unicode_ci DEFAULT NULL,
  `libelle` varchar(255) COLLATE utf8mb4_unicode_ci DEFAULT NULL,
  `user_id` int DEFAULT NULL,
  `active` int NOT NULL DEFAULT '0',
  `created_at` timestamp NULL DEFAULT NULL,
  `updated_at` timestamp NULL DEFAULT NULL
) ENGINE=InnoDB DEFAULT CHARSET=utf8mb4 COLLATE=utf8mb4_unicode_ci;

--
-- Déchargement des données de la table `competences`
--

INSERT INTO `competences` (`id`, `code`, `libelle`, `user_id`, `active`, `created_at`, `updated_at`) VALUES
(2, '1728557641', 'Développement web', 1, 1, '2024-10-10 09:54:19', '2024-10-10 09:54:19'),
(3, '1728557659', 'Développement mobile', 1, 1, '2024-10-10 09:54:26', '2024-10-10 09:54:26'),
(4, '1728557667', 'Maintenance informatique', 1, 1, '2024-10-10 09:54:40', '2024-10-10 09:54:40'),
(5, '1728557680', 'Audit & Conseils', 1, 1, '2024-10-10 09:54:54', '2024-10-10 09:54:54');

-- --------------------------------------------------------

--
-- Structure de la table `conversations`
--

CREATE TABLE `conversations` (
  `id` bigint UNSIGNED NOT NULL,
  `user1_id` bigint UNSIGNED NOT NULL,
  `user2_id` bigint UNSIGNED NOT NULL,
  `created_at` timestamp NULL DEFAULT NULL,
  `updated_at` timestamp NULL DEFAULT NULL
) ENGINE=InnoDB DEFAULT CHARSET=utf8mb4 COLLATE=utf8mb4_unicode_ci;

--
-- Déchargement des données de la table `conversations`
--

INSERT INTO `conversations` (`id`, `user1_id`, `user2_id`, `created_at`, `updated_at`) VALUES
(14, 1, 5, '2024-09-13 16:04:36', '2024-09-13 16:04:36'),
(15, 1, 3, '2024-10-15 11:37:03', '2024-10-15 11:37:03');

-- --------------------------------------------------------

--
-- Structure de la table `demandes`
--

CREATE TABLE `demandes` (
  `id` bigint UNSIGNED NOT NULL,
  `code` varchar(255) COLLATE utf8mb4_unicode_ci DEFAULT NULL,
  `libelle` varchar(255) COLLATE utf8mb4_unicode_ci DEFAULT NULL,
  `secteur_id` int DEFAULT NULL,
  `service_id` int DEFAULT NULL,
  `prestation_id` int DEFAULT NULL,
  `date_prestation` date DEFAULT NULL,
  `heure_prestation` time DEFAULT NULL,
  `nbre_prestataires` int DEFAULT NULL,
  `description` mediumtext COLLATE utf8mb4_unicode_ci,
  `budget` double DEFAULT NULL,
  `new_account` int NOT NULL DEFAULT '0',
  `client_id` int DEFAULT NULL,
  `noms` varchar(255) COLLATE utf8mb4_unicode_ci DEFAULT NULL,
  `prenoms` varchar(255) COLLATE utf8mb4_unicode_ci DEFAULT NULL,
  `email` varchar(255) COLLATE utf8mb4_unicode_ci DEFAULT NULL,
  `phone` varchar(255) COLLATE utf8mb4_unicode_ci DEFAULT NULL,
  `adresse` varchar(255) COLLATE utf8mb4_unicode_ci DEFAULT NULL,
  `pays_id` int DEFAULT NULL,
  `province_id` int DEFAULT NULL,
  `ville_id` int DEFAULT NULL,
  `user_id` int DEFAULT NULL,
  `statut` varchar(255) COLLATE utf8mb4_unicode_ci NOT NULL DEFAULT 'en attente',
  `active` int NOT NULL DEFAULT '0',
  `created_at` timestamp NULL DEFAULT NULL,
  `updated_at` timestamp NULL DEFAULT NULL
) ENGINE=InnoDB DEFAULT CHARSET=utf8mb4 COLLATE=utf8mb4_unicode_ci;

--
-- Déchargement des données de la table `demandes`
--

INSERT INTO `demandes` (`id`, `code`, `libelle`, `secteur_id`, `service_id`, `prestation_id`, `date_prestation`, `heure_prestation`, `nbre_prestataires`, `description`, `budget`, `new_account`, `client_id`, `noms`, `prenoms`, `email`, `phone`, `adresse`, `pays_id`, `province_id`, `ville_id`, `user_id`, `statut`, `active`, `created_at`, `updated_at`) VALUES
(1, '5370', '** Demande de Prestation - 5370 **', 2, 5, 8, '2024-08-16', '12:00:00', 1, '<p>j\'ai besoin d\'un infographe qualifie pour me faire un logo simple pour mon entreprise .</p>', 34999.99, 0, 1, 'ABOH', 'Yannick', 'yannickabohthierry@gmail.com', '00241 66 68 23 53', 'Face université numérique de Libreville', 2, 4, 5, 1, 'en attente', 1, '2024-08-08 14:20:26', '2024-08-08 15:10:52');

-- --------------------------------------------------------

--
-- Structure de la table `devis`
--

CREATE TABLE `devis` (
  `id` bigint UNSIGNED NOT NULL,
  `code` varchar(255) COLLATE utf8mb4_unicode_ci DEFAULT NULL,
  `libelle` varchar(255) COLLATE utf8mb4_unicode_ci DEFAULT NULL,
  `sous_total` double DEFAULT NULL,
  `taxes` double DEFAULT NULL,
  `montant_total` double DEFAULT NULL,
  `notes` mediumtext COLLATE utf8mb4_unicode_ci,
  `type_devis_id` int DEFAULT NULL,
  `demande_id` int DEFAULT NULL,
  `client_id` int DEFAULT NULL,
  `prestataire_id` int DEFAULT NULL,
  `user_id` int DEFAULT NULL,
  `statut` varchar(255) COLLATE utf8mb4_unicode_ci NOT NULL DEFAULT 'en attente',
  `active` int NOT NULL DEFAULT '0',
  `created_at` timestamp NULL DEFAULT NULL,
  `updated_at` timestamp NULL DEFAULT NULL
) ENGINE=InnoDB DEFAULT CHARSET=utf8mb4 COLLATE=utf8mb4_unicode_ci;

--
-- Déchargement des données de la table `devis`
--

INSERT INTO `devis` (`id`, `code`, `libelle`, `sous_total`, `taxes`, `montant_total`, `notes`, `type_devis_id`, `demande_id`, `client_id`, `prestataire_id`, `user_id`, `statut`, `active`, `created_at`, `updated_at`) VALUES
(1, '1723134638', NULL, 99999.99, 12000, 111999.99, NULL, NULL, NULL, 1, 1, 1, 'en attente', 1, '2024-08-08 15:37:26', '2024-09-02 10:02:19'),
(2, '1728995556', 'Devis 1728995556', NULL, NULL, NULL, '<p>ras</p>', 1, 1, 1, 1, 1, 'en attente', 1, '2024-10-15 11:32:58', '2024-10-15 11:32:58'),
(3, '1732801321', 'Devis 1732801321', NULL, NULL, NULL, '<p>ras</p>', 4, 1, 1, 1, 1, 'en attente', 1, '2024-11-28 12:44:40', '2024-11-28 12:44:40');

-- --------------------------------------------------------

--
-- Structure de la table `devis_items`
--

CREATE TABLE `devis_items` (
  `id` bigint UNSIGNED NOT NULL,
  `devis_id` int DEFAULT NULL,
  `code` varchar(255) COLLATE utf8mb4_unicode_ci DEFAULT NULL,
  `libelle` varchar(255) COLLATE utf8mb4_unicode_ci DEFAULT NULL,
  `description` mediumtext COLLATE utf8mb4_unicode_ci,
  `quantite` int NOT NULL DEFAULT '1',
  `prix_unitaire` double DEFAULT NULL,
  `total_item` double DEFAULT NULL,
  `user_id` int DEFAULT NULL,
  `active` int NOT NULL DEFAULT '0',
  `created_at` timestamp NULL DEFAULT NULL,
  `updated_at` timestamp NULL DEFAULT NULL
) ENGINE=InnoDB DEFAULT CHARSET=utf8mb4 COLLATE=utf8mb4_unicode_ci;

--
-- Déchargement des données de la table `devis_items`
--

INSERT INTO `devis_items` (`id`, `devis_id`, `code`, `libelle`, `description`, `quantite`, `prix_unitaire`, `total_item`, `user_id`, `active`, `created_at`, `updated_at`) VALUES
(2, 1, '1723194143', 'Analyse des besoins', 'Recueil des besoins du client', 1, 99999.99, 99999.99, 1, 1, '2024-08-09 08:02:22', '2024-08-09 08:02:22');

-- --------------------------------------------------------

--
-- Structure de la table `factures`
--

CREATE TABLE `factures` (
  `id` bigint UNSIGNED NOT NULL,
  `numero` varchar(255) COLLATE utf8mb4_unicode_ci DEFAULT NULL,
  `date_echeance` date DEFAULT NULL,
  `mode_paiement` varchar(255) COLLATE utf8mb4_unicode_ci DEFAULT NULL,
  `sous_total` double DEFAULT NULL,
  `taux_tva` double DEFAULT NULL,
  `montant_tva` double DEFAULT NULL,
  `taux_remise` double DEFAULT NULL,
  `montant_remise` double DEFAULT NULL,
  `montant_total` double DEFAULT NULL,
  `condition_paiement` mediumtext COLLATE utf8mb4_unicode_ci,
  `information_bancaire` mediumtext COLLATE utf8mb4_unicode_ci,
  `rappel_paiement` mediumtext COLLATE utf8mb4_unicode_ci,
  `notes` mediumtext COLLATE utf8mb4_unicode_ci,
  `devis_id` int DEFAULT NULL,
  `client_id` int DEFAULT NULL,
  `prestataire_id` int DEFAULT NULL,
  `mode_id` int DEFAULT NULL,
  `user_id` int DEFAULT NULL,
  `statut` varchar(255) COLLATE utf8mb4_unicode_ci NOT NULL DEFAULT 'en attente',
  `rappel_mail` int NOT NULL DEFAULT '0',
  `active` int NOT NULL DEFAULT '0',
  `created_at` timestamp NULL DEFAULT NULL,
  `updated_at` timestamp NULL DEFAULT NULL
) ENGINE=InnoDB DEFAULT CHARSET=utf8mb4 COLLATE=utf8mb4_unicode_ci;

-- --------------------------------------------------------

--
-- Structure de la table `facture_items`
--

CREATE TABLE `facture_items` (
  `id` bigint UNSIGNED NOT NULL,
  `facture_id` int DEFAULT NULL,
  `code` varchar(255) COLLATE utf8mb4_unicode_ci DEFAULT NULL,
  `libelle` varchar(255) COLLATE utf8mb4_unicode_ci DEFAULT NULL,
  `description` mediumtext COLLATE utf8mb4_unicode_ci,
  `quantite` int NOT NULL DEFAULT '1',
  `prix_unitaire` double DEFAULT NULL,
  `total_item` double DEFAULT NULL,
  `user_id` int DEFAULT NULL,
  `active` int NOT NULL DEFAULT '0',
  `created_at` timestamp NULL DEFAULT NULL,
  `updated_at` timestamp NULL DEFAULT NULL
) ENGINE=InnoDB DEFAULT CHARSET=utf8mb4 COLLATE=utf8mb4_unicode_ci;

-- --------------------------------------------------------

--
-- Structure de la table `failed_jobs`
--

CREATE TABLE `failed_jobs` (
  `id` bigint UNSIGNED NOT NULL,
  `uuid` varchar(255) COLLATE utf8mb4_unicode_ci NOT NULL,
  `connection` text COLLATE utf8mb4_unicode_ci NOT NULL,
  `queue` text COLLATE utf8mb4_unicode_ci NOT NULL,
  `payload` longtext COLLATE utf8mb4_unicode_ci NOT NULL,
  `exception` longtext COLLATE utf8mb4_unicode_ci NOT NULL,
  `failed_at` timestamp NOT NULL DEFAULT CURRENT_TIMESTAMP
) ENGINE=InnoDB DEFAULT CHARSET=utf8mb4 COLLATE=utf8mb4_unicode_ci;

-- --------------------------------------------------------

--
-- Structure de la table `forfaits`
--

CREATE TABLE `forfaits` (
  `id` bigint UNSIGNED NOT NULL,
  `code` varchar(255) COLLATE utf8mb4_unicode_ci DEFAULT NULL,
  `libelle` varchar(255) COLLATE utf8mb4_unicode_ci DEFAULT NULL,
  `description` mediumtext COLLATE utf8mb4_unicode_ci,
  `price` double NOT NULL DEFAULT '0',
  `user_id` int DEFAULT NULL,
  `active` int NOT NULL DEFAULT '0',
  `created_at` timestamp NULL DEFAULT NULL,
  `updated_at` timestamp NULL DEFAULT NULL
) ENGINE=InnoDB DEFAULT CHARSET=utf8mb4 COLLATE=utf8mb4_unicode_ci;

--
-- Déchargement des données de la table `forfaits`
--

INSERT INTO `forfaits` (`id`, `code`, `libelle`, `description`, `price`, `user_id`, `active`, `created_at`, `updated_at`) VALUES
(1, 'FO1', 'Mensuel', NULL, 1000, 1, 1, '2024-07-29 11:07:13', '2024-07-29 11:07:13'),
(2, 'FO2', 'Trimestriel', NULL, 2500, 1, 1, '2024-07-29 11:07:35', '2024-07-29 11:08:57'),
(3, 'FO3', 'Semestriel', NULL, 5500, 1, 1, '2024-07-29 11:07:49', '2024-07-29 11:08:36'),
(4, 'FO4', 'Annuel', NULL, 11000, 1, 1, '2024-07-29 11:08:17', '2024-07-29 11:09:06');

-- --------------------------------------------------------

--
-- Structure de la table `messages`
--

CREATE TABLE `messages` (
  `id` bigint UNSIGNED NOT NULL,
  `conversation_id` bigint UNSIGNED NOT NULL,
  `sender_id` bigint UNSIGNED NOT NULL,
  `content` text COLLATE utf8mb4_unicode_ci NOT NULL,
  `type` varchar(255) COLLATE utf8mb4_unicode_ci NOT NULL DEFAULT 'text',
  `created_at` timestamp NULL DEFAULT NULL,
  `updated_at` timestamp NULL DEFAULT NULL
) ENGINE=InnoDB DEFAULT CHARSET=utf8mb4 COLLATE=utf8mb4_unicode_ci;

--
-- Déchargement des données de la table `messages`
--

INSERT INTO `messages` (`id`, `conversation_id`, `sender_id`, `content`, `type`, `created_at`, `updated_at`) VALUES
(43, 14, 1, 'bonjour homo', 'text', '2024-09-13 16:04:42', '2024-09-13 16:04:42'),
(44, 14, 5, 'bonjour patron', 'text', '2024-09-13 16:05:02', '2024-09-13 16:05:02'),
(45, 14, 1, 'on ne te sent pas depuis', 'text', '2024-09-13 16:05:19', '2024-09-13 16:05:19'),
(46, 14, 5, 'comment xa ? je suis la pourtant', 'text', '2024-09-13 16:07:15', '2024-09-13 16:07:15'),
(47, 14, 1, 'ok je vais venir a bikele demain si tu seras en case', 'text', '2024-09-13 16:15:46', '2024-09-13 16:15:46'),
(48, 14, 5, 'd\'accord tu vas me trouver sur place - faut venir', 'text', '2024-09-13 16:19:19', '2024-09-13 16:19:19'),
(49, 14, 1, 'donc rendez-vous demain 11h00', 'text', '2024-09-13 16:56:07', '2024-09-13 16:56:07'),
(50, 14, 1, 'ok super alors', 'text', '2024-09-13 18:11:55', '2024-09-13 18:11:55'),
(51, 14, 5, 'je te wait bro', 'text', '2024-09-13 18:12:23', '2024-09-13 18:12:23');

-- --------------------------------------------------------

--
-- Structure de la table `migrations`
--

CREATE TABLE `migrations` (
  `id` int UNSIGNED NOT NULL,
  `migration` varchar(255) COLLATE utf8mb4_unicode_ci NOT NULL,
  `batch` int NOT NULL
) ENGINE=InnoDB DEFAULT CHARSET=utf8mb4 COLLATE=utf8mb4_unicode_ci;

--
-- Déchargement des données de la table `migrations`
--

INSERT INTO `migrations` (`id`, `migration`, `batch`) VALUES
(1, '2014_10_12_000000_create_users_table', 1),
(2, '2014_10_12_100000_create_password_reset_tokens_table', 1),
(3, '2019_08_19_000000_create_failed_jobs_table', 1),
(4, '2019_12_14_000001_create_personal_access_tokens_table', 1),
(5, '2024_07_18_131614_create_profiles_table', 1),
(6, '2024_07_18_131637_create_secteurs_table', 1),
(7, '2024_07_18_131646_create_pays_table', 1),
(8, '2024_07_18_131652_create_provinces_table', 1),
(9, '2024_07_18_131659_create_villes_table', 1),
(10, '2024_07_18_131730_create_reviews_table', 1),
(11, '2024_07_18_131802_create_services_table', 1),
(12, '2024_07_18_131814_create_prestations_table', 1),
(13, '2024_07_18_131833_create_demandes_table', 1),
(14, '2024_07_18_131846_create_photos_table', 1),
(15, '2024_07_18_131921_create_devis_table', 1),
(16, '2024_07_18_131927_create_factures_table', 1),
(17, '2024_07_18_131937_create_paiements_table', 1),
(18, '2024_07_18_131950_create_modes_table', 1),
(19, '2024_07_18_135506_create_devis_items_table', 1),
(20, '2024_07_18_135514_create_facture_items_table', 1),
(21, '2024_07_19_101039_create_adresses_table', 1),
(22, '2024_07_19_102413_create_competences_table', 1),
(23, '2024_07_19_105307_create_alertes_table', 1),
(24, '2024_07_20_151252_create_themes_table', 1),
(25, '2024_07_20_151300_create_articles_table', 1),
(26, '2024_07_20_151308_create_commentaires_table', 1),
(27, '2024_07_28_091424_create_forfaits_table', 2),
(28, '2024_07_28_091432_create_option_forfaits_table', 2),
(29, '2024_07_28_091451_create_abonnements_table', 2),
(30, '2024_07_28_092612_create_api_services_table', 2),
(31, '2024_07_29_105648_create_type_factures_table', 3),
(32, '2024_08_01_145630_create_type_devis_table', 4),
(33, '2024_08_05_112924_create_devis_table', 5),
(34, '2024_08_12_152833_create_conversations_table', 6),
(35, '2024_08_12_152833_create_messages_table', 6),
(36, '2024_08_13_132554_create_conversations_table', 7),
(37, '2024_08_13_132554_create_messages_table', 7),
(38, '2024_08_13_132934_create_conversation_user_table', 7),
(39, '2024_08_14_105517_create_messages_table', 8),
(40, '2024_08_14_124128_create_messages_table', 9),
(41, '2024_08_14_124147_create_conversations_table', 9),
(42, '2024_08_28_102114_create_categories_table', 10),
(43, '2024_08_28_102343_create_products_table', 10),
(44, '2024_08_28_102406_create_carts_table', 10),
(45, '2024_08_28_102411_create_cart_items_table', 10),
(46, '2024_08_28_102420_create_orders_table', 10),
(47, '2024_08_28_102425_create_order_items_table', 10),
(48, '2024_09_12_133604_create_conversations_table', 11),
(49, '2024_09_12_133605_create_messages_table', 11),
(50, '2024_09_23_134518_create_requetes_table', 12),
(51, '2024_10_05_115430_create_skills_table', 13),
(52, '2024_10_05_115642_create_portfolios_table', 13),
(53, '2024_10_05_170935_create_portfolio_images_table', 14),
(54, '2024_10_05_173958_create_portfolio_images_table', 15),
(55, '2024_10_17_120557_create_promotions_table', 16),
(56, '2024_10_17_121436_create_soldes_table', 17),
(57, '2024_10_21_134331_create_soldes_table', 18),
(58, '2024_10_21_134413_create_promotions_table', 18);

-- --------------------------------------------------------

--
-- Structure de la table `modes`
--

CREATE TABLE `modes` (
  `id` bigint UNSIGNED NOT NULL,
  `code` varchar(255) COLLATE utf8mb4_unicode_ci DEFAULT NULL,
  `libelle` varchar(255) COLLATE utf8mb4_unicode_ci DEFAULT NULL,
  `description` mediumtext COLLATE utf8mb4_unicode_ci,
  `user_id` int DEFAULT NULL,
  `active` int NOT NULL DEFAULT '0',
  `created_at` timestamp NULL DEFAULT NULL,
  `updated_at` timestamp NULL DEFAULT NULL
) ENGINE=InnoDB DEFAULT CHARSET=utf8mb4 COLLATE=utf8mb4_unicode_ci;

--
-- Déchargement des données de la table `modes`
--

INSERT INTO `modes` (`id`, `code`, `libelle`, `description`, `user_id`, `active`, `created_at`, `updated_at`) VALUES
(1, 'MOMO', 'Mobile Money', '<p>Paiement mobile.</p>', 1, 1, '2024-07-29 10:19:22', '2024-07-29 10:19:22'),
(2, 'VBANK', 'Carte Bancaire', '<p>Paiement par carte bancaire (Visa ou MasterCard).</p>', 1, 1, '2024-07-29 10:20:28', '2024-07-29 10:20:28');

-- --------------------------------------------------------

--
-- Structure de la table `option_forfaits`
--

CREATE TABLE `option_forfaits` (
  `id` bigint UNSIGNED NOT NULL,
  `forfait_id` int DEFAULT NULL,
  `code` varchar(255) COLLATE utf8mb4_unicode_ci DEFAULT NULL,
  `libelle` varchar(255) COLLATE utf8mb4_unicode_ci DEFAULT NULL,
  `user_id` int DEFAULT NULL,
  `active` int NOT NULL DEFAULT '0',
  `created_at` timestamp NULL DEFAULT NULL,
  `updated_at` timestamp NULL DEFAULT NULL
) ENGINE=InnoDB DEFAULT CHARSET=utf8mb4 COLLATE=utf8mb4_unicode_ci;

--
-- Déchargement des données de la table `option_forfaits`
--

INSERT INTO `option_forfaits` (`id`, `forfait_id`, `code`, `libelle`, `user_id`, `active`, `created_at`, `updated_at`) VALUES
(1, 1, 'OF1', 'Gestion de Compte', 1, 1, '2024-07-29 11:37:10', '2024-07-29 11:37:10'),
(2, 1, 'OF2', 'Gestion des Devis', 1, 1, '2024-07-29 11:38:08', '2024-07-29 11:38:08'),
(3, 1, 'OF3', 'Facturier', 1, 0, '2024-07-29 11:38:44', '2024-07-29 11:39:24'),
(4, 3, 'OF4', 'Gestion des Factures', 1, 1, '2024-07-29 11:39:19', '2024-07-29 11:40:03');

-- --------------------------------------------------------

--
-- Structure de la table `orders`
--

CREATE TABLE `orders` (
  `id` bigint UNSIGNED NOT NULL,
  `code` varchar(11) COLLATE utf8mb4_unicode_ci DEFAULT NULL,
  `user_id` bigint UNSIGNED DEFAULT NULL,
  `total` decimal(10,2) NOT NULL,
  `infos` mediumtext COLLATE utf8mb4_unicode_ci,
  `create_account` int NOT NULL DEFAULT '0',
  `status` varchar(255) COLLATE utf8mb4_unicode_ci NOT NULL DEFAULT 'pending',
  `created_at` timestamp NULL DEFAULT NULL,
  `updated_at` timestamp NULL DEFAULT NULL
) ENGINE=InnoDB DEFAULT CHARSET=utf8mb4 COLLATE=utf8mb4_unicode_ci;

--
-- Déchargement des données de la table `orders`
--

INSERT INTO `orders` (`id`, `code`, `user_id`, `total`, `infos`, `create_account`, `status`, `created_at`, `updated_at`) VALUES
(1, NULL, 1, 59120000.00, '<p>ras</p>', 1, 'pending', '2024-09-10 16:30:41', '2024-09-10 16:30:41'),
(2, NULL, 1, 71420000.00, NULL, 1, 'pending', '2024-09-10 16:38:00', '2024-09-10 16:38:00'),
(3, NULL, 1, 71420000.00, NULL, 1, 'pending', '2024-09-10 16:44:18', '2024-09-10 16:44:18'),
(4, NULL, 1, 23700000.00, '<p>ras</p>', 1, 'pending', '2024-09-11 09:49:43', '2024-09-11 09:49:43'),
(5, NULL, 1, 282000.00, '<p>ras</p>', 1, 'pending', '2024-09-11 10:08:40', '2024-09-11 10:08:40'),
(6, NULL, 1, 8150000.00, '<p>rien de plus a signaler !</p>', 1, 'pending', '2024-09-11 10:28:53', '2024-09-11 10:28:53'),
(7, NULL, 1, 8150000.00, '<p>rien de plus a signaler !</p>', 1, 'pending', '2024-09-11 10:37:57', '2024-09-11 10:37:57'),
(8, NULL, 1, 8150000.00, '<p>rien de plus a signaler !</p>', 1, 'pending', '2024-09-11 10:46:07', '2024-09-11 10:46:07'),
(9, NULL, 1, 9500000.00, '<p>rien de plus a signaler !</p>', 1, 'pending', '2024-09-11 11:09:31', '2024-09-11 11:09:31'),
(10, NULL, 1, 15700000.00, '<p>rien de plus a signaler !</p>', 1, 'pending', '2024-09-11 11:15:51', '2024-09-11 11:15:51'),
(11, NULL, 1, 13000000.00, '<p>rien de plus a signaler !</p>', 1, 'pending', '2024-09-11 11:16:55', '2024-09-11 11:16:55'),
(12, NULL, 1, 13600000.00, '<p>rien de plus a signaler !</p>', 1, 'pending', '2024-09-11 11:43:20', '2024-09-11 11:43:20'),
(13, NULL, 1, 25960000.00, '<p>rien de plus a signaler !</p>', 1, 'pending', '2024-09-11 12:03:14', '2024-09-11 12:03:14'),
(14, NULL, 1, 25960000.00, '<p>rien de plus a signaler !</p>', 1, 'paid', '2024-09-11 12:20:29', '2024-09-11 12:20:29'),
(15, NULL, 1, 9700000.00, '<p>rien de plus a signaler !</p>', 1, 'pending', '2024-09-11 12:36:57', '2024-09-11 12:36:57'),
(16, NULL, 1, 9700000.00, '<p>rien de plus a signaler !</p>', 1, 'pending', '2024-09-11 12:39:21', '2024-09-11 12:39:21'),
(17, NULL, 1, 10300000.00, '<p>rien de plus a signaler !</p>', 1, 'pending', '2024-09-11 12:48:18', '2024-09-11 12:48:18'),
(18, NULL, 1, 10300000.00, '<p>rien de plus a signaler !</p>', 1, 'pending', '2024-09-11 12:52:47', '2024-09-11 12:52:47'),
(19, NULL, 1, 10300000.00, '<p>rien de plus a signaler !</p>', 1, 'paid', '2024-09-11 12:57:16', '2024-09-11 12:57:17'),
(20, NULL, 1, 16800000.00, '<p>rien de plus a signaler !</p>', 1, 'paid', '2024-09-11 13:10:02', '2024-09-11 13:10:03'),
(21, NULL, 6, 18750000.00, '<p>rien de plus a signaler !</p>', 1, 'paid', '2024-09-12 11:45:52', '2024-09-12 11:45:53');

-- --------------------------------------------------------

--
-- Structure de la table `order_items`
--

CREATE TABLE `order_items` (
  `id` bigint UNSIGNED NOT NULL,
  `order_id` bigint UNSIGNED NOT NULL,
  `product_id` bigint UNSIGNED NOT NULL,
  `quantity` int NOT NULL,
  `price` decimal(8,2) NOT NULL,
  `created_at` timestamp NULL DEFAULT NULL,
  `updated_at` timestamp NULL DEFAULT NULL
) ENGINE=InnoDB DEFAULT CHARSET=utf8mb4 COLLATE=utf8mb4_unicode_ci;

--
-- Déchargement des données de la table `order_items`
--

INSERT INTO `order_items` (`id`, `order_id`, `product_id`, `quantity`, `price`, `created_at`, `updated_at`) VALUES
(1, 1, 1, 2, 49000.00, '2024-09-10 16:30:41', '2024-09-10 16:30:41'),
(2, 1, 3, 2, 123000.00, '2024-09-10 16:30:41', '2024-09-10 16:30:41'),
(3, 1, 9, 2, 123600.00, '2024-09-10 16:30:41', '2024-09-10 16:30:41'),
(4, 2, 1, 2, 49000.00, '2024-09-10 16:38:00', '2024-09-10 16:38:00'),
(5, 2, 3, 3, 123000.00, '2024-09-10 16:38:00', '2024-09-10 16:38:00'),
(6, 2, 9, 2, 123600.00, '2024-09-10 16:38:00', '2024-09-10 16:38:00'),
(7, 3, 1, 2, 49000.00, '2024-09-10 16:44:18', '2024-09-10 16:44:18'),
(8, 3, 3, 3, 123000.00, '2024-09-10 16:44:18', '2024-09-10 16:44:18'),
(9, 3, 9, 2, 123600.00, '2024-09-10 16:44:18', '2024-09-10 16:44:18'),
(10, 4, 1, 3, 49000.00, '2024-09-11 09:49:43', '2024-09-11 09:49:43'),
(11, 4, 4, 1, 90000.00, '2024-09-11 09:49:43', '2024-09-11 09:49:43'),
(12, 5, 1, 3, 49000.00, '2024-09-11 10:08:40', '2024-09-11 10:08:40'),
(13, 5, 4, 1, 90000.00, '2024-09-11 10:08:40', '2024-09-11 10:08:40'),
(14, 5, 5, 1, 45000.00, '2024-09-11 10:08:40', '2024-09-11 10:08:40'),
(15, 6, 2, 1, 56000.00, '2024-09-11 10:28:53', '2024-09-11 10:28:53'),
(16, 6, 6, 2, 6000.00, '2024-09-11 10:28:53', '2024-09-11 10:28:53'),
(17, 6, 8, 1, 13500.00, '2024-09-11 10:28:53', '2024-09-11 10:28:53'),
(18, 7, 2, 1, 56000.00, '2024-09-11 10:37:57', '2024-09-11 10:37:57'),
(19, 7, 6, 2, 6000.00, '2024-09-11 10:37:57', '2024-09-11 10:37:57'),
(20, 7, 8, 1, 13500.00, '2024-09-11 10:37:57', '2024-09-11 10:37:57'),
(21, 8, 2, 1, 56000.00, '2024-09-11 10:46:07', '2024-09-11 10:46:07'),
(22, 8, 6, 2, 6000.00, '2024-09-11 10:46:07', '2024-09-11 10:46:07'),
(23, 8, 8, 1, 13500.00, '2024-09-11 10:46:07', '2024-09-11 10:46:07'),
(24, 9, 2, 1, 56000.00, '2024-09-11 11:09:31', '2024-09-11 11:09:31'),
(25, 9, 6, 2, 6000.00, '2024-09-11 11:09:31', '2024-09-11 11:09:31'),
(26, 9, 8, 2, 13500.00, '2024-09-11 11:09:31', '2024-09-11 11:09:31'),
(27, 10, 2, 2, 56000.00, '2024-09-11 11:15:51', '2024-09-11 11:15:51'),
(28, 10, 6, 3, 6000.00, '2024-09-11 11:15:51', '2024-09-11 11:15:51'),
(29, 10, 8, 2, 13500.00, '2024-09-11 11:15:51', '2024-09-11 11:15:51'),
(30, 11, 2, 2, 56000.00, '2024-09-11 11:16:55', '2024-09-11 11:16:55'),
(31, 11, 6, 3, 6000.00, '2024-09-11 11:16:55', '2024-09-11 11:16:55'),
(32, 12, 2, 2, 56000.00, '2024-09-11 11:43:20', '2024-09-11 11:43:20'),
(33, 12, 6, 4, 6000.00, '2024-09-11 11:43:20', '2024-09-11 11:43:20'),
(34, 13, 2, 2, 56000.00, '2024-09-11 12:03:14', '2024-09-11 12:03:14'),
(35, 13, 6, 4, 6000.00, '2024-09-11 12:03:14', '2024-09-11 12:03:14'),
(36, 13, 9, 1, 123600.00, '2024-09-11 12:03:14', '2024-09-11 12:03:14'),
(37, 14, 2, 2, 56000.00, '2024-09-11 12:20:29', '2024-09-11 12:20:29'),
(38, 14, 6, 4, 6000.00, '2024-09-11 12:20:29', '2024-09-11 12:20:29'),
(39, 14, 9, 1, 123600.00, '2024-09-11 12:20:29', '2024-09-11 12:20:29'),
(40, 15, 2, 1, 56000.00, '2024-09-11 12:36:57', '2024-09-11 12:36:57'),
(41, 15, 6, 1, 6000.00, '2024-09-11 12:36:57', '2024-09-11 12:36:57'),
(42, 15, 7, 1, 35000.00, '2024-09-11 12:36:57', '2024-09-11 12:36:57'),
(43, 16, 2, 1, 56000.00, '2024-09-11 12:39:21', '2024-09-11 12:39:21'),
(44, 16, 6, 1, 6000.00, '2024-09-11 12:39:21', '2024-09-11 12:39:21'),
(45, 16, 7, 1, 35000.00, '2024-09-11 12:39:21', '2024-09-11 12:39:21'),
(46, 17, 2, 1, 56000.00, '2024-09-11 12:48:18', '2024-09-11 12:48:18'),
(47, 17, 6, 2, 6000.00, '2024-09-11 12:48:18', '2024-09-11 12:48:18'),
(48, 17, 7, 1, 35000.00, '2024-09-11 12:48:18', '2024-09-11 12:48:18'),
(49, 18, 2, 1, 56000.00, '2024-09-11 12:52:47', '2024-09-11 12:52:47'),
(50, 18, 6, 2, 6000.00, '2024-09-11 12:52:47', '2024-09-11 12:52:47'),
(51, 18, 7, 1, 35000.00, '2024-09-11 12:52:47', '2024-09-11 12:52:47'),
(52, 19, 2, 1, 56000.00, '2024-09-11 12:57:16', '2024-09-11 12:57:16'),
(53, 19, 6, 2, 6000.00, '2024-09-11 12:57:16', '2024-09-11 12:57:16'),
(54, 19, 7, 1, 35000.00, '2024-09-11 12:57:16', '2024-09-11 12:57:16'),
(55, 20, 3, 1, 123000.00, '2024-09-11 13:10:02', '2024-09-11 13:10:02'),
(56, 20, 5, 1, 45000.00, '2024-09-11 13:10:02', '2024-09-11 13:10:02'),
(57, 21, 1, 2, 49000.00, '2024-09-12 11:45:52', '2024-09-12 11:45:52'),
(58, 21, 6, 1, 6000.00, '2024-09-12 11:45:52', '2024-09-12 11:45:52'),
(59, 21, 8, 1, 13500.00, '2024-09-12 11:45:52', '2024-09-12 11:45:52'),
(60, 21, 7, 2, 35000.00, '2024-09-12 11:45:52', '2024-09-12 11:45:52');

-- --------------------------------------------------------

--
-- Structure de la table `paiements`
--

CREATE TABLE `paiements` (
  `id` bigint UNSIGNED NOT NULL,
  `mode_id` int DEFAULT NULL,
  `order_id` int DEFAULT NULL,
  `abonnement_id` int DEFAULT NULL,
  `reference` varchar(255) COLLATE utf8mb4_unicode_ci DEFAULT NULL,
  `libelle` varchar(255) COLLATE utf8mb4_unicode_ci DEFAULT NULL,
  `description` mediumtext COLLATE utf8mb4_unicode_ci,
  `bill_id` int DEFAULT NULL,
  `payer_id` int DEFAULT NULL,
  `payer_email` varchar(255) COLLATE utf8mb4_unicode_ci DEFAULT NULL,
  `payee_id` int DEFAULT NULL,
  `payee_name` varchar(255) COLLATE utf8mb4_unicode_ci DEFAULT NULL,
  `amount` double DEFAULT NULL,
  `devise` varchar(255) COLLATE utf8mb4_unicode_ci DEFAULT NULL,
  `user_id` int DEFAULT NULL,
  `status` varchar(255) COLLATE utf8mb4_unicode_ci DEFAULT NULL,
  `active` int NOT NULL DEFAULT '0',
  `created_at` timestamp NULL DEFAULT NULL,
  `updated_at` timestamp NULL DEFAULT NULL
) ENGINE=InnoDB DEFAULT CHARSET=utf8mb4 COLLATE=utf8mb4_unicode_ci;

--
-- Déchargement des données de la table `paiements`
--

INSERT INTO `paiements` (`id`, `mode_id`, `order_id`, `abonnement_id`, `reference`, `libelle`, `description`, `bill_id`, `payer_id`, `payer_email`, `payee_id`, `payee_name`, `amount`, `devise`, `user_id`, `status`, `active`, `created_at`, `updated_at`) VALUES
(1, 2, 2, NULL, 'REF-1725989880', 'Paiement pour commande 2', 'Paiement pour commande 2', NULL, 1, 'yannickabohthierry@gmail.com', NULL, NULL, 7142000000, 'EUR', 1, 'failed', 1, '2024-09-10 16:38:00', '2024-09-10 16:38:00'),
(2, 2, 3, NULL, 'REF-1725990258', 'Paiement pour commande 3', 'Paiement pour commande 3', NULL, 1, 'yannickabohthierry@gmail.com', NULL, NULL, 7142000000, 'EUR', 1, 'failed', 1, '2024-09-10 16:44:18', '2024-09-10 16:44:18'),
(3, 2, 4, NULL, 'REF-1726051783', 'Paiement pour commande 4', 'Paiement pour commande 4', NULL, 1, 'yannickabohthierry@gmail.com', NULL, NULL, 2370000000, 'EUR', 1, 'failed', 1, '2024-09-11 09:49:43', '2024-09-11 09:49:43'),
(4, 2, 5, NULL, 'REF-1726052920', 'Paiement pour commande 5', 'Paiement pour commande 5', NULL, 1, 'yannickabohthierry@gmail.com', NULL, NULL, 28200000, 'XAF', 1, 'failed', 1, '2024-09-11 10:08:40', '2024-09-11 10:08:40'),
(5, 2, 6, NULL, 'REF-1726054133', 'Paiement pour commande 6', 'Paiement pour commande 6', NULL, 1, 'yannickabohthierry@gmail.com', NULL, NULL, 8150000, 'XAF', 1, 'failed', 1, '2024-09-11 10:28:53', '2024-09-11 10:28:53'),
(6, 2, 7, NULL, 'REF-1726054677', 'Paiement pour commande 7', 'Paiement pour commande 7', NULL, 1, 'yannickabohthierry@gmail.com', NULL, NULL, 8150000, 'XAF', 1, 'failed', 1, '2024-09-11 10:37:57', '2024-09-11 10:37:57'),
(7, 2, 8, NULL, 'REF-1726055167', 'Paiement pour commande 8', 'Paiement pour commande 8', NULL, 1, 'yannickabohthierry@gmail.com', NULL, NULL, 8150000, 'XAF', 1, 'failed', 1, '2024-09-11 10:46:07', '2024-09-11 10:46:08'),
(8, 2, 9, NULL, 'REF-1726056571', 'Paiement pour commande 9', 'Paiement pour commande 9', NULL, 1, 'yannickabohthierry@gmail.com', NULL, NULL, 9500000, 'XAF', 1, 'failed', 1, '2024-09-11 11:09:31', '2024-09-11 11:09:32'),
(9, 2, 10, NULL, 'REF-1726056951', 'Paiement pour commande 10', 'Paiement pour commande 10', NULL, 1, 'yannickabohthierry@gmail.com', NULL, NULL, 15700000, 'XAF', 1, 'failed', 1, '2024-09-11 11:15:51', '2024-09-11 11:15:52'),
(10, 2, 11, NULL, 'REF-1726057015', 'Paiement pour commande 11', 'Paiement pour commande 11', NULL, 1, 'yannickabohthierry@gmail.com', NULL, NULL, 13000000, 'XAF', 1, 'failed', 1, '2024-09-11 11:16:55', '2024-09-11 11:16:55'),
(11, 2, 12, NULL, 'REF-1726058600', 'Paiement pour commande 12', 'Paiement pour commande 12', NULL, 1, 'yannickabohthierry@gmail.com', NULL, NULL, 13600000, 'EUR', 1, 'failed', 1, '2024-09-11 11:43:20', '2024-09-11 11:43:21'),
(12, 2, 13, NULL, 'REF-1726059794', 'Paiement pour commande 13', 'Paiement pour commande 13', NULL, 1, 'yannickabohthierry@gmail.com', NULL, NULL, 25960000, 'EUR', 1, 'failed', 1, '2024-09-11 12:03:14', '2024-09-11 12:03:15'),
(13, 2, 14, NULL, 'REF-1726060829', 'Paiement pour commande 14', 'Paiement pour commande 14', NULL, 1, 'yannickabohthierry@gmail.com', NULL, NULL, 25960000, 'EUR', 1, 'paid', 1, '2024-09-11 12:20:29', '2024-09-11 12:20:29'),
(14, 2, 15, NULL, 'REF-1726061817', 'Paiement pour commande 15', 'Paiement pour commande 15', NULL, 1, 'yannickabohthierry@gmail.com', NULL, NULL, 9700000, 'EUR', 1, 'failed', 1, '2024-09-11 12:36:57', '2024-09-11 12:36:58'),
(15, 2, 16, NULL, 'REF-1726061961', 'Paiement pour commande 16', 'Paiement pour commande 16', NULL, 1, 'yannickabohthierry@gmail.com', NULL, NULL, 9700000, 'EUR', 1, 'failed', 1, '2024-09-11 12:39:21', '2024-09-11 12:39:23'),
(16, 2, 19, NULL, 'REF-1726063036', 'Paiement pour commande 19', 'Paiement pour commande 19', NULL, 1, 'yannickabohthierry@gmail.com', NULL, NULL, 10300000, 'EUR', 1, 'paid', 1, '2024-09-11 12:57:16', '2024-09-11 12:57:17'),
(17, 2, 20, NULL, 'REF-1726063802', 'Paiement pour commande 20', 'Paiement pour commande 20', NULL, 1, 'yannickabohthierry@gmail.com', NULL, NULL, 16800000, 'EUR', 1, 'paid', 1, '2024-09-11 13:10:02', '2024-09-11 13:10:03'),
(18, 2, 21, NULL, 'REF-1726145152', 'Paiement pour commande 21', 'Paiement pour commande 21', NULL, 6, 'ayatech.code@gmail.com', NULL, NULL, 18750000, 'EUR', 6, 'paid', 1, '2024-09-12 11:45:52', '2024-09-12 11:45:53');

-- --------------------------------------------------------

--
-- Structure de la table `pays`
--

CREATE TABLE `pays` (
  `id` bigint UNSIGNED NOT NULL,
  `code` varchar(255) COLLATE utf8mb4_unicode_ci DEFAULT NULL,
  `libelle` varchar(255) COLLATE utf8mb4_unicode_ci DEFAULT NULL,
  `user_id` int DEFAULT NULL,
  `active` int NOT NULL DEFAULT '0',
  `created_at` timestamp NULL DEFAULT NULL,
  `updated_at` timestamp NULL DEFAULT NULL
) ENGINE=InnoDB DEFAULT CHARSET=utf8mb4 COLLATE=utf8mb4_unicode_ci;

--
-- Déchargement des données de la table `pays`
--

INSERT INTO `pays` (`id`, `code`, `libelle`, `user_id`, `active`, `created_at`, `updated_at`) VALUES
(1, 'GA', 'Gabon', 1, 0, '2024-07-26 07:54:58', '2024-07-26 09:49:51'),
(2, 'CMR', 'Cameroun', NULL, 1, '2024-07-26 07:56:46', '2024-07-26 10:11:47'),
(3, 'RDC', 'République Démocratique du Congo', 1, 0, '2024-07-26 07:57:29', '2024-07-26 09:45:57'),
(4, 'TCH', 'Tchad', NULL, 0, '2024-07-26 07:57:39', '2024-07-26 07:57:39'),
(5, 'GNE', 'Guinée Equatoriale', 1, 0, '2024-07-26 07:59:12', '2024-07-26 09:39:42'),
(6, 'CNK', 'Congo', NULL, 0, '2024-07-26 07:59:46', '2024-07-26 07:59:46'),
(7, 'FR', 'France', 1, 1, '2024-07-26 08:07:50', '2024-07-26 09:51:19'),
(8, 'ALG', 'Algérie', NULL, 0, '2024-07-26 08:11:39', '2024-07-26 08:11:39'),
(9, 'EGY', 'Egypte', NULL, 0, '2024-07-26 08:11:54', '2024-07-26 08:11:54'),
(10, 'MRC', 'Maroc', 1, 0, '2024-07-26 08:12:03', '2024-07-26 08:46:37'),
(11, 'RWD', 'Rwanda', 1, 0, '2024-07-26 09:51:49', '2024-07-26 09:51:49'),
(12, 'AFS', 'Afrique du Sud', 1, 0, '2024-07-26 09:54:24', '2024-07-26 09:54:24'),
(13, 'ETP', 'Ethiopie', 1, 1, '2024-07-26 10:01:02', '2024-07-26 10:01:02'),
(14, 'BEN', 'Bénin', 1, 1, '2024-07-26 10:11:23', '2024-07-26 10:11:23');

-- --------------------------------------------------------

--
-- Structure de la table `photos`
--

CREATE TABLE `photos` (
  `id` bigint UNSIGNED NOT NULL,
  `demande_id` int DEFAULT NULL,
  `code` varchar(255) COLLATE utf8mb4_unicode_ci DEFAULT NULL,
  `libelle` varchar(255) COLLATE utf8mb4_unicode_ci DEFAULT NULL,
  `path` varchar(255) COLLATE utf8mb4_unicode_ci DEFAULT NULL,
  `user_id` int DEFAULT NULL,
  `active` int NOT NULL DEFAULT '0',
  `created_at` timestamp NULL DEFAULT NULL,
  `updated_at` timestamp NULL DEFAULT NULL
) ENGINE=InnoDB DEFAULT CHARSET=utf8mb4 COLLATE=utf8mb4_unicode_ci;

-- --------------------------------------------------------

--
-- Structure de la table `portfolios`
--

CREATE TABLE `portfolios` (
  `id` bigint UNSIGNED NOT NULL,
  `code` varchar(255) COLLATE utf8mb4_unicode_ci DEFAULT NULL,
  `libelle` varchar(255) COLLATE utf8mb4_unicode_ci DEFAULT NULL,
  `description` mediumtext COLLATE utf8mb4_unicode_ci,
  `image` varchar(255) COLLATE utf8mb4_unicode_ci NOT NULL DEFAULT 'portfolios/portfolio.png',
  `user_id` int DEFAULT NULL,
  `active` int NOT NULL DEFAULT '0',
  `created_at` timestamp NULL DEFAULT NULL,
  `updated_at` timestamp NULL DEFAULT NULL
) ENGINE=InnoDB DEFAULT CHARSET=utf8mb4 COLLATE=utf8mb4_unicode_ci;

--
-- Déchargement des données de la table `portfolios`
--

INSERT INTO `portfolios` (`id`, `code`, `libelle`, `description`, `image`, `user_id`, `active`, `created_at`, `updated_at`) VALUES
(1, '2024-0394', 'Decoration mariage', '<p>Bonjour j\'ai eu a decore le mariage de ce couple qui m\'a donne la possibilite de publier leur mariage. la salle, le couvert, etc.&nbsp;&nbsp;</p>', 'portfolios/CO7naEXgkf0Ac8p9VoCry0M3IhWzb2eAN08g1EjV.jpg', 1, 1, '2024-10-05 15:56:29', '2024-10-05 15:56:29');

-- --------------------------------------------------------

--
-- Structure de la table `portfolio_images`
--

CREATE TABLE `portfolio_images` (
  `id` bigint UNSIGNED NOT NULL,
  `image` varchar(255) COLLATE utf8mb4_unicode_ci NOT NULL DEFAULT 'portfolios/images/portfolio.png',
  `portfolio_id` int DEFAULT NULL,
  `user_id` int DEFAULT NULL,
  `active` int NOT NULL DEFAULT '0',
  `created_at` timestamp NULL DEFAULT NULL,
  `updated_at` timestamp NULL DEFAULT NULL
) ENGINE=InnoDB DEFAULT CHARSET=utf8mb4 COLLATE=utf8mb4_unicode_ci;

--
-- Déchargement des données de la table `portfolio_images`
--

INSERT INTO `portfolio_images` (`id`, `image`, `portfolio_id`, `user_id`, `active`, `created_at`, `updated_at`) VALUES
(1, 'portfolios/images/XZEAYpCUGDfku8ikkgVrVmpzNWVJlYdLpxp2be9K.png', 1, 1, 1, '2024-10-05 16:52:06', '2024-10-05 16:52:06'),
(2, 'portfolios/images/KGxJeoYAk4KzLi9Uq2qH6If1RUDhBEK2e6a0gyRf.jpg', 1, 1, 1, '2024-10-05 16:52:21', '2024-10-05 16:52:21');

-- --------------------------------------------------------

--
-- Structure de la table `prestations`
--

CREATE TABLE `prestations` (
  `id` bigint UNSIGNED NOT NULL,
  `service_id` int DEFAULT NULL,
  `code` varchar(255) COLLATE utf8mb4_unicode_ci DEFAULT NULL,
  `libelle` varchar(255) COLLATE utf8mb4_unicode_ci DEFAULT NULL,
  `description` mediumtext COLLATE utf8mb4_unicode_ci,
  `user_id` int DEFAULT NULL,
  `active` int NOT NULL DEFAULT '0',
  `created_at` timestamp NULL DEFAULT NULL,
  `updated_at` timestamp NULL DEFAULT NULL
) ENGINE=InnoDB DEFAULT CHARSET=utf8mb4 COLLATE=utf8mb4_unicode_ci;

--
-- Déchargement des données de la table `prestations`
--

INSERT INTO `prestations` (`id`, `service_id`, `code`, `libelle`, `description`, `user_id`, `active`, `created_at`, `updated_at`) VALUES
(1, 1, 'CSV', 'Création de sites vitrines', '<p>ras</p>', 1, 1, '2024-07-26 14:06:42', '2024-07-26 14:06:42'),
(2, 1, 'DSC', 'Développement de sites e-commerce', '<p>ras</p>', 1, 1, '2024-07-26 14:07:02', '2024-07-26 14:07:02'),
(3, 1, 'IDC', 'Intégration de CMS (WordPress, Joomla, etc.)', '<p>ras</p>', 1, 1, '2024-07-26 14:07:30', '2024-07-26 14:07:30'),
(4, 1, 'OPS', 'Optimisation SEO', '<p>ras</p>', 1, 1, '2024-07-26 14:07:53', '2024-07-26 14:07:53'),
(5, 1, 'MMJ', 'Maintenance et mises à jour de sites web', '<p>ras</p>', 1, 1, '2024-07-26 14:08:13', '2024-07-26 14:08:13'),
(6, 2, 'DAM', 'Développement d\'applications hybrides (React Native, Flutter)', '<p>ras</p>', 1, 1, '2024-07-26 14:08:58', '2024-07-26 14:08:58'),
(7, 2, 'DAA', 'Développement d\'applications iOS', '<p>ras</p>', 1, 1, '2024-07-26 14:11:12', '2024-07-26 14:11:12'),
(8, 5, '2024-0394', 'Création de logos', '<p>Cr&eacute;ation de logos</p>', 1, 1, '2024-08-01 12:54:08', '2024-08-01 12:54:08');

-- --------------------------------------------------------

--
-- Structure de la table `products`
--

CREATE TABLE `products` (
  `id` bigint UNSIGNED NOT NULL,
  `category_id` bigint UNSIGNED NOT NULL,
  `code` varchar(255) COLLATE utf8mb4_unicode_ci DEFAULT NULL,
  `libelle` varchar(255) COLLATE utf8mb4_unicode_ci NOT NULL,
  `description` text COLLATE utf8mb4_unicode_ci,
  `price` decimal(8,2) NOT NULL,
  `stock` int NOT NULL DEFAULT '0',
  `image` varchar(255) COLLATE utf8mb4_unicode_ci DEFAULT NULL,
  `user_id` int DEFAULT NULL,
  `active` int NOT NULL DEFAULT '0',
  `created_at` timestamp NULL DEFAULT NULL,
  `updated_at` timestamp NULL DEFAULT NULL
) ENGINE=InnoDB DEFAULT CHARSET=utf8mb4 COLLATE=utf8mb4_unicode_ci;

--
-- Déchargement des données de la table `products`
--

INSERT INTO `products` (`id`, `category_id`, `code`, `libelle`, `description`, `price`, `stock`, `image`, `user_id`, `active`, `created_at`, `updated_at`) VALUES
(1, 1, '2024-0394', 'Robe Évasée en Coton', '<p>Robe l&eacute;g&egrave;re et confortable en coton, parfaite pour l\'&eacute;t&eacute;. Disponible en plusieurs couleurs.</p>', 49000.00, 12, 'products/7zmjsSuxb67wkAib3DHyb0gSpCEhmEcyPmTWQW5i.jpg', 1, 1, '2024-08-28 13:04:04', '2024-08-28 13:23:24'),
(2, 1, '2024-0395', 'Jean Slim Taille Haute', '<p>Jean slim en denim stretch, offrant une silhouette &eacute;lanc&eacute;e et un confort optimal</p>', 56000.00, 9, 'products/U30ROMR5dvP7WLqCuU29LCiOSxflhtXZCtazbAM3.jpg', 1, 1, '2024-08-28 13:05:46', '2024-08-28 13:25:51'),
(3, 2, '2024-1394', 'Smartphone XYZ Pro', '<p>Smartphone haut de gamme avec &eacute;cran OLED 6.5 pouces, 128 Go de stockage et triple cam&eacute;ra arri&egrave;re.</p>', 123000.00, 15, 'products/pl9UtdygEh5NgMt8xt7JGnF5lhz9ME1WX4ln0vsv.jpg', 1, 1, '2024-08-28 13:07:14', '2024-08-28 13:27:33'),
(4, 1, '2024-0384', 'Tablette T10', '<p>Tablette 10 pouces avec 64 Go de stockage, id&eacute;ale pour le divertissement et la productivit&eacute;.</p>', 90000.00, 8, 'products/ZSJY9YvfyPVrpmTppwE94Sc3s3AXSszjdVMXtNX1.jpg', 1, 1, '2024-08-28 13:07:51', '2024-08-28 13:28:39'),
(5, 1, '2024-2294', 'Casque Gaming Pro', '<p>Casque de jeu avec son surround 7.1, micro amovible et &eacute;clairage LED.</p>', 45000.00, 10, 'products/YuMEfAwgNuImrPRXORkj0nARfalYNYqa8NrhQzR9.jpg', 1, 1, '2024-08-28 13:11:30', '2024-08-28 13:29:42'),
(6, 3, '2024-0332', 'Crème Hydratante Jour & Nuit', '<p>Cr&egrave;me l&eacute;g&egrave;re qui hydrate en profondeur tout en prot&eacute;geant la peau contre les agressions ext&eacute;rieures.</p>', 6000.00, 9, 'products/ysp9L7KxwCff9sKiKAaKzTlcMWrQ9yVvZXXF7BVJ.jpg', 1, 1, '2024-08-28 13:12:03', '2024-08-28 13:30:51'),
(7, 5, '2034-0394', 'Sac à Dos Randonnée', '<p>Sac &agrave; dos de randonn&eacute;e avec compartiment hydratation et multiples poches de rangement.</p>', 35000.00, 12, 'products/j5uebwQ9QNJnEsFPWjgkyA0oQEaqdvCE4tz1PDWJ.jpg', 1, 1, '2024-08-29 12:43:24', '2024-08-29 12:43:24'),
(8, 4, '2094-0394', 'Lampe de Table en Bois', '<p>Lampe de table au design scandinave, avec abat-jour en lin et base en bois naturel.</p>', 13500.00, 19, 'products/YdOHUxZ6zsZFVDKSete9iCUKqGpAHdn3SVOVJAWN.jpg', 1, 1, '2024-08-29 12:45:09', '2024-08-29 12:45:09'),
(9, 4, '2424-0394', 'Service de Table 16 Pièces', '<p>Ensemble de vaisselle pour 4 personnes, avec assiettes plates, assiettes creuses, bols et mugs.</p>', 123600.00, 5, 'products/i6VuuOLt1qwf9vc2mrb8abRJPBKoyiP5lTPaQVXC.jpg', 1, 1, '2024-08-29 12:48:46', '2024-08-29 12:48:46');

-- --------------------------------------------------------

--
-- Structure de la table `profiles`
--

CREATE TABLE `profiles` (
  `id` bigint UNSIGNED NOT NULL,
  `code` varchar(255) COLLATE utf8mb4_unicode_ci DEFAULT NULL,
  `libelle` varchar(255) COLLATE utf8mb4_unicode_ci DEFAULT NULL,
  `description` mediumtext COLLATE utf8mb4_unicode_ci,
  `user_id` int DEFAULT NULL,
  `active` int NOT NULL DEFAULT '0',
  `created_at` timestamp NULL DEFAULT NULL,
  `updated_at` timestamp NULL DEFAULT NULL
) ENGINE=InnoDB DEFAULT CHARSET=utf8mb4 COLLATE=utf8mb4_unicode_ci;

--
-- Déchargement des données de la table `profiles`
--

INSERT INTO `profiles` (`id`, `code`, `libelle`, `description`, `user_id`, `active`, `created_at`, `updated_at`) VALUES
(1, 'Racine', 'Root', '<p>Le root sur la plateforme est l\'architecte.</p>', 1, 1, '2024-07-26 14:51:31', '2024-07-26 14:51:31'),
(2, 'FRL', 'Freelance', '<p>Le freelance est un utilisateur qui n\'a pas de structure mais possede une expertise dans un domaine precis.</p>', 1, 1, '2024-07-26 14:52:18', '2024-07-26 14:53:42'),
(3, 'ENP', 'Entreprise', '<p>Ce profil esr celui reserve aux entreprises.</p>', 1, 1, '2024-07-26 14:53:05', '2024-07-26 14:53:57'),
(4, 'CLI', 'Client', '<p>Ce profil est destine aux clients de la plateforme.</p>', 1, 1, '2024-07-26 14:53:31', '2024-07-26 14:53:31'),
(5, 'ADM', 'Admin', '<p>Ce profil est destine aux admins (agents, superviseurs, operateurs) de JOBBO.</p>', 1, 1, '2024-07-26 14:54:37', '2024-07-26 14:54:37');

-- --------------------------------------------------------

--
-- Structure de la table `promotions`
--

CREATE TABLE `promotions` (
  `id` bigint UNSIGNED NOT NULL,
  `code` varchar(255) COLLATE utf8mb4_unicode_ci DEFAULT NULL,
  `nom` varchar(255) COLLATE utf8mb4_unicode_ci DEFAULT NULL,
  `reduction` decimal(5,2) NOT NULL,
  `type_solde` enum('pourcentage','montant') COLLATE utf8mb4_unicode_ci NOT NULL,
  `date_debut` datetime DEFAULT NULL,
  `date_fin` datetime DEFAULT NULL,
  `category_id` int DEFAULT NULL,
  `product_id` int DEFAULT NULL,
  `user_id` int DEFAULT NULL,
  `active` int NOT NULL DEFAULT '0',
  `created_at` timestamp NULL DEFAULT NULL,
  `updated_at` timestamp NULL DEFAULT NULL
) ENGINE=InnoDB DEFAULT CHARSET=utf8mb4 COLLATE=utf8mb4_unicode_ci;

-- --------------------------------------------------------

--
-- Structure de la table `provinces`
--

CREATE TABLE `provinces` (
  `id` bigint UNSIGNED NOT NULL,
  `pays_id` int DEFAULT NULL,
  `code` varchar(255) COLLATE utf8mb4_unicode_ci DEFAULT NULL,
  `libelle` varchar(255) COLLATE utf8mb4_unicode_ci DEFAULT NULL,
  `user_id` int DEFAULT NULL,
  `active` int NOT NULL DEFAULT '0',
  `created_at` timestamp NULL DEFAULT NULL,
  `updated_at` timestamp NULL DEFAULT NULL
) ENGINE=InnoDB DEFAULT CHARSET=utf8mb4 COLLATE=utf8mb4_unicode_ci;

--
-- Déchargement des données de la table `provinces`
--

INSERT INTO `provinces` (`id`, `pays_id`, `code`, `libelle`, `user_id`, `active`, `created_at`, `updated_at`) VALUES
(1, 1, 'EST', 'Estuaire', 1, 1, '2024-07-26 10:41:36', '2024-07-26 10:41:36'),
(2, 1, 'HOG', 'Haut-Ogooué', 1, 1, '2024-07-26 10:45:28', '2024-07-26 10:45:28'),
(3, 1, 'WLT', 'Woleu Ntem', 1, 1, '2024-07-26 10:45:56', '2024-07-28 11:47:25'),
(4, 2, 'LTR', 'Littoral', 1, 1, '2024-07-26 10:46:39', '2024-07-26 10:46:39'),
(5, 2, 'SDO', 'Sud Ouest', 1, 1, '2024-07-26 10:47:17', '2024-07-26 10:49:17'),
(6, 1, 'MOG', 'Moyen-Ogooué', 1, 1, '2024-07-26 10:49:38', '2024-07-26 10:49:38');

-- --------------------------------------------------------

--
-- Structure de la table `requetes`
--

CREATE TABLE `requetes` (
  `id` bigint UNSIGNED NOT NULL,
  `code` varchar(255) COLLATE utf8mb4_unicode_ci DEFAULT NULL,
  `nom_complet` varchar(255) COLLATE utf8mb4_unicode_ci DEFAULT NULL,
  `email` varchar(255) COLLATE utf8mb4_unicode_ci DEFAULT NULL,
  `phone` varchar(255) COLLATE utf8mb4_unicode_ci DEFAULT NULL,
  `objet` varchar(255) COLLATE utf8mb4_unicode_ci DEFAULT NULL,
  `message` varchar(255) COLLATE utf8mb4_unicode_ci DEFAULT NULL,
  `user_id` int DEFAULT NULL,
  `active` int NOT NULL DEFAULT '0',
  `created_at` timestamp NULL DEFAULT NULL,
  `updated_at` timestamp NULL DEFAULT NULL
) ENGINE=InnoDB DEFAULT CHARSET=utf8mb4 COLLATE=utf8mb4_unicode_ci;

--
-- Déchargement des données de la table `requetes`
--

INSERT INTO `requetes` (`id`, `code`, `nom_complet`, `email`, `phone`, `objet`, `message`, `user_id`, `active`, `created_at`, `updated_at`) VALUES
(1, '1727104105', 'ABOH Yannick', 'yannickabohthierry@gmail.com', '00241 66 68 23 53', 'Impossible de creer un compte', '<p>bonjour j\'ai des difficultes a creer un compte, comment faire svp !&nbsp;</p>', 1, 1, '2024-09-23 14:17:48', '2024-09-23 14:17:48');

-- --------------------------------------------------------

--
-- Structure de la table `reviews`
--

CREATE TABLE `reviews` (
  `id` bigint UNSIGNED NOT NULL,
  `code` varchar(255) COLLATE utf8mb4_unicode_ci DEFAULT NULL,
  `nom_complet` varchar(255) COLLATE utf8mb4_unicode_ci DEFAULT NULL,
  `email` varchar(255) COLLATE utf8mb4_unicode_ci DEFAULT NULL,
  `phone` varchar(255) CHARACTER SET utf8mb4 COLLATE utf8mb4_unicode_ci DEFAULT NULL,
  `profession` varchar(255) CHARACTER SET utf8mb4 COLLATE utf8mb4_unicode_ci DEFAULT NULL,
  `slogan` varchar(255) COLLATE utf8mb4_unicode_ci DEFAULT NULL,
  `rating` int DEFAULT NULL,
  `commentaire` mediumtext COLLATE utf8mb4_unicode_ci,
  `user_id` int DEFAULT NULL,
  `active` int NOT NULL DEFAULT '0',
  `created_at` timestamp NULL DEFAULT NULL,
  `updated_at` timestamp NULL DEFAULT NULL
) ENGINE=InnoDB DEFAULT CHARSET=utf8mb4 COLLATE=utf8mb4_unicode_ci;

--
-- Déchargement des données de la table `reviews`
--

INSERT INTO `reviews` (`id`, `code`, `nom_complet`, `email`, `phone`, `profession`, `slogan`, `rating`, `commentaire`, `user_id`, `active`, `created_at`, `updated_at`) VALUES
(1, '1722263366', 'ABOH Yannick', 'yannickabohthierry@gmail.com', '00241 66 68 23 53', 'Ingénieur logiciel', 'Un Service Exceptionnel !', 3, '<p>JOBBO a transform&eacute; la mani&egrave;re dont nous trouvons des prestataires pour nos projets. Leur plateforme est intuitive, et la qualit&eacute; des professionnels est exceptionnelle. Nous avons trouv&eacute; des freelances comp&eacute;tents pour tous nos besoins en seulement quelques clics : c\'est incroyable !</p>', 1, 1, '2024-07-29 13:31:24', '2024-07-29 14:27:38'),
(2, '1722264548', 'ABOH Yannick', 'yannickabohthierry@gmail.com', '00241 66 68 23 53', 'Informaticien', 'Excellent Rapport Qualité-Prix', 1, '<p>En tant qu\'entreprise, nous devons souvent faire appel &agrave; divers prestataires. Avec JOBBO, nous avons pu centraliser toutes nos demandes de services et obtenir des devis rapidement. \'C\'est un gain de temps pr&eacute;cieux et une solution efficace pour g&eacute;rer nos besoins</p>', 1, 1, '2024-07-29 13:50:02', '2024-07-29 14:25:12'),
(3, '1722264688', 'ABOH Yannick', 'yannickabohthierry@gmail.com', '00241 66 68 23 53', 'Ingénieur de conception des SI', 'Des Prestataires Fiables et Compétents', 3, '<p>J\'utilise JOBBO pour mes projets personnels et professionnels, et je n\'ai jamais &eacute;t&eacute; d&eacute;&ccedil;u. Les prestataires sont fiables et leurs comp&eacute;tences sont v&eacute;rifi&eacute;es. Je recommande vivement cette plateforme &agrave; toute personne cherchant des services de qualit&eacute; et cela en quelques clics.</p>', 1, 1, '2024-07-29 13:52:26', '2024-07-29 13:52:26'),
(4, '1722264748', 'ABOH Yannick', 'yannickabohthierry@gmail.com', '00241 66 68 23 53', 'Membre du Conseil Electoral', 'Une Plateforme Facile à Utiliser', 5, '<p>JOBBO est une plateforme tr&egrave;s facile &agrave; utiliser. Le processus de demande et de comparaison des offres est simple, ce qui rend la gestion des projets beaucoup plus fluide. Je suis tr&egrave;s satisfait des r&eacute;sultats obtenus.</p>', 1, 1, '2024-07-29 13:52:54', '2024-07-29 13:52:54'),
(5, '1722265278', 'ABOH Yannick', 'yannickabohthierry@gmail.com', '00241 66 68 23 53', 'Agent Immobilier', 'Un Gain de Temps', 5, '<p>Nous avons utilis&eacute; JOBBO pour trouver des prestataires pour un &eacute;v&eacute;nement important, et nous avons &eacute;t&eacute; impressionn&eacute;s par le rapport qualit&eacute;-prix. Les offres &eacute;taient comp&eacute;titives et les prestataires tr&egrave;s bons.</p>', 1, 1, '2024-07-29 14:02:12', '2024-07-29 14:28:05'),
(6, '1722266619', 'ABOH Yannick', 'yannickabohthierry@gmail.com', '00241 66 68 23 53', 'Informaticien', 'Des Prestataires Fiables', 5, '<p>J\'utilise JOBBO pour mes projets personnels et professionnels, et je n\'ai jamais &eacute;t&eacute; d&eacute;&ccedil;u. Les prestataires sont fiables et leurs comp&eacute;tences sont v&eacute;rifi&eacute;es. Je recommande vivement cette plateforme &agrave; toute personne cherchant des services de qualit&eacute; et cela en quelques clics.</p>', 1, 1, '2024-07-29 14:24:25', '2024-07-29 14:24:25');

-- --------------------------------------------------------

--
-- Structure de la table `secteurs`
--

CREATE TABLE `secteurs` (
  `id` bigint UNSIGNED NOT NULL,
  `code` varchar(255) COLLATE utf8mb4_unicode_ci DEFAULT NULL,
  `libelle` varchar(255) COLLATE utf8mb4_unicode_ci DEFAULT NULL,
  `description` mediumtext COLLATE utf8mb4_unicode_ci,
  `user_id` int DEFAULT NULL,
  `active` int NOT NULL DEFAULT '0',
  `created_at` timestamp NULL DEFAULT NULL,
  `updated_at` timestamp NULL DEFAULT NULL
) ENGINE=InnoDB DEFAULT CHARSET=utf8mb4 COLLATE=utf8mb4_unicode_ci;

--
-- Déchargement des données de la table `secteurs`
--

INSERT INTO `secteurs` (`id`, `code`, `libelle`, `description`, `user_id`, `active`, `created_at`, `updated_at`) VALUES
(1, 'DWM', 'Développement Web et Mobile', '<p>Ce secteur regroupe les professionnels spécialisés dans la création et la maintenance de sites web, d\'applications mobiles et de logiciels. Ils utilisent diverses technologies pour développer des solutions numériques adaptées aux besoins des clients</p>', 1, 1, '2024-07-26 11:44:44', '2024-07-26 12:39:25'),
(2, 'DEC', 'Design et Création', '<p>Ce secteur inclut les designers graphiques, UX/UI, de logos, de produits et les illustrateurs. Ils créent des visuels attrayants et fonctionnels pour divers supports, allant des sites web aux produits physiques</p>', 1, 1, '2024-07-26 11:48:19', '2024-07-26 12:39:47'),
(3, 'RET', 'Rédaction et Traduction', '<p>Ce secteur englobe les professionnels du marketing digital, du référencement SEO, de la gestion des réseaux sociaux, de la publicité en ligne et du marketing de contenu. Ils aident les entreprises à promouvoir leurs produits et services de manière efficace.</p>', 1, 1, '2024-07-26 11:52:02', '2024-07-26 12:40:09'),
(4, 'SCA', 'Support Client et Administration', '<p>Ce secteur comprend les rédacteurs de contenu, les traducteurs, les correcteurs et les rédacteurs techniques. Ils produisent et adaptent des textes pour divers supports et publics, en veillant à la clarté et à la précision.</p>', 1, 0, '2024-07-26 11:52:27', '2024-07-26 12:40:27'),
(5, 'FEC', 'Finance et Comptabilité', '<p>Ce secteur inclut les agents de support client, les gestionnaires de projet, les assistants virtuels et les spécialistes de la saisie de données. Ils assurent le bon fonctionnement des opérations et la satisfaction des clients.</p>', 1, 1, '2024-07-26 11:52:50', '2024-07-26 12:40:45'),
(6, 'SJU', 'Juridique', '<p>Ce secteur regroupe les comptables, les conseillers financiers, les auditeurs et les gestionnaires de paie. Ils gèrent les finances des entreprises et des particuliers, en assurant la conformité et l\'optimisation des ressources financières.</p>', 1, 1, '2024-07-26 11:53:23', '2024-07-26 12:41:22'),
(7, 'FCO', 'Formation et Coaching', 'Formation en ligne\r\nCoaching professionnel\r\nDéveloppement personnel\r\nFormation en entreprise', 1, 1, '2024-07-26 11:55:04', '2024-07-26 11:55:04'),
(8, 'IEA', 'Ingénierie et Architecture', 'Ingénierie civile\r\nArchitecture\r\nIngénierie mécanique\r\nIngénierie électrique', 1, 1, '2024-07-26 11:55:44', '2024-07-26 11:55:44'),
(9, 'SEBE', 'Santé et Bien-être', 'Conseil en santé\r\nCoaching en bien-être\r\nNutrition\r\nFitness et entraînement personnel', 1, 1, '2024-07-26 11:56:30', '2024-07-26 11:56:30'),
(10, 'SEV', 'Événementiel', 'Organisation d\'événements\r\nPlanification de mariages\r\nGestion de conférences\r\nAnimation d\'événements', 1, 1, '2024-07-26 11:56:47', '2024-07-26 11:56:47'),
(11, 'MEB', 'Mode et Beauté', 'Stylisme\r\nMaquillage\r\nCoiffure\r\nConseil en image', 1, 1, '2024-07-26 11:57:11', '2024-07-26 11:57:11'),
(12, 'PEV', 'Photographie et Vidéo', 'Photographie\r\nVidéographie\r\nMontage vidéo\r\nProduction de contenu vidéo', 1, 1, '2024-07-26 11:57:30', '2024-07-26 11:57:30'),
(13, 'IMO', 'Immobilier', 'Conseil immobilier\r\nGestion de biens immobiliers\r\nCourtage immobilier\r\nAménagement intérieur', 1, 1, '2024-07-26 11:57:53', '2024-07-26 11:57:53'),
(14, 'TIC', 'Technologie et Informatique', 'Support informatique\r\nAdministration de réseaux\r\nSécurité informatique\r\nDéveloppement de bases de données', 1, 1, '2024-07-26 11:58:13', '2024-07-26 11:58:13'),
(15, 'AEF', 'Artisanat et Fabrication', 'Menuiserie\r\nPlomberie\r\nÉlectricité\r\nFabrication de meubles', 1, 1, '2024-07-26 11:58:33', '2024-07-26 11:58:33'),
(16, 'EEE', 'Éducation et Enseignement', 'Tutorat\r\nCours en ligne\r\nDéveloppement de programmes éducatifs\r\nConseil en orientation scolaire', 1, 0, '2024-07-26 11:59:11', '2024-07-26 12:00:32'),
(17, 'ENE', 'Environnement et Énergie', 'Conseil en énergie renouvelable\r\nGestion de l\'environnement\r\nÉvaluation de l\'impact environnemental\r\nGestion des déchets', 1, 1, '2024-07-26 11:59:32', '2024-07-26 11:59:32'),
(18, 'TEL', 'Transport et Logistique', 'Transport de marchandises\r\nLogistique et chaîne d\'approvisionnement\r\nGestion de flotte\r\nServices de livraison', 1, 1, '2024-07-26 11:59:52', '2024-07-26 11:59:52'),
(19, 'AUS', 'Autres Services', 'Services de nettoyage\r\nServices de jardinage\r\nServices de déménagement\r\nServices de garde d\'enfants', 1, 1, '2024-07-26 12:00:13', '2024-07-26 12:00:13');

-- --------------------------------------------------------

--
-- Structure de la table `services`
--

CREATE TABLE `services` (
  `id` bigint UNSIGNED NOT NULL,
  `code` varchar(255) COLLATE utf8mb4_unicode_ci DEFAULT NULL,
  `libelle` varchar(255) COLLATE utf8mb4_unicode_ci DEFAULT NULL,
  `description` mediumtext COLLATE utf8mb4_unicode_ci,
  `secteur_id` int DEFAULT NULL,
  `user_id` int DEFAULT NULL,
  `active` int NOT NULL DEFAULT '0',
  `created_at` timestamp NULL DEFAULT NULL,
  `updated_at` timestamp NULL DEFAULT NULL
) ENGINE=InnoDB DEFAULT CHARSET=utf8mb4 COLLATE=utf8mb4_unicode_ci;

--
-- Déchargement des données de la table `services`
--

INSERT INTO `services` (`id`, `code`, `libelle`, `description`, `secteur_id`, `user_id`, `active`, `created_at`, `updated_at`) VALUES
(1, 'DSW', 'Développement de sites web', NULL, 1, 1, 1, '2024-07-26 13:10:24', '2024-07-26 13:10:24'),
(2, 'DAM', 'Développement d\'applications mobiles', '<p>ras</p>', 1, 1, 1, '2024-07-26 13:10:49', '2024-07-26 13:17:11'),
(3, 'DDL', 'Développement de logiciels', NULL, 1, 1, 0, '2024-07-26 13:11:11', '2024-07-26 13:11:55'),
(4, 'DJV', 'Développement de jeux vidéo', NULL, 1, 1, 1, '2024-07-26 13:11:32', '2024-07-26 13:11:32'),
(5, 'DEG', 'Design graphique', '<p>ras</p>', 2, 1, 1, '2024-07-26 13:18:26', '2024-07-26 13:18:26'),
(6, 'DUI', 'Design UX/UI', '<p>ras</p>', 2, 1, 1, '2024-07-26 13:18:46', '2024-07-26 13:18:46'),
(7, 'DLO', 'Design de logos', '<p>ras</p>', 2, 1, 1, '2024-07-26 13:19:39', '2024-07-26 13:19:39'),
(8, 'DDP', 'Design de produits', '<p>ras</p>', 2, 1, 1, '2024-07-26 13:20:00', '2024-07-26 13:20:00'),
(9, 'ILL', 'Illustration', '<p>ras</p>', 2, 1, 1, '2024-07-26 13:20:21', '2024-07-26 13:20:21');

-- --------------------------------------------------------

--
-- Structure de la table `skills`
--

CREATE TABLE `skills` (
  `id` bigint UNSIGNED NOT NULL,
  `code` varchar(255) COLLATE utf8mb4_unicode_ci DEFAULT NULL,
  `libelle` varchar(255) COLLATE utf8mb4_unicode_ci DEFAULT NULL,
  `user_id` int DEFAULT NULL,
  `active` int NOT NULL DEFAULT '0',
  `created_at` timestamp NULL DEFAULT NULL,
  `updated_at` timestamp NULL DEFAULT NULL
) ENGINE=InnoDB DEFAULT CHARSET=utf8mb4 COLLATE=utf8mb4_unicode_ci;

-- --------------------------------------------------------

--
-- Structure de la table `soldes`
--

CREATE TABLE `soldes` (
  `id` bigint UNSIGNED NOT NULL,
  `code` varchar(255) COLLATE utf8mb4_unicode_ci DEFAULT NULL,
  `nom` varchar(255) COLLATE utf8mb4_unicode_ci DEFAULT NULL,
  `reduction` decimal(5,2) NOT NULL,
  `type_solde` enum('pourcentage','montant') COLLATE utf8mb4_unicode_ci NOT NULL,
  `date_debut` datetime DEFAULT NULL,
  `date_fin` datetime DEFAULT NULL,
  `category_id` int DEFAULT NULL,
  `product_id` int DEFAULT NULL,
  `user_id` int DEFAULT NULL,
  `active` int NOT NULL DEFAULT '0',
  `created_at` timestamp NULL DEFAULT NULL,
  `updated_at` timestamp NULL DEFAULT NULL
) ENGINE=InnoDB DEFAULT CHARSET=utf8mb4 COLLATE=utf8mb4_unicode_ci;

-- --------------------------------------------------------

--
-- Structure de la table `themes`
--

CREATE TABLE `themes` (
  `id` bigint UNSIGNED NOT NULL,
  `code` varchar(255) COLLATE utf8mb4_unicode_ci DEFAULT NULL,
  `libelle` varchar(255) COLLATE utf8mb4_unicode_ci DEFAULT NULL,
  `user_id` int DEFAULT NULL,
  `active` int NOT NULL DEFAULT '0',
  `created_at` timestamp NULL DEFAULT NULL,
  `updated_at` timestamp NULL DEFAULT NULL
) ENGINE=InnoDB DEFAULT CHARSET=utf8mb4 COLLATE=utf8mb4_unicode_ci;

--
-- Déchargement des données de la table `themes`
--

INSERT INTO `themes` (`id`, `code`, `libelle`, `user_id`, `active`, `created_at`, `updated_at`) VALUES
(1, 'DWM1', 'Développement Web et Mobile', 1, 1, '2024-07-26 16:05:50', '2024-07-26 16:05:50'),
(2, 'MDG1', 'Marketing Digital', 1, 0, '2024-07-26 16:06:17', '2024-07-26 16:07:33'),
(3, 'SBE1', 'Santé & Bien-être', 1, 1, '2024-07-26 16:06:42', '2024-07-26 16:07:59'),
(4, 'TIC1', 'Technologie et Innovation', 1, 1, '2024-07-26 16:07:01', '2024-07-26 16:07:01'),
(5, 'VET1', 'Voyage et Tourisme', 1, 1, '2024-07-26 16:07:17', '2024-07-26 16:07:17');

-- --------------------------------------------------------

--
-- Structure de la table `type_devis`
--

CREATE TABLE `type_devis` (
  `id` bigint UNSIGNED NOT NULL,
  `code` varchar(255) COLLATE utf8mb4_unicode_ci DEFAULT NULL,
  `libelle` varchar(255) COLLATE utf8mb4_unicode_ci DEFAULT NULL,
  `description` mediumtext COLLATE utf8mb4_unicode_ci,
  `user_id` int DEFAULT NULL,
  `active` int NOT NULL DEFAULT '0',
  `created_at` timestamp NULL DEFAULT NULL,
  `updated_at` timestamp NULL DEFAULT NULL
) ENGINE=InnoDB DEFAULT CHARSET=utf8mb4 COLLATE=utf8mb4_unicode_ci;

--
-- Déchargement des données de la table `type_devis`
--

INSERT INTO `type_devis` (`id`, `code`, `libelle`, `description`, `user_id`, `active`, `created_at`, `updated_at`) VALUES
(1, '2024-0394', 'Devis de Vente', '<ul>\r\n<li>Utilisé pour proposer des produits ou services à un client potentiel.</li>\r\n<li>Inclut les détails des produits ou services, les quantités, les prix unitaires, les taxes, et le montant total.</li>\r\n</ul>', 1, 1, '2024-08-01 14:29:52', '2024-08-01 14:29:52'),
(2, '2024-0390', 'Devis d\'Achat', '<ul>\r\n<li>Utilisé pour demander des produits ou services à un fournisseur.</li>\r\n<li>Inclut les détails des produits ou services demandés, les quantités, les prix unitaires, les taxes, et le montant total.</li>\r\n</ul>', 1, 1, '2024-08-01 14:30:28', '2024-08-01 14:30:28'),
(3, '2024-0392', 'Devis de Projet', '<ul>\r\n<li>Utilisé pour proposer un projet complet, incluant les coûts de main-d\'œuvre, de matériaux, et autres dépenses.</li>\r\n<li>Inclut les détails du projet, les coûts estimés, et le montant total.</li>\r\n</ul>', 1, 1, '2024-08-01 14:30:56', '2024-08-01 14:30:56'),
(4, '2024-0391', 'Devis de Maintenance', '<ul>\r\n<li>Utilisé pour proposer des services de maintenance ou de réparation.</li>\r\n<li>Inclut les détails des services de maintenance, les coûts estimés, et le montant total.</li>\r\n</ul>', 1, 1, '2024-08-01 14:31:58', '2024-08-01 14:31:58'),
(5, '2024-1394', 'Devis de Consultation', '<ul>\r\n<li>Utilisé pour proposer des services de consultation ou de conseil.</li>\r\n<li>Inclut les détails des services de consultation, les coûts estimés, et le montant total.</li>\r\n</ul>', 1, 1, '2024-08-01 14:32:16', '2024-08-01 14:32:16'),
(6, '2024-0294', 'Devis de Location', '<ul>\r\n<li>Utilisé pour proposer la location de biens ou de services.</li>\r\n<li>Inclut les détails des biens ou services loués, la durée de la location, les coûts estimés, et le montant total.</li>\r\n</ul>', 1, 1, '2024-08-01 14:32:39', '2024-08-01 14:32:39'),
(7, '2024-0334', 'Devis de Formation', '<ul>\r\n<li>Utilisé pour proposer des services de formation ou d\'éducation.</li>\r\n<li>Inclut les détails des services de formation, les coûts estimés, et le montant total.</li>\r\n</ul>', 1, 1, '2024-08-01 14:33:08', '2024-08-01 14:33:08'),
(8, '2024-0354', 'Devis de Proforma', '<ul>\r\n<li>Utilisé comme une facture provisoire ou une estimation avant la confirmation de la vente.</li>\r\n<li>Ne constitue pas une facture légale mais sert de devis ou de confirmation de commande.</li>\r\n</ul>', 1, 1, '2024-08-01 14:33:32', '2024-08-01 14:33:32');

-- --------------------------------------------------------

--
-- Structure de la table `type_factures`
--

CREATE TABLE `type_factures` (
  `id` bigint UNSIGNED NOT NULL,
  `code` varchar(255) COLLATE utf8mb4_unicode_ci DEFAULT NULL,
  `libelle` varchar(255) COLLATE utf8mb4_unicode_ci DEFAULT NULL,
  `description` mediumtext COLLATE utf8mb4_unicode_ci,
  `user_id` int DEFAULT NULL,
  `active` int NOT NULL DEFAULT '0',
  `created_at` timestamp NULL DEFAULT NULL,
  `updated_at` timestamp NULL DEFAULT NULL
) ENGINE=InnoDB DEFAULT CHARSET=utf8mb4 COLLATE=utf8mb4_unicode_ci;

--
-- Déchargement des données de la table `type_factures`
--

INSERT INTO `type_factures` (`id`, `code`, `libelle`, `description`, `user_id`, `active`, `created_at`, `updated_at`) VALUES
(1, 'FDV', 'Facture de Vente', '<ul>\r\n<li>Utilisée pour enregistrer les ventes de produits ou services.</li>\r\n<li>Inclut les détails des produits ou services vendus, les quantités, les prix unitaires, les taxes, et le montant total.</li>\r\n</ul>', 1, 0, '2024-07-29 10:37:56', '2024-07-29 10:42:44'),
(2, 'FDA', 'Facture d\'achat', '<ul>\r\n<li>Utilisée pour enregistrer les achats de produits ou services.</li>\r\n<li>Inclut les détails des produits ou services achetés, les quantités, les prix unitaires, les taxes, et le montant total.</li>\r\n</ul>', 1, 1, '2024-07-29 10:38:20', '2024-07-29 10:42:56'),
(3, 'FPR', 'Facture Proforma', '<ul>\r\n<li>Utilisée comme une facture provisoire ou une estimation avant la confirmation de la vente.</li>\r\n<li>Ne constitue pas une facture légale mais sert de devis ou de confirmation de commande.</li>\r\n</ul>', 1, 1, '2024-07-29 10:38:43', '2024-07-29 10:38:43'),
(4, 'FDC', 'Facture de Crédit', '<ul>\r\n<li>Utilisée pour enregistrer les retours de produits ou les annulations de services.</li>\r\n<li>Inclut les détails des produits ou services retournés, les quantités, les prix unitaires, les taxes, et le montant total crédité.</li>\r\n</ul>', 1, 1, '2024-07-29 10:39:06', '2024-07-29 10:39:06'),
(5, 'FDD', 'Facture de Débit', '<ul>\r\n<li>Utilisée pour enregistrer les frais supplémentaires ou les ajustements de prix.</li>\r\n<li>Inclut les détails des frais supplémentaires, les quantités, les prix unitaires, les taxes, et le montant total débité.</li>\r\n</ul>', 1, 1, '2024-07-29 10:39:35', '2024-07-29 10:39:35'),
(6, 'FDL', 'Facture de Location', '<ul>\r\n<li>Utilisée pour enregistrer les locations de biens ou de services.</li>\r\n<li>Inclut les détails des biens ou services loués, la durée de la location, les prix unitaires, les taxes, et le montant total.</li>\r\n</ul>', 1, 1, '2024-07-29 10:39:55', '2024-07-29 10:39:55');

-- --------------------------------------------------------

--
-- Structure de la table `villes`
--

CREATE TABLE `villes` (
  `id` bigint UNSIGNED NOT NULL,
  `province_id` int DEFAULT NULL,
  `code` varchar(255) COLLATE utf8mb4_unicode_ci DEFAULT NULL,
  `libelle` varchar(255) COLLATE utf8mb4_unicode_ci DEFAULT NULL,
  `user_id` int DEFAULT NULL,
  `active` int NOT NULL DEFAULT '0',
  `created_at` timestamp NULL DEFAULT NULL,
  `updated_at` timestamp NULL DEFAULT NULL
) ENGINE=InnoDB DEFAULT CHARSET=utf8mb4 COLLATE=utf8mb4_unicode_ci;

--
-- Déchargement des données de la table `villes`
--

INSERT INTO `villes` (`id`, `province_id`, `code`, `libelle`, `user_id`, `active`, `created_at`, `updated_at`) VALUES
(1, 1, 'LBV', 'Libreville', 1, 1, '2024-07-26 11:09:51', '2024-07-26 11:09:51'),
(2, 1, 'AKD', 'Akanda', 1, 1, '2024-07-26 11:10:42', '2024-07-26 11:10:42'),
(3, 1, 'OWD', 'Owendo', 1, 0, '2024-07-26 11:11:00', '2024-07-26 11:11:48'),
(4, 1, 'NTM', 'Ntum', 1, 1, '2024-07-26 11:11:16', '2024-07-26 11:11:16'),
(5, 4, 'DLA', 'Douala', 1, 1, '2024-07-26 11:11:34', '2024-07-26 11:11:34'),
(6, 4, 'EDA', 'Edea', 1, 0, '2024-07-26 11:13:04', '2024-07-26 11:13:04');

--
-- Index pour les tables déchargées
--

--
-- Index pour la table `abonnements`
--
ALTER TABLE `abonnements`
  ADD PRIMARY KEY (`id`);

--
-- Index pour la table `adresses`
--
ALTER TABLE `adresses`
  ADD PRIMARY KEY (`id`);

--
-- Index pour la table `alertes`
--
ALTER TABLE `alertes`
  ADD PRIMARY KEY (`id`);

--
-- Index pour la table `articles`
--
ALTER TABLE `articles`
  ADD PRIMARY KEY (`id`);

--
-- Index pour la table `cart_items`
--
ALTER TABLE `cart_items`
  ADD PRIMARY KEY (`id`),
  ADD KEY `cart_items_cart_id_foreign` (`cart_id`),
  ADD KEY `cart_items_product_id_foreign` (`product_id`);

--
-- Index pour la table `categories`
--
ALTER TABLE `categories`
  ADD PRIMARY KEY (`id`);

--
-- Index pour la table `commentaires`
--
ALTER TABLE `commentaires`
  ADD PRIMARY KEY (`id`);

--
-- Index pour la table `competences`
--
ALTER TABLE `competences`
  ADD PRIMARY KEY (`id`);

--
-- Index pour la table `conversations`
--
ALTER TABLE `conversations`
  ADD PRIMARY KEY (`id`),
  ADD KEY `conversations_user1_id_foreign` (`user1_id`),
  ADD KEY `conversations_user2_id_foreign` (`user2_id`);

--
-- Index pour la table `demandes`
--
ALTER TABLE `demandes`
  ADD PRIMARY KEY (`id`);

--
-- Index pour la table `devis`
--
ALTER TABLE `devis`
  ADD PRIMARY KEY (`id`);

--
-- Index pour la table `devis_items`
--
ALTER TABLE `devis_items`
  ADD PRIMARY KEY (`id`);

--
-- Index pour la table `factures`
--
ALTER TABLE `factures`
  ADD PRIMARY KEY (`id`);

--
-- Index pour la table `facture_items`
--
ALTER TABLE `facture_items`
  ADD PRIMARY KEY (`id`);

--
-- Index pour la table `failed_jobs`
--
ALTER TABLE `failed_jobs`
  ADD PRIMARY KEY (`id`),
  ADD UNIQUE KEY `failed_jobs_uuid_unique` (`uuid`);

--
-- Index pour la table `forfaits`
--
ALTER TABLE `forfaits`
  ADD PRIMARY KEY (`id`);

--
-- Index pour la table `messages`
--
ALTER TABLE `messages`
  ADD PRIMARY KEY (`id`),
  ADD KEY `messages_conversation_id_foreign` (`conversation_id`),
  ADD KEY `messages_sender_id_foreign` (`sender_id`);

--
-- Index pour la table `migrations`
--
ALTER TABLE `migrations`
  ADD PRIMARY KEY (`id`);

--
-- Index pour la table `modes`
--
ALTER TABLE `modes`
  ADD PRIMARY KEY (`id`);

--
-- Index pour la table `option_forfaits`
--
ALTER TABLE `option_forfaits`
  ADD PRIMARY KEY (`id`);

--
-- Index pour la table `orders`
--
ALTER TABLE `orders`
  ADD PRIMARY KEY (`id`),
  ADD KEY `orders_user_id_foreign` (`user_id`);

--
-- Index pour la table `order_items`
--
ALTER TABLE `order_items`
  ADD PRIMARY KEY (`id`),
  ADD KEY `order_items_order_id_foreign` (`order_id`),
  ADD KEY `order_items_product_id_foreign` (`product_id`);

--
-- Index pour la table `paiements`
--
ALTER TABLE `paiements`
  ADD PRIMARY KEY (`id`);

--
-- Index pour la table `pays`
--
ALTER TABLE `pays`
  ADD PRIMARY KEY (`id`);

--
-- Index pour la table `photos`
--
ALTER TABLE `photos`
  ADD PRIMARY KEY (`id`);

--
-- Index pour la table `portfolios`
--
ALTER TABLE `portfolios`
  ADD PRIMARY KEY (`id`);

--
-- Index pour la table `portfolio_images`
--
ALTER TABLE `portfolio_images`
  ADD PRIMARY KEY (`id`);

--
-- Index pour la table `prestations`
--
ALTER TABLE `prestations`
  ADD PRIMARY KEY (`id`);

--
-- Index pour la table `products`
--
ALTER TABLE `products`
  ADD PRIMARY KEY (`id`),
  ADD KEY `products_category_id_foreign` (`category_id`);

--
-- Index pour la table `profiles`
--
ALTER TABLE `profiles`
  ADD PRIMARY KEY (`id`);

--
-- Index pour la table `promotions`
--
ALTER TABLE `promotions`
  ADD PRIMARY KEY (`id`);

--
-- Index pour la table `provinces`
--
ALTER TABLE `provinces`
  ADD PRIMARY KEY (`id`);

--
-- Index pour la table `requetes`
--
ALTER TABLE `requetes`
  ADD PRIMARY KEY (`id`);

--
-- Index pour la table `reviews`
--
ALTER TABLE `reviews`
  ADD PRIMARY KEY (`id`);

--
-- Index pour la table `secteurs`
--
ALTER TABLE `secteurs`
  ADD PRIMARY KEY (`id`);

--
-- Index pour la table `services`
--
ALTER TABLE `services`
  ADD PRIMARY KEY (`id`);

--
-- Index pour la table `skills`
--
ALTER TABLE `skills`
  ADD PRIMARY KEY (`id`);

--
-- Index pour la table `soldes`
--
ALTER TABLE `soldes`
  ADD PRIMARY KEY (`id`);

--
-- Index pour la table `themes`
--
ALTER TABLE `themes`
  ADD PRIMARY KEY (`id`);

--
-- Index pour la table `type_devis`
--
ALTER TABLE `type_devis`
  ADD PRIMARY KEY (`id`);

--
-- Index pour la table `type_factures`
--
ALTER TABLE `type_factures`
  ADD PRIMARY KEY (`id`);

--
-- Index pour la table `villes`
--
ALTER TABLE `villes`
  ADD PRIMARY KEY (`id`);

--
-- AUTO_INCREMENT pour les tables déchargées
--

--
-- AUTO_INCREMENT pour la table `abonnements`
--
ALTER TABLE `abonnements`
  MODIFY `id` bigint UNSIGNED NOT NULL AUTO_INCREMENT;

--
-- AUTO_INCREMENT pour la table `adresses`
--
ALTER TABLE `adresses`
  MODIFY `id` bigint UNSIGNED NOT NULL AUTO_INCREMENT;

--
-- AUTO_INCREMENT pour la table `alertes`
--
ALTER TABLE `alertes`
  MODIFY `id` bigint UNSIGNED NOT NULL AUTO_INCREMENT;

--
-- AUTO_INCREMENT pour la table `articles`
--
ALTER TABLE `articles`
  MODIFY `id` bigint UNSIGNED NOT NULL AUTO_INCREMENT, AUTO_INCREMENT=8;

--
-- AUTO_INCREMENT pour la table `cart_items`
--
ALTER TABLE `cart_items`
  MODIFY `id` bigint UNSIGNED NOT NULL AUTO_INCREMENT, AUTO_INCREMENT=47;

--
-- AUTO_INCREMENT pour la table `categories`
--
ALTER TABLE `categories`
  MODIFY `id` bigint UNSIGNED NOT NULL AUTO_INCREMENT, AUTO_INCREMENT=8;

--
-- AUTO_INCREMENT pour la table `commentaires`
--
ALTER TABLE `commentaires`
  MODIFY `id` bigint UNSIGNED NOT NULL AUTO_INCREMENT, AUTO_INCREMENT=4;

--
-- AUTO_INCREMENT pour la table `competences`
--
ALTER TABLE `competences`
  MODIFY `id` bigint UNSIGNED NOT NULL AUTO_INCREMENT, AUTO_INCREMENT=6;

--
-- AUTO_INCREMENT pour la table `conversations`
--
ALTER TABLE `conversations`
  MODIFY `id` bigint UNSIGNED NOT NULL AUTO_INCREMENT, AUTO_INCREMENT=16;

--
-- AUTO_INCREMENT pour la table `demandes`
--
ALTER TABLE `demandes`
  MODIFY `id` bigint UNSIGNED NOT NULL AUTO_INCREMENT, AUTO_INCREMENT=2;

--
-- AUTO_INCREMENT pour la table `devis`
--
ALTER TABLE `devis`
  MODIFY `id` bigint UNSIGNED NOT NULL AUTO_INCREMENT, AUTO_INCREMENT=4;

--
-- AUTO_INCREMENT pour la table `devis_items`
--
ALTER TABLE `devis_items`
  MODIFY `id` bigint UNSIGNED NOT NULL AUTO_INCREMENT, AUTO_INCREMENT=4;

--
-- AUTO_INCREMENT pour la table `factures`
--
ALTER TABLE `factures`
  MODIFY `id` bigint UNSIGNED NOT NULL AUTO_INCREMENT;

--
-- AUTO_INCREMENT pour la table `facture_items`
--
ALTER TABLE `facture_items`
  MODIFY `id` bigint UNSIGNED NOT NULL AUTO_INCREMENT;

--
-- AUTO_INCREMENT pour la table `failed_jobs`
--
ALTER TABLE `failed_jobs`
  MODIFY `id` bigint UNSIGNED NOT NULL AUTO_INCREMENT;

--
-- AUTO_INCREMENT pour la table `forfaits`
--
ALTER TABLE `forfaits`
  MODIFY `id` bigint UNSIGNED NOT NULL AUTO_INCREMENT, AUTO_INCREMENT=5;

--
-- AUTO_INCREMENT pour la table `messages`
--
ALTER TABLE `messages`
  MODIFY `id` bigint UNSIGNED NOT NULL AUTO_INCREMENT, AUTO_INCREMENT=52;

--
-- AUTO_INCREMENT pour la table `migrations`
--
ALTER TABLE `migrations`
  MODIFY `id` int UNSIGNED NOT NULL AUTO_INCREMENT, AUTO_INCREMENT=59;

--
-- AUTO_INCREMENT pour la table `modes`
--
ALTER TABLE `modes`
  MODIFY `id` bigint UNSIGNED NOT NULL AUTO_INCREMENT, AUTO_INCREMENT=3;

--
-- AUTO_INCREMENT pour la table `option_forfaits`
--
ALTER TABLE `option_forfaits`
  MODIFY `id` bigint UNSIGNED NOT NULL AUTO_INCREMENT, AUTO_INCREMENT=5;

--
-- AUTO_INCREMENT pour la table `orders`
--
ALTER TABLE `orders`
  MODIFY `id` bigint UNSIGNED NOT NULL AUTO_INCREMENT, AUTO_INCREMENT=22;

--
-- AUTO_INCREMENT pour la table `order_items`
--
ALTER TABLE `order_items`
  MODIFY `id` bigint UNSIGNED NOT NULL AUTO_INCREMENT, AUTO_INCREMENT=61;

--
-- AUTO_INCREMENT pour la table `paiements`
--
ALTER TABLE `paiements`
  MODIFY `id` bigint UNSIGNED NOT NULL AUTO_INCREMENT, AUTO_INCREMENT=19;

--
-- AUTO_INCREMENT pour la table `pays`
--
ALTER TABLE `pays`
  MODIFY `id` bigint UNSIGNED NOT NULL AUTO_INCREMENT, AUTO_INCREMENT=15;

--
-- AUTO_INCREMENT pour la table `photos`
--
ALTER TABLE `photos`
  MODIFY `id` bigint UNSIGNED NOT NULL AUTO_INCREMENT;

--
-- AUTO_INCREMENT pour la table `portfolios`
--
ALTER TABLE `portfolios`
  MODIFY `id` bigint UNSIGNED NOT NULL AUTO_INCREMENT, AUTO_INCREMENT=2;

--
-- AUTO_INCREMENT pour la table `portfolio_images`
--
ALTER TABLE `portfolio_images`
  MODIFY `id` bigint UNSIGNED NOT NULL AUTO_INCREMENT, AUTO_INCREMENT=3;

--
-- AUTO_INCREMENT pour la table `prestations`
--
ALTER TABLE `prestations`
  MODIFY `id` bigint UNSIGNED NOT NULL AUTO_INCREMENT, AUTO_INCREMENT=9;

--
-- AUTO_INCREMENT pour la table `products`
--
ALTER TABLE `products`
  MODIFY `id` bigint UNSIGNED NOT NULL AUTO_INCREMENT, AUTO_INCREMENT=10;

--
-- AUTO_INCREMENT pour la table `profiles`
--
ALTER TABLE `profiles`
  MODIFY `id` bigint UNSIGNED NOT NULL AUTO_INCREMENT, AUTO_INCREMENT=6;

--
-- AUTO_INCREMENT pour la table `promotions`
--
ALTER TABLE `promotions`
  MODIFY `id` bigint UNSIGNED NOT NULL AUTO_INCREMENT;

--
-- AUTO_INCREMENT pour la table `provinces`
--
ALTER TABLE `provinces`
  MODIFY `id` bigint UNSIGNED NOT NULL AUTO_INCREMENT, AUTO_INCREMENT=7;

--
-- AUTO_INCREMENT pour la table `requetes`
--
ALTER TABLE `requetes`
  MODIFY `id` bigint UNSIGNED NOT NULL AUTO_INCREMENT, AUTO_INCREMENT=2;

--
-- AUTO_INCREMENT pour la table `reviews`
--
ALTER TABLE `reviews`
  MODIFY `id` bigint UNSIGNED NOT NULL AUTO_INCREMENT, AUTO_INCREMENT=7;

--
-- AUTO_INCREMENT pour la table `secteurs`
--
ALTER TABLE `secteurs`
  MODIFY `id` bigint UNSIGNED NOT NULL AUTO_INCREMENT, AUTO_INCREMENT=20;

--
-- AUTO_INCREMENT pour la table `services`
--
ALTER TABLE `services`
  MODIFY `id` bigint UNSIGNED NOT NULL AUTO_INCREMENT, AUTO_INCREMENT=10;

--
-- AUTO_INCREMENT pour la table `skills`
--
ALTER TABLE `skills`
  MODIFY `id` bigint UNSIGNED NOT NULL AUTO_INCREMENT;

--
-- AUTO_INCREMENT pour la table `soldes`
--
ALTER TABLE `soldes`
  MODIFY `id` bigint UNSIGNED NOT NULL AUTO_INCREMENT;

--
-- AUTO_INCREMENT pour la table `themes`
--
ALTER TABLE `themes`
  MODIFY `id` bigint UNSIGNED NOT NULL AUTO_INCREMENT, AUTO_INCREMENT=6;

--
-- AUTO_INCREMENT pour la table `type_devis`
--
ALTER TABLE `type_devis`
  MODIFY `id` bigint UNSIGNED NOT NULL AUTO_INCREMENT, AUTO_INCREMENT=9;

--
-- AUTO_INCREMENT pour la table `type_factures`
--
ALTER TABLE `type_factures`
  MODIFY `id` bigint UNSIGNED NOT NULL AUTO_INCREMENT, AUTO_INCREMENT=7;

--
-- AUTO_INCREMENT pour la table `villes`
--
ALTER TABLE `villes`
  MODIFY `id` bigint UNSIGNED NOT NULL AUTO_INCREMENT, AUTO_INCREMENT=7;

--
-- Contraintes pour la table `cart_items`
--
ALTER TABLE `cart_items`
  ADD CONSTRAINT `cart_items_cart_id_foreign` FOREIGN KEY (`cart_id`) REFERENCES `carts` (`id`) ON DELETE CASCADE,
  ADD CONSTRAINT `cart_items_product_id_foreign` FOREIGN KEY (`product_id`) REFERENCES `products` (`id`) ON DELETE CASCADE;

--
-- Contraintes pour la table `conversations`
--
ALTER TABLE `conversations`
  ADD CONSTRAINT `conversations_user1_id_foreign` FOREIGN KEY (`user1_id`) REFERENCES `users` (`id`) ON DELETE CASCADE,
  ADD CONSTRAINT `conversations_user2_id_foreign` FOREIGN KEY (`user2_id`) REFERENCES `users` (`id`) ON DELETE CASCADE;

--
-- Contraintes pour la table `messages`
--
ALTER TABLE `messages`
  ADD CONSTRAINT `messages_conversation_id_foreign` FOREIGN KEY (`conversation_id`) REFERENCES `conversations` (`id`) ON DELETE CASCADE,
  ADD CONSTRAINT `messages_sender_id_foreign` FOREIGN KEY (`sender_id`) REFERENCES `users` (`id`) ON DELETE CASCADE;

--
-- Contraintes pour la table `orders`
--
ALTER TABLE `orders`
  ADD CONSTRAINT `orders_user_id_foreign` FOREIGN KEY (`user_id`) REFERENCES `users` (`id`) ON DELETE CASCADE;

--
-- Contraintes pour la table `order_items`
--
ALTER TABLE `order_items`
  ADD CONSTRAINT `order_items_order_id_foreign` FOREIGN KEY (`order_id`) REFERENCES `orders` (`id`) ON DELETE CASCADE,
  ADD CONSTRAINT `order_items_product_id_foreign` FOREIGN KEY (`product_id`) REFERENCES `products` (`id`) ON DELETE CASCADE;

--
-- Contraintes pour la table `products`
--
ALTER TABLE `products`
  ADD CONSTRAINT `products_category_id_foreign` FOREIGN KEY (`category_id`) REFERENCES `categories` (`id`) ON DELETE CASCADE;
COMMIT;

